{"text_format":"1","workbook":"xlsx","n_sheets":15,"sheets":["Growth model","Inputs","300 Index","Lists","Starting tree list","Harvest summary","Felled stems","Harvested logs","C Change","Batch runs","LP1OUT","LP2OUT","INPUT","Nitrogen","Phosphorus"],"not_rendered":{"charts":0,"images":1,"macros":1,"external_links":0,"defined_names":4,"comments":8,"pivot_tables":0},"unopened":[],"bounds":{"document_bytes":16777216,"sheet_cells":100000,"rows_first":2000,"rows_last":500,"rows_between":2000,"halvings":0,"cell_chars":16384,"cell_head_chars":4096},"cells_cut":0,"cells_raw":0,"read":"whole","date_system":"1900"}

{"sheet":"Growth model","index":0,"n_rows":106,"n_cols":53,"rows_kept":106,"cut":false,"hidden":false,"merged":[[39,2,39,3],[40,2,40,3],[1,4,1,6],[1,2,1,3],[3,28,4,28],[2,24,2,28],[3,24,4,24],[3,27,4,27],[2,9,2,18],[3,9,4,9],[3,10,4,10],[3,19,4,19],[3,20,4,20],[3,18,4,18],[3,21,4,21],[3,26,4,26],[43,1,44,1],[1,1,5,1],[3,23,4,23],[7,1,12,1],[24,1,27,1],[3,22,4,22],[2,19,2,23],[3,11,4,11],[3,12,4,12],[3,13,4,13],[3,15,4,15],[3,16,4,16],[3,14,4,14],[2,2,2,3],[3,2,3,3],[4,2,4,3],[3,25,4,25],[3,17,4,17],[19,4,19,6],[5,2,5,3],[7,2,7,3],[10,2,10,3],[8,2,8,3],[9,2,9,3],[14,2,14,3],[15,2,15,3],[16,2,16,3],[17,2,17,3],[11,2,11,3],[12,2,12,3],[19,1,19,2],[14,1,17,1],[21,1,21,2],[22,1,22,2],[35,2,35,3],[36,2,36,3],[37,2,37,3],[26,2,26,3],[27,2,27,3],[20,1,20,2],[43,2,43,3],[44,2,44,3],[28,2,28,3],[29,2,29,3],[30,2,30,3],[32,2,32,3],[33,2,33,3],[34,2,34,3],[31,2,31,3],[38,2,38,3],[41,2,41,3],[42,2,42,3],[28,1,42,1],[24,2,24,3],[25,2,25,3]]}
[null,"Multi-species Carbon Calculator, Version 1.0",null,null,null,null,null,null,null,"Predicts annual growth metrics in even-aged, single-species, forest plantations grown in New Zealand"]
[null,"Stand information","Species",null,"Coast redwood",null,null,null,null,"Developed for Scion by Mark Kimberley & Mike Watt, November 2023"]
[null,null,"300-index",null,28.3,null,null,null,null,"Growth model predictions",null,null,null,null,null,null,null,null,null,"Carbon 1st rotation (tCO2/ha)",null,null,null,null,"Carbon 2nd rotation (tCO2/ha)"]
[null,null,"Site index (m)",null,31.9,null,null,null,null,"Age (years)","Stocking (stem/ha)","BA (m2/ha)","DBH (cm)","Stem Vol. (m3/ha)","Harvest vol. (m3/ha)","MTH      (m)","Mean height (m)","Wood dens. (kg/m3)","Crown height (m)","Total","Above ground","Below ground","Dead wood","Litter","Total","Above ground","Below ground","Dead wood","Litter"]
[null,null,"Post-establishment stocking (stems/ha)",null,1000,null,null,null,null,null,null,null,null,null,null,null,null,null,null,null,"(tCO2/ha)","(tCO2/ha)","(tCO2/ha)","(tCO2/ha)",null,"(tCO2/ha)","(tCO2/ha)","(tCO2/ha)","(tCO2/ha)"]
[null,null,"Rotation length (years)",null,100,null,null,null,null,0,1000,0,0,6.3999999999999994E-3,0,0.3,0.25887295341534411,339,0,5.1864663340800005E-3,4.216639296E-3,9.6982703808000002E-4,0,0,1978.4644177019873,4.216639296E-3,9.6982703808000002E-4,1978.4592312356533,0]
[null,null,null,null,null,null,null,null,null,1,998.33,0,0,5.1873109005351817E-2,0,0.35660289445641474,0.30771804667897562,339,0,4.2037208359424892E-2,3.4176592162134062E-2,7.8606161972908338E-3,0,0,1889.1572228327805,3.4176592162134062E-2,7.8606161972908338E-3,1889.115185624421,0]
[null,"Thinning schedule",null,null,"Thin 1","Thin 2","Thin 3","Thin 4",null,2,996.66278890000012,0,0,0.30143965059599132,0,0.80447139668190593,0.69419489075088281,339,0,0.244282281183273,0.19860348063680733,4.5678800546465684E-2,0,0,1804.0500560943296,0.19860348063680733,4.5678800546465684E-2,1803.8057738131463,0]
[null,null,"Waste/production thin",null,null,1,1,1,null,3,994.99836204253722,0,0,0.88667131854546266,0,1.657716504486026,1.4304865983935524,339,0,0.71854545984849461,0.58418330068983304,0.13436215915866162,0,0,1723.0673436704631,0.58418330068983304,0.13436215915866162,1722.3487982106146,0]
[null,null,null,null,null,null,null,null,null,4,993.3367147779262,0.13810977231588475,1.3305126870058133,1.9172709711894818,0,2.7692383703380528,2.3896627980121341,339,0,2.1454208667609524,1.7396108521269154,0.40458631453958638,1.223700094450719E-3,0,1646.7157098433624,1.7396108521269154,0.40458631453958638,1644.5715126766959,0]
[null,null,"Age at thinning (years)","Age at thinning (years)",9,null,null,null,null,5,991.67784245734913,1.6052841842754895,4.5398940534049412,3.4911014345912674,0,4.0288094406643236,3.4766084552403598,339,0,5.4489639171056119,4.4040880761642516,1.0411458146453469,3.7300262960135765E-3,0,1575.7530963869408,4.4040880761642516,1.0411458146453469,1570.3078624961311,0]
[null,null,"Stocking after thinning (stems/ha)","Stocking after thinning (stems/ha)",500,null,null,null,null,6,990.02173285697563,5.2781563615756903,8.2389870652218029,12.636113067487784,0,5.3668232736963652,4.6312598431939591,339,0,18.260433467593227,14.76940654640101,3.4799840126815873,1.1042908510628582E-2,0,1517.6521499422461,14.76940654640101,3.4799840126815873,1499.4027593831634,0]
[null,null,"Thinning coefficient","Thinning coefficient",null,null,null,null,null,7,988.36816926604718,11.091437996669168,11.953349338595453,29.623939169251926,0,6.7401947875039578,5.816438279741841,339,0,40.596397494493907,32.846194234064527,7.7203189500074165,2.9884310421959749E-2,0,1472.2779889431436,32.846194234064527,7.7203189500074165,1431.7114757590716,0]
[null,null,null,null,null,null,null,null,null,8,986.71570328346115,18.635635153892846,15.507119691735461,55.329959065270131,0,8.122125065640013,7.0090183787528684,339,0,72.913786969083105,59.004337913349993,13.842374950627807,6.7074105105311463E-2,0,1439.9429340369293,59.004337913349993,13.842374950627807,1367.0962211729516,0]
[null,"Pruning schedule",null,null,"Lift 1","Lift 2","Lift 3","Lift 4",null,9,500,16.169237399109459,20.291531467436524,52.942224313496872,0,9.4958497865942828,8.2977702988556103,339,0,104.32816481263674,54.656742132792424,12.801431632858872,36.869991046985454,0,1409.624468191188,54.656742132792424,12.801431632858872,1342.1662944255365,0]
[null,null,"Age at pruning (years)","Age at thinning (years)",null,null,null,null,null,10,499.16326070725484,21.639546793349222,23.494047001980473,77.463989420459669,0,10.850893437340687,9.4824970350192181,339,0,131.69090757789826,78.146369596781327,18.281113295218422,35.263424685898521,0,1378.0421234742118,78.146369596781327,18.281113295218422,1281.6146405822119,0]
[null,null,"Number of stems pruned (stems/ha)","Stocking after thinning (stems/ha)",null,null,null,null,null,11,498.32567057564086,27.454755956278092,26.485441890185097,106.57734864490297,0,12.180795051480684,10.645417065075909,339,0,163.93455890884664,105.52084442822543,24.66041839248652,33.753296088134675,0,1354.0025529309803,105.52084442822543,24.66041839248652,1223.8212901102684,0]
[null,null,"Pruned height (m)","Thinning coefficient",null,null,null,null,null,12,497.48561844996465,33.486742641255013,29.275292724912457,139.93588814708539,0,13.481698136829946,11.783158333292873,339,0.33145307837066795,200.61867064003036,136.42344165375212,31.855812900486381,32.339416085791861,0,1336.9451028145763,136.42344165375212,31.855812900486381,1168.665848260338,0]
[null,null,null,null,null,null,null,null,null,13,496.64101527549923,39.633913186525632,31.876251497775737,177.14015810666203,0,14.751457307852505,12.893844573216141,339,1.1895133062758561,241.27214852743197,170.47234604983836,39.778240002477702,31.021562475115903,0,1326.2839015907766,170.47234604983836,39.778240002477702,1116.0333155384606,0]
[null,"   Site productivity index options:",null,null,"DBH distribution options:",null,null,null,null,14,495.78935072256559,45.817774243762862,34.302317013550017,217.77402218784198,0,15.989060861943303,13.976591212361184,339,2.0256971993513808,285.42533843367659,207.2866979533334,48.339083987184239,29.799556493158939,0,1321.4397009903334,207.2866979533334,48.339083987184239,1065.8139190498157,0]
[null,null,null,null,null,null,null,null,null,15,494.92777623137198,51.979533966310477,36.567926560622226,261.4309522249311,0,17.194250937411045,15.031173722068552,339,2.8398011899218538,332.63323688038162,246.50540714404815,57.454476860702769,28.673352875630744,0,1321.8628524982075,246.50540714404815,57.454476860702769,1017.9029684934566,0]
[null,null,null,null,1,null,null,null,null,16,494.05319750258508,58.076818008493817,38.687405803258017,307.73140434007371,0,18.367269860867488,16.057806088247148,339,3.6319611262205953,382.49013261732023,287.79900455552024,67.048001285056216,27.643126776743809,0,1327.0477254295297,287.79900455552024,67.048001285056216,972.20071958895335,0]
[null,null,null,null,null,null,null,null,null,17,493.16236327535552,64.080547377982001,40.674591803306129,356.33258445384979,0,19.508688641654871,17.056990965447781,339,4.402536239104851,434.63690895301335,330.87553977791646,77.0520217899183,26.70934738517861,0,1336.5397958595856,330.87553977791646,77.0520217899183,928.61223429175095,0,null,null,null,null,null,null,null,null,null,null,null,null,null,null,null,0,1000,0,0,0,6.3999999999999994E-3,0,0,0]
[null,null,null,null,null,null,null,null,null,18,492.25194229352326,69.972056013896136,42.542563686293114,406.9321893540473,0,20.619289861859063,18.029417302026808,339,5.1520300256452387,488.76258832856388,375.48181275647187,87.407941817197468,25.872833754894547,0,1349.9369874338706,375.48181275647187,87.407941817197468,887.04723286020112,0,null,null,null,null,null,null,null,null,null,null,null,null,null,null,null,1,1000,0,0,0,2.4716503334758614E-2]
[null,"Metrics used to estimate indices","Age (years)",null,23.994524299999998,null,null,null,null,19,491.31858509065944,75.740536910324735,44.303460797938463,459.26785044234816,0,21.699987131664159,18.975889883917102,339,5.8810358840368764,544.60187536106105,421.40136649283551,98.0657164957655,25.134792372460062,0,1366.887019849361,421.40136649283551,98.0657164957655,847.41993686076,0,null,null,null,null,null,null,null,null,null,null,null,null,null,null,null,2,1000,0,0,0,0.12542098981219732]
[null,null,"Stocking (stems/ha)",null,80,null,null,null,null,20,490.3589707212779,81.380882284379268,45.968379481772075,513.11391325383056,0,22.751769449499445,19.897280626867389,339,6.5901995668403899,601.9303567371893,468.45058630644689,108.98293220802339,24.496838222718957,0,1387.0824229721061,468.45058630644689,108.98293220802339,809.64890445763592,0,null,null,null,null,null,null,null,null,null,null,null,null,null,null,null,3,1000,0,0,0,0.36208860905764778]
[null,null,"Height (m)",null,21.5,null,null,null,null,21,489.36984058737443,86.891941047696591,47.547338110727779,568.27689742639393,0,23.775662718269267,20.794494857887411,339,7.2801932001966989,660.55870438028649,516.47399732408587,120.1237050750175,23.961001981183244,0,1410.2545626176122,516.47399732408587,120.1237050750175,773.65686021850888,0,null,null,null,null,null,null,null,null,null,null,null,null,null,null,null,4,1000,0,0,0,0.77980067353318705]
[null,null,"BA (m2/ha) or DBH (cm)",null,7.6,null,null,null,null,22,488.34802227852043,92.275175008788921,49.049296349779162,624.59060481868767,0,24.772703193814746,21.668448027462539,339,7.9516973412596705,720.32682546305205,565.33952483494556,131.45757463915007,23.5297259889565,0,1436.1676211873764,565.33952483494556,131.45757463915007,739.37052171328071,0,null,null,null,null,null,null,null,null,null,null,null,null,null,null,null,5,1000,0,0,0,1.419137850521256]
[null,"Other parameters","Annual attritional mortality (%)",null,null,null,null,null,null,23,487.2904462800995,97.533665694533767,50.482212943241493,681.9114783698526,0,25.743919298193855,22.520049737957265,339,8.6053886720548256,781.09851958953288,614.9341712744515,142.95849700572364,23.205851309357751,0,1464.6130931234554,614.9341712744515,142.95849700572364,706.72042484328028,0,null,null,null,null,null,null,null,null,null,null,null,null,null,null,null,6,1000,0,0,0,2.3176714005095249]
[null,null,"CV of DBH distribution",null,null,null,null,null,null,24,486.19415791808331,102.67140944590049,51.853127194319832,740.11452118997886,0,26.690319333375047,23.350192935394446,339,9.2419316736759853,842.75690262890964,665.16031964234287,154.60398526981919,22.992597716747579,0,1495.4050543181847,665.16031964234287,154.60398526981919,675.64074940602256,0,null,null,null,null,null,null,null,null,null,null,null,null,null,null,null,7,1000,0,0,0,3.5107484039746373]
[null,null,"Log length at harvest (m)",null,null,null,null,null,null,25,485.05632629792137,107.69283683991543,53.168251877927752,799.08988252293534,0,27.612883375457475,24.159746761353968,339,9.8619731255947016,905.20065469035808,715.93270937841908,166.37440724206601,22.893538069872942,0,1528.3762626385144,715.93270937841908,166.37440724206601,646.06914601802907,0,null,null,null,null,null,null,null,null,null,null,null,null,null,null,null,8,1000,0,0,0,5.0319724033668622]
[null,null,"Minimum log SED (mm)",null,null,null,null,null,null,26,483.87425142970045,112.60249883462238,54.433068525589782,858.74009553497513,0,28.512558138319168,24.949552005939903,339,10.466138615911884,968.34103413226933,767.17603699605127,178.25242891779308,22.912568218424941,0,1563.3750311433357,767.17603699605127,178.25242891779308,617.94656522949128,0,null,null,null,null,null,null,null,null,null,null,null,null,null,null,null,9,999.5297511267338,5.8834512568021253,2.7173771950533081,5.034271129569718,6.910274387444999]
[null,null,"Stem break height (%)",null,null,null,null,null,null,27,482.64537028266625,117.40487201419913,55.652419064617725,918.97789081449457,0,29.390253947211214,25.720418409962789,339,11.055030483653919,1032.0995466943839,818.82309096693893,190.22258235039718,23.053873377047758,0,1600.2627627816564,818.82309096693893,190.22258235039718,591.21708946432034,0,null,null,null,null,null,null,null,null,null,null,null,null,null,null,null,10,998.28583128635614,8.9111440241940283,6.2260372450966495,5.8018195642149522,17.365810741969064]
[null,null,"Volume losses at harvest (%)",null,null,null,null,null,null,28,481.36726219022222,122.10424592289183,56.830590286779483,979.72448776530405,0,30.246843208303471,26.473123279085669,339,11.6292267784732,1096.4061454803937,870.81331953254323,202.27093419454903,23.321891753301511,0,1638.9120220120656,870.81331953254323,202.27093419454903,565.82776828497333,0,null,null,null,null,null,null,null,null,null,null,null,null,null,null,null,11,996.43175048247963,11.283252509434707,9.9633652986194381,6.5908725085033657,30.312063353901042]
[null,null,"Wood density adjustment (±%)",null,null,null,null,null,null,29,480.03765381372563,126.70466504895997,57.971389457953471,1040.9082667378657,0,31.083159933158207,27.20841102395525,339,12.189280939022503,1161.1978454855189,923.0917366009445,214.38483277253096,23.721276112043437,0,1679.2050267638469,923.0917366009445,214.38483277253096,541.72845739037143,0,null,null,null,null,null,null,null,null,null,null,null,null,null,null,null,12,993.98737455677929,13.337373837915687,13.887094733610855,7.3977003727968249,45.843831049628498]
[null,null,"AG dead wood decay half life (years)",null,null,null,null,null,null,30,478.65442374312119,131.20990587160424,59.078210617164238,1102.4637361243992,0,31.900000000000013,27.926993347841115,339,12.735721973837531,1226.4176536053922,975.60808489919918,226.55271482547766,24.256853880715273,0,1721.0324614143046,975.60808489919918,226.55271482547766,518.87166168962779,0,null,null,null,null,null,null,null,null,null,null,null,null,null,null,null,13,990.95597672793622,15.189788582410396,17.95757550523826,8.2190364238904756,64.012774734532286]
[null,null,"BG dead wood decay half life (years)",null,null,null,null,null,null,31,477.21560673935545,135.62347542947478,60.154091874611318,1164.3307236833086,0,32.698121921608376,28.629549880252963,339,13.269054987848353,1292.0137345261307,1028.3161913700033,238.76395681955029,24.933586336577171,0,1764.2925309322352,1028.3161913700033,238.76395681955029,497.21238274268154,0,null,null,null,null,null,null,null,null,null,null,null,null,null,null,null,14,987.3385680519707,16.896333318093518,22.138129324740003,9.0520009243614883,84.830696982625483]
[null,null,"Latitude (ºS)",null,null,null,null,null,null,32,475.71939758739552,139.94862231689174,61.201764435823812,1226.4537362703145,0,33.478247953027861,29.316729110436658,339,13.789761940503567,1357.9387509973019,1081.1734645199194,251.00875911607633,25.75652736130624,0,1808.8901944505878,1081.1734645199194,251.00875911607633,476.70797081459204,0,null,null,null,null,null,null,null,null,null,null,null,null,null,null,null,15,500,20.649069047025957,16.744062587168052,9.8940424581952158,68.684292425058032,983.13810559367789,18.488829663309883,108.27291847249167]
[null,null,"Elevation (m)",null,null,null,null,null,null,33,474.16415451499614,144.18835417367978,62.223694266186897,1288.7814452229179,0,34.241065418206283,29.989149514805256,339,14.298302552657201,1424.1493322746494,1134.1404958628268,263.27805421469748,26.73078219712518,0,1854.7365318273023,1134.1404958628268,263.27805421469748,457.31798174977808,0,null,null,null,null,null,null,null,null,null,null,null,null,null,null,null,16,499.08390465042487,21.933236015878897,18.856837973655228,10.742891513411314,82.485835895086566]
[null,null,"Soil C%",null,null,null,null,null,null,34,472.54840213137066,148.34545791684161,63.222117353267215,1351.2662653339189,0,34.987228168102419,30.647400801590333,339,14.795115302135663,1490.605636697986,1187.1807375198489,275.56343258793203,27.86146659020509,0,1901.7482089421355,1187.1807375198489,275.56343258793203,439.00403883435479,0,null,null,null,null,null,null,null,null,null,null,null,null,null,null,null,17,497.96366119222466,23.565703894455865,21.719427100993819,11.596523054410618,100.95547209309146]
[null,null,"Soil N%",null,null,null,null,null,null,35,470.87083384545042,152.42252043315534,64.199069484632702,1413.8640037186362,0,35.717358107244785,31.292045217359767,339,15.28061846459444,1557.2709837079665,1240.2602356505645,287.85708139639934,29.153666661002756,0,1949.847016825425,1240.2602356505645,287.85708139639934,421.729699778461,0,null,null,null,null,null,null,null,null,null,null,null,null,null,null,null,18,496.71363106187277,25.174170190046862,24.723291388966643,12.453125847861921,121.71184310904519]
[null,null,"Mean annual temperature (ºC)",null,null,null,null,null,null,36,469.13031373177381,156.42194842065436,65.156411376672438,1476.5335612426531,0,36.432046743646985,31.923618875709298,339,15.755211168548637,1624.1115375764027,1293.3474050823859,300.15173269658453,30.612399797432357,0,1998.9594666950652,1293.3474050823859,300.15173269658453,405.46032891609491,0,null,null,null,null,null,null,null,null,null,null,null,null,null,null,null,19,495.33140782598781,26.749963514215562,27.837622158144345,13.311076968841544,144.70534632420745]
[null,null,"Drift factor",null,null,null,null,null,null,37,467.32587782113785,160.34598669025655,66.095849890626141,1539.236673915206,0,37.131856730157672,32.542633079941282,339,16.21927444250047,1691.0960302285362,1346.412834680619,312.44061872239945,32.242576825517787,0,2049.0164280906984,1346.412834680619,312.44061872239945,390.16297468767971,0,null,null,null,null,null,null,null,null,null,null,null,null,null,null,null,20,493.81631439359921,28.261645609386747,30.977774037167592,14.168920353421584,169.55342777579258]
[null,"Early MTH measurement","Age (years)",null,null,null,null,null,null,38,465.45673480188191,164.19673462908321,67.018955970560626,1601.9376851312365,0,37.817323375017757,33.149575620011255,339,16.67317223875197,1758.1955142188322,1399.4291160227037,324.71743252251565,34.048965673612699,0,2099.9528009857931,1399.4291160227037,324.71743252251565,375.80625244057376,0,null,null,null,null,null,null,null,null,null,null,null,null,null,null,null,21,492.17062868349188,29.691641304122818,34.077991066403946,15.025348563184195,195.88478477876234]
[null,null,"MTH (m)",null,null,null,null,null,null,39,463.5222661255624,167.9761607630216,67.927179842487959,1664.6033421714301,0,38.488956106529329,33.744912030251371,339,17.117252423401141,1825.383139550639,1452.370690103324,336.9762927367459,36.036156710569124,0,2151.7072153952763,1452.370690103324,336.9762927367459,362.36023255520638,0,null,null,null,null,null,null,null,null,null,null,null,null,null,null,null,22,490.39768981438112,31.04756838942561,37.127309787700298,15.879187135816061,223.58226467281918]
[null,null,null,null,null,null,null,null,null,40,461.52202551764356,171.68611549186301,68.821863928046497,1727.2026121915737,0,39.147239881982578,34.32908679895948,339,17.55184772563328,1892.6339498905552,1505.2137083343675,349.21171165068341,38.208529905504335,0,2204.2217538646332,1505.2137083343675,349.21171165068341,349.79633387958222,0,null,null,null,null,null,null,null,null,null,null,null,null,null,null,null,23,488.50128621028745,32.336025281530326,40.11703841548929,16.729381044521205,252.52814927693132]
[null,null,null,null,null,null,null,null,null,41,459.45573789968773,175.32834214225304,69.704253851453601,1789.7065142401379,0,39.792636534827587,34.902524524300084,339,17.977276642069288,1959.9246950360614,1557.9359051899653,361.41856591905565,40.570223927040225,0,2257.4416935415943,1557.9359051899653,361.41856591905565,338.08722243257313,0,null,null,null,null,null,null,null,null,null,null,null,null,null,null,null,24,486.48559510845411,33.562725851023771,43.04020366068395,17.574982896788821,282.60432349914834]
[null,null,null,null,null,null,null,null,null,42,457.32329773446259,178.90448651585683,70.575507854655413,1852.0879647783734,0,40.425586056875524,35.465631013412469,339,18.393844293865758,2027.2336574088702,1610.5164806109756,373.59206952480326,43.125107273091253,0,2311.3152654525065,1610.5164806109756,373.59206952480326,327.2067153167273,0,null,null,null,null,null,null,null,null,null,null,null,null,null,null,null,25,484.35512826194656,34.732621946703169,45.891148008232129,18.415142582592722,313.69250981086714]
[null,null,null,null,null,null,null,null,null,43,455.12476680951272,182.41610511835901,71.436704881888176,1914.321634845546,0,41.046507814339435,36.018794323398936,339,18.80184323566262,2094.5404909822873,1662.9359908193383,385.72774866460281,45.876751498345946,0,2365.7934292481223,1662.9359908193383,385.72774866460281,317.12968976418165,0,null,null,null,null,null,null,null,null,null,null,null,null,null,null,null,26,482.11432970157449,35.860340622356667,48.693247762461532,19.249098141691523,345.87352841312151]
[null,null,null,null,null,null,null,null,null,44,452.86037147818638,185.86467224932179,72.288851550053153,1976.3838174889427,0,41.655801697971576,36.5623857441404,339,19.201554216477099,2161.8260714909693,1715.1762465676038,397.82141833794054,48.828406585424609,0,2420.8296621301329,1715.1762465676038,397.82141833794054,307.83199722458835,0,null,null,null,null,null,null,null,null,null,null,null,null,null,null,null,27,479.76795677676711,36.936312029486736,51.407700808109368,20.07616766497204,378.79428066866404]
[null,null,null,null,null,null,null,null,null,45,450.53049937997616,189.25158611995124,73.132888184155178,2038.2523044189511,0,42.253849208571886,37.096760723788755,339,19.593246893349857,2229.0723570747982,1767.220218110584,409.86916047704796,51.982978487166392,0,2476.3797609792546,1767.220218110584,409.86916047704796,299.29038239162247,0,null,null,null,null,null,null,null,null,null,null,null,null,null,null,null,28,477.32141720199473,37.964644019867535,54.033048007387414,20.895742079612631,412.34532023886794]
[null,null,null,null,null,null,null,null,null,46,448.1356956644193,192.57817414944847,73.969694066378153,2099.9062710930693,0,42.84101447984078,37.622259738411465,339,19.977180499037622,2296.2622587166215,1819.0519463683354,421.86730349686781,55.343008851418077,0,2532.4016569196733,1819.0519463683354,421.86730349686781,291.48240705447012,0,null,null,null,null,null,null,null,null,null,null,null,null,null,null,null,29,474.78022872266575,38.948815846071369,56.56802596234747,21.70727869496115,446.41760794920106]
[null,null,null,null,null,null,null,null,null,47,445.67665874478467,195.84569757323078,74.80009202210077,2161.3261696068439,0,43.417645241009694,38.139209107683953,339,20.353604465371419,2363.3795199752531,1870.6564598761352,433.81240317319703,58.910656925920605,0,2588.8552417018955,1870.6564598761352,433.81240317319703,284.38637865256328,0,null,null,null,null,null,null,null,null,null,null,null,null,null,null,null,30,472.14999028381169,39.891817287775559,59.011616160207844,22.510295407359965,480.90352684070348]
[null,null,null,null,null,null,null,null,null,48,443.15423560941468,199.05535547928841,75.624852445365264,2222.4936288944955,0,43.98407372196818,38.647921758794915,339,20.722759004104702,2430.4086056109477,1922.0196972046033,445.70122477714858,62.68768362919571,0,2645.7022053872734,1922.0196972046033,445.70122477714858,277.98128340552199,0,null,null,null,null,null,null,null,null,null,null,null,null,null,null,null,31,469.43635188707538,40.796256335462729,61.363090219568491,23.304365479109606,515.69789207829115]
[null,null,null,null,null,null,null,null,null,49,440.56941671994088,202.20828837300832,76.444696849207119,2283.3913618311262,0,44.540617503762505,39.148697940888688,339,21.08487564719362,2497.334598764342,1973.1284345930565,457.53072640773001,66.675437763555394,0,2702.9058848864161,1973.1284345930565,457.53072640773001,272.2467238856301,0,null,null,null,null,null,null,null,null,null,null,null,null,null,null,null,32,466.64498398475541,41.664443180373219,63.622048372831593,24.089112820365205,550.69892420795975]
[null,null,null,null,null,null,null,null,null,50,437.92333052669198,205.3055813563235,77.260301012177194,2344.0030788921927,0,45.087580317402796,39.641825892447073,339,21.440177748505246,2564.1431063918499,2023.9702185799865,469.29804347358919,70.874844338273931,0,2760.4311229505784,2023.9702185799865,469.29804347358919,267.16286089700287,0,null,null,null,null,null,null,null,null,null,null,null,null,null,null,null,33,463.78154714035617,42.498455746462902,65.788448639289413,24.864207713765136,585.80915114173911]
[null,null,null,null,null,null,null,null,null,51,435.21723763249304,208.34826699411329,78.072297780786286,2404.3134080711388,0,45.625252793909851,40.12758246403439,339,21.788880948958802,2630.8201726871107,2074.5333034416249,481.00047428108809,75.286394964397587,0,2818.2441372464418,2074.5333034416249,481.00047428108809,262.71035952372875,0,null,null,null,null,null,null,null,null,null,null,null,null,null,null,null,34,460.85166259852775,43.300190446301805,67.862624746771118,25.62936293056622,620.93620493411117]
[null,null,null,null,null,null,null,null,null,52,432.45252463674086,211.33732792937971,78.881279578027431,2464.3078207879189,0,46.153913168478866,40.606233698809753,339,22.131193607081784,2697.3522002342343,2124.8065932670615,492.6354666897787,79.910140277394035,0,2876.3123991653147,2124.8065932670615,492.6354666897787,258.87033920847483,0,null,null,null,null,null,null,null,null,null,null,null,null,null,null,null,35,457.86088433056875,44.071400894269132,69.84529168107187,26.384330194434778,655.99348390742955]
[null,null,null,null,null,null,null,null,null,53,429.63069769215156,214.2736992987497,79.687800660211735,2523.9725635431682,0,46.673827941550591,41.078035373164489,339,22.467317196919158,2763.725878647469,2174.7795885090532,504.20060579870773,84.745684339707893,0,2934.6045220309488,2174.7795885090532,504.20060579870773,255.62432772318829,0,null,null,null,null,null,null,null,null,null,null,null,null,null,null,null,36,454.81467304169797,44.813726739357342,71.737538676814324,27.128896955144448,690.90065839302224]
[null,null,null,null,null,null,null,null,null,54,426.75337580692587,217.15827099118133,80.492379157789884,2583.294595087596,0,47.185252499470444,41.543233499776406,339,22.797446675175276,2829.9281204557892,2224.4423368554853,515.69360262823284,89.792180972070796,0,2993.0901583781078,2224.4423368554853,515.69360262823284,252.95421889438927,0,null,null,null,null,null,null,null,null,null,null,null,null,null,null,null,37,451.71837253732514,45.528714433582685,73.540810388211568,27.86288343951421,725.58400818870507]
[null,null,null,null,null,null,null,null,null,55,423.8222839252806,219.99188978522528,81.29549893037354,2642.2615288856118,0,47.688431697293836,42.002064795297798,339,23.12177081940299,2895.9460039912087,2273.7853882687696,527.11228376248368,95.048331959955433,0,3051.7399059782474,2273.7853882687696,527.11228376248368,250.84223394699418,0,null,null,null,null,null,null,null,null,null,null,null,null,null,null,null,38,448.5771887473793,46.217831526800431,75.256877777374555,28.586139951179796,759.97659042826558]
[null,null,null,null,null,null,null,null,null,56,420.83924581935645,222.77536139369636,82.097611261624195,2700.8615806577805,0,48.183600406164253,42.454757114810754,339,23.440472538983567,2961.7667230376428,2322.7997540404253,538.45458191752539,100.51238707969227,0,3110.5252222904091,2322.7997540404253,538.45458191752539,249.27088633245859,0,null,null,null,null,null,null,null,null,null,null,null,null,null,null,null,39,445.39617160402599,46.882475906907942,76.887800843730048,29.298544394382098,794.01824655016549]
[null,null,null,null,null,null,null,null,null,57,417.80617682544232,225.50945243899591,82.899136415873969,2759.0835207893729,0,48.670984027556869,42.901529855099639,339,23.753729160570671,3027.3775429935035,2371.4768697063532,549.7185273998183,106.18214588733201,0,3169.4183470153216,2371.4768697063532,549.7185273998183,248.22294990914992,0,null,null,null,null,null,null,null,null,null,null,null,null,null,null,null,40,442.18019986452265,47.523981245964606,78.435885644963548,30,827.65546532565531]
[null,null,null,null,null,null,null,null,null,58,414.72507645725887,228.19489237748365,83.700465075152621,2816.9166313928081,0,49.150798976546369,43.342594328706163,339,24.061712689601503,3092.7657632963956,2419.808561665357,560.90224041883948,112.05496121219913,0,3228.3922324293135,2419.808561665357,560.90224041883948,247.68143034511689,0,null,null,null,null,null,null,null,null,null,null,null,null,null,null,null,41,438.933968873727,48.143619748793412,79.903638126123738,30.690433234648104,860.84112475482573]
[null,null,null,null,null,null,null,null,null,59,411.59802092872286,230.83237538713965,84.501959672610795,2874.3506678109497,0,49.623253136125157,43.778154110649922,339,24.364590049410165,3157.9186858529042,2467.7870173399388,572.00392421686661,118.12774429609881,0,3287.4204811724862,2467.7870173399388,572.00392421686661,247.62953961568061,0,null,null,null,null,null,null,null,null,null,null,null,null,null,null,null,42,435.66198117531491,48.742603127196318,81.293717114604775,31.369791875880484,893.53413881630831]
[null,null,null,null,null,null,null,null,null,60,408.42715561817278,233.42256222917101,85.303955636059712,2931.375824346288,0,50.088546284470588,44.208405359618141,339,24.662523299414548,3222.8235892105549,2515.4047587143555,583.02185897796005,124.39697151823984,0,3346.4772911627833,2515.4047587143555,583.02185897796005,248.05067347046776,0,null,null,null,null,null,null,null,null,null,null,null,null,null,null,null,43,432.3685398109069,49.322082545070124,82.608888513851355,32.038043238451593,925.69903572242686]
[null,null,null,null,null,null,null,null,null,61,405.21468750547473,235.96608209115422,86.106762553424289,2987.9827039986485,0,50.546870496937075,44.633537115353334,339,24.955669833787361,3287.4677082030998,2562.6546190808931,593.95439647721139,130.85869264499527,0,3405.537407304626,2562.6546190808931,593.95439647721139,248.92839174652116,0,null,null,null,null,null,null,null,null,null,null,null,null,null,null,null,44,429.0577440939872,49.883148106445759,83.851982305807624,32.695172538236072,957.30549293479817]
[null,null,null,null,null,null,null,null,null,62,401.96287761275414,238.46353441668228,86.910665270267387,3044.1622919913161,0,50.998410524430845,45.053731573894773,339,25.244182561964607,3351.8382187942243,2609.5297228212921,604.79995543037421,137.50854054255785,0,3464.5760796575455,2609.5297228212921,604.79995543037421,250.24640140587914,0,null,null,null,null,null,null,null,null,null,null,null,null,null,null,null,45,425.73348761082781,50.426828298953211,85.025853515400343,33.34118138184062,988.32785133054131]
[null,null,null,null,null,null,null,null,null,63,398.67403347870442,240.91549072425238,87.715924928141135,3099.9059328627695,0,51.44334414971469,45.469164342262779,339,25.528210072292591,3415.9222278390198,2656.0234680465405,615.55701750310982,144.34174228936936,0,3523.5690277271824,2656.0234680465405,615.55701750310982,251.98854217753242,0,null,null,null,null,null,null,null,null,null,null,null,null,null,null,null,46,422.39945818222765,50.954089666476463,86.133347851341611,33.976086371189112,1018.7446271906693]
[null,null,null,null,null,null,null,null,null,64,395.35050169552136,243.32249641625441,88.52277995131827,3155.2053108988293,0,51.881842523084707,45.880004674110296,339,25.80789678006489,3479.7067674771588,2702.1295119150695,626.22412393832428,151.35313162376502,0,3582.4924105381961,2702.1295119150695,626.22412393832428,254.13877468480226,0,null,null,null,null,null,null,null,null,null,null,null,null,null,null,null,47,419.05913951540128,51.465836870764846,87.177272351683598,34.599917813452414,1048.538036651365]
[null,null,null,null,null,null,null,null,null,65,391.99466053649616,245.68507257733947,89.331446988417227,3210.0524336779858,0,52.314070478762766,46.286415687805523,339,26.083383061154695,3543.178793866698,2747.8417584466092,636.79987275942028,158.53716266066883,0,3641.3228021460627,2747.8417584466092,636.79987275942028,256.68117094003321,0,null,null,null,null,null,null,null,null,null,null,null,null,null,null,null,48,415.71581428194423,51.96291321342936,88.160371049204869,35.212718527651354,1077.6935433341666]
[null,null,null,null,null,null,null,null,null,66,388.6089127011752,248.0037177601495,90.142121814535102,3264.4396185012715,0,52.740186833255237,46.688554568350902,339,26.354805372404236,3606.3251899630854,2793.1543486469832,647.28291650681103,165.88792480929141,0,3700.0371722427508,2793.1543486469832,647.28291650681103,259.59990708895685,0,null,null,null,null,null,null,null,null,null,null,null,null,null,null,null,49,412.37256837252903,52.446101625567074,89.085305436714279,35.814542740104322,1106.199436333638]
[null,null,null,null,null,null,null,null,null,67,385.19567820376517,250.27890975532972,90.954980198719312,3318.3594814774169,0,53.160344666843137,47.086572754488877,339,26.622296359892704,3669.1327720443378,2838.0616527578595,657.67196046474737,173.39915882173071,0,3758.6128715098776,2838.0616527578595,657.67196046474737,262.879258287271,0,null,null,null,null,null,null,null,null,null,null,null,null,null,null,null,50,409.03229609912739,52.916126089135787,89.954639351868678,36.405455061634882,1134.0464427461511]
[null,null,null,null,null,null,null,null,null,68,381.7573874291316,252.51110734191386,91.770178740924848,3371.8049290342419,0,53.574691589287177,47.480616112290321,339,26.885984956164013,3731.5882996805531,2882.5582644450747,667.96576133540032,181.06427390007801,0,3817.0276213722932,2882.5582644450747,667.96576133540032,266.50359559181811,0]
[null,null,null,null,null,null,null,null,null,69,378.29647437930981,254.70075201352523,92.587855682002214,3424.7691516282975,0,53.983369990756778,47.870825096469474,339,27.145996467458442,3793.6784888439929,2926.638996739548,678.16312631723474,188.87636578721074,0,3875.2595078051522,2926.638996739548,678.16312631723474,270.45738474836986,0]
[null,null,null,null,null,null,null,null,null,70,374.81537013192963,256.8482696753843,93.408131689734148,3477.2456194269885,0,54.386517278921495,48.257334900617174,339,27.402452651954228,3855.3900278552196,2970.2988795462784,688.26291254503815,196.82823576390336,0,3933.2869788487396,2970.2988795462784,688.26291254503815,274.7251867574227,0]
[null,null,null,null,null,null,null,null,null,71,371.31649653035367,258.95407230680837,94.231110623470869,3529.2280797405706,0,54.784266103079041,48.640275597493243,339,27.655471789989139,3916.7095958609852,3013.5331585392046,698.26402684950131,204.91241047227948,0,3991.0888454873689,3013.5331585392046,698.26402684950131,279.29166009866259,0]
[null,null,null,null,null,null,null,null,null,72,367.80226012365182,261.01855958373443,95.056880279500874,3580.7105559856354,0,55.176744566132975,49.019772270467058,339,27.90516874719404,3977.6238835410618,3056.3372952630266,708.16542579500128,213.12116248303397,0,4048.6442855519699,3056.3372952630266,708.16542579500128,284.14156449394289,0]
[null,null,null,null,null,null,null,null,null,73,364.27504637279105,263.04212045576844,95.885513118927662,3631.6873479669975,0,55.564076425177305,49.395945137143563,339,28.151655031433339,4038.1196157438058,3098.7069682672773,717.96611595521381,221.44653152131471,0,4105.9328503102643,3098.7069682672773,717.96611595521381,289.25976608777353,0]
[null,null,null,null,null,null,null,null,null,74,360.73721413762348,265.02513467235713,96.717066979497559,3682.1530332713537,0,55.946381281393514,49.768909666159772,339,28.395038844408891,4098.1835757543577,3140.6380751031866,727.665154387391,229.88034626378047,0,4162.9344734141487,3140.6380751031866,727.665154387391,294.63124392357128,0]
[null,null,null,null,null,null,null,null,null,75,357.19109045741232,266.96797425286343,97.551585772535262,3732.1024695733231,0,56.323774759916638,50.138776688082693,339,28.635425128743631,4157.8026309044735,3182.1267350198104,737.26164926750744,238.41424661715629,0,4219.6294818805891,3182.1267350198104,737.26164926750744,300.24109759327024,0]
[null,null,null,null,null,null,null,null,null,76,353.63896563576242,268.87100489560891,98.389100165887911,3781.5307976628815,0,56.696368680282518,50.505652501285446,339,28.872915611321126,4216.9637592396484,3223.1692922028196,746.75476065008593,247.03970638674375,0,4275.9986087904126,3223.1692922028196,746.75476065008593,306.07455593750666,0]
[null,null,null,null,null,null,null,null,null,77,350.08308863893023,270.73458732130536,99.229628253553457,3830.4334450124979,0,57.064271218027507,50.869638973623132,339,29.107608843614813,4275.6540769670901,3263.7623194070366,756.14370131828696,255.74805624176636,0,4332.0230073987514,3263.7623194070366,756.14370131828696,312.11698667342688,0]
[null,null,null,null,null,null,null,null,null,78,346.52566281459036,272.55907854671,100.07317621246905,3878.8061297120739,0,57.42758705797133,51.230833640671428,339,29.339600239695958,4333.8608664170179,3303.9026218419581,765.42773769173277,264.5305068833265,0,4387.6842663610987,3303.9026218419581,765.42773769173277,318.35390682740791,0]
[null,null,null,null,null,null,null,null,null,79,342.96884193624805,274.34483308482237,100.91973894676283,3926.6448646108397,0,57.786417539680819,51.589329801235607,339,29.568982112565987,4391.5716042603872,3343.587241178669,774.60619076165892,273.37817232005904,0,4442.9644257909067,3343.587241178669,774.60619076165892,324.77099385057767,0]
[null,null,null,null,null,null,null,null,null,80,339.4147265766199,276.0922040684502,101.76930071962101,3973.9459615164947,0,58.140860795577041,51.945216610776967,339,29.7958437094108,4448.7739897374131,3382.813459555849,783.67843702513494,282.28209315642857,0,4497.8459938770948,3382.813459555849,783.67843702513494,331.35409729611075,0]
[null,null,null,null,null,null,null,null,null,81,335.86536081147648,277.8015442945229,102.62183577279301,4020.7060353138395,0,58.491011882118038,52.298579173344926,339,30.020271246327557,4505.4559726639063,3421.5788034725197,792.64390939239877,291.23325979898777,0,4552.3119638037388,3421.5788034725197,792.64390939239877,338.0892509388205,0]
[null,null,null,null,null,null,null,null,null,82,332.32272925365965,279.47320718709824,103.47730893364746,4066.9220078773924,0,58.836962904461629,52.649498632543789,339,30.242347943026076,4561.6057809960303,3459.8810474654051,801.50209804371252,300.22263548691262,0,4606.345830728801,3459.8810474654051,801.50209804371252,344.96268521968273,0]
[null,null,null,null,null,null,null,null,null,83,328.78875441527055,281.1075476775884,104.33567620960152,4112.5911116649504,0,59.17880313498506,52.998052262002531,339,30.462154057956841,4617.2119477483793,3497.7182174791474,810.25255121454904,309.24117905468273,0,4659.9316085942492,3497.7182174791474,810.25255121454904,351.9608399005528,0]
[null,null,null,null,null,null,null,null,null,84,325.26529439438167,282.70492300131843,105.19688536967125,4157.710892891806,0,59.516619126014788,53.344313555757267,339,30.679766924268645,4672.2633370755966,3535.0885938482597,818.89487589037822,318.27986733695866,0,4713.0538465561767,3535.0885938482597,818.89487589037822,359.07037681753815,0]
[null,null,null,null,null,null,null,null,null,85,321.75414088106959,284.26569341010605,106.06087651283408,4202.2792141979508,0,59.850494817095907,53.688352318896499,339,30.895260986948138,4726.7491693434467,3571.990713820212,827.4287383947559,327.3297171284791,0,4765.6976448402065,3571.990713820212,827.4287383947559,366.27819262523877,0]
[null,null,null,null,null,null,null,null,null,86,318.25701747610469,285.79022280111553,106.92758262285012,4246.2942567332029,0,60.180511637110236,54.030234758762006,339,31.10870784144447,4780.6590450315261,3608.4233735595094,835.85386485683625,336.38180661517993,0,4817.8486698447177,3608.4233735595094,835.85386485683625,373.57143142837151,0]
[null,null,null,null,null,null,null,null,null,87,314.77557831427879,287.27887926278959,107.79693010916097,4289.7545215976561,0,60.506748601531818,54.370023576941499,339,31.320176274032839,4833.9829673265249,3644.3856295830315,844.17004154684003,345.4272961966534,0,4869.4931683319792,3644.3856295830315,844.17004154684003,380.93749720210786,0]
[null,null,null,null,null,null,null,null,null,88,311.3114069831081,288.73203553917398,108.66883933346746,4332.6588305868327,0,60.82928240509063,54.70777806223505,339,31.529732304122746,4886.7113632816536,3679.8767995868129,852.37711507030076,354.45744862453989,0,4920.6179805648826,3679.8767995868129,852.37711507030076,388.36406590776932,0]
[null,null,null,null,null,null,null,null,null,89,307.86601572652535,290.15006941444693,109.5432251215833,4375.0063262027343,0,61.148187510097905,55.043554184724655,339,31.737439228669746,4938.8351034348825,3714.8964626342913,860.47499241418939,363.46364838640199,0,4971.210552264778,3714.8964626342913,860.47499241418939,395.83909721629738,0]
[null,null,null,null,null,null,null,null,null,90,304.4408449221724,291.53336401991083,110.41999726016597,4416.7964709030648,0,61.463536230670925,55.377404691027103,339,31.943357668804854,4990.3455197953581,3749.444458685206,868.46364084013589,372.43742027001542,0,5021.2589452834145,3749.444458685206,868.46364084013589,403.35084575807241,0]
[null,null,null,null,null,null,null,null,null,91,301.03726282003066,292.88230806611665,111.29906097794195,4458.0290455715649,0,61.775398813080258,55.709379200763493,339,32.147545618752389,5041.2344221240237,3783.5208874531877,876.34308762201442,381.37044704882118,0,5070.7518468994049,3783.5208874531877,876.34308762201442,410.88787182420259,0]
[null,null,null,null,null,null,null,null,null,92,297.65656552937816,294.19729600316657,112.18031741106556,4498.7041472023402,0,62.083843512428061,56.039524304234547,339,32.350058497065731,5091.4941124507022,3817.1261065882777,884.1134196270541,390.25458623536997,0,5119.678577666532,3817.1261065882777,884.1134196270541,418.43905145120027,0]
[null,null,null,null,null,null,null,null,null,93,294.29997724044415,295.47872811255939,113.06366405228088,4538.8221858003963,0,62.388936665854736,56.367883661252563,339,32.550949200173775,5141.1173977857588,3850.2607291883473,891.77478274142516,399.08188585598657,0,5168.0290977577997,3850.2607291883473,891.77478274142516,425.99358582802728,0]
[null,null,null,null,null,null,null,null,null,94,290.96865066663787,296.72701053422998,113.948995183593,4578.3838805090409,0,62.69074276245744,56.694498101042527,339,32.750268158193748,5190.0976009996157,3882.9256206503142,899.32738114285314,407.84459920644804,0,5215.794011764875,3882.9256206503142,899.32738114285314,433.5410099717073,0]
[null,null,null,null,null,null,null,null,null,95,287.66366769286043,297.94255523266054,114.83620229219473,4617.390254982588,0,62.989324510093986,57.019405723093705,339,32.948063392934785,5238.4285698579533,3915.1218948784822,906.77147642429668,416.53519855517413,0,5262.9645719277942,3915.1218948784822,906.77147642429668,441.07120062501519,0]
[null,null,null,null,null,null,null,null,null,96,284.38604021516005,299.12577990613664,115.72517446944218,4655.8426320298213,0,63.284742899235489,57.342641998814628,339,33.144380577987505,5286.1046842142914,3946.8509098730551,914.10738657404954,425.14638776718664,0,5309.5326797842081,3946.8509098730551,914.10738657404954,448.57438333710297,0]
[null,null,null,null,null,null,null,null,null,97,281.13671115685742,300.27710784335619,116.61579879271909,4693.742627559639,0,63.577057264019778,57.664239873818424,339,33.339263100767859,5333.1208613743956,3978.11426272677,921.33548481876107,433.67111382886463,0,5355.490886240781,3978.11426272677,921.33548481876107,456.04113869524969,0]
[null,null,null,null,null,null,null,null,null,98,277.91655564624449,301.39696773170425,117.50796069008275,4731.092143865847,0,63.86632534065096,57.984229870646921,339,33.532752126362482,5379.472559659228,4008.9137840621165,928.45619833690569,442.10257726020598,0,5400.8323900821633,4008.9137840621165,928.45619833690569,463.46240768314101,0]
[null,null,null,null,null,null,null,null,null,99,274.72638234103897,302.48579342155352,118.40154428763381,4767.893362292325,0,64.152603323279692,58.302640191723569,339,33.724886663002017,5425.1557802039097,4039.2515319450245,935.47000685103148,450.43424140785328,0,5445.5510349441993,4039.2515319450245,935.47000685103148,470.82949614814305,0]
[null,null,null,null,null,null,null,null,null,100,271.56693488495142,303.54402365098019,119.29643273960829,4804.1487353238408,4039.6759762110287,64.435945917492646,58.619496822313756,339,33.915703628974015,5470.1670670406056,4069.1297853142055,942.3774411078698,458.65984061853095,0,5489.6413047889864,4069.1297853142055,942.3774411078698,478.13407836691073,0]

{"sheet":"Inputs","index":1,"n_rows":123,"n_cols":58,"rows_kept":123,"cut":false,"hidden":true,"merged":[[19,1,22,1],[23,1,24,1],[2,2,2,3],[3,2,3,3],[4,2,4,3],[5,2,5,3],[1,1,5,1],[7,1,12,1],[1,2,1,3],[7,9,10,9],[7,10,7,11],[8,10,8,11],[9,10,9,11],[10,10,10,11]]}
[null,"New Zealand Redwood & Cypress Growth Models"]
[null,"Stand inform-ation","Species",null,{"$f":"'Growth model'!E2","v":"Coast redwood"}]
[null,null,"300-index",null,{"$f":"'Growth model'!E3","v":28.3}]
[null,null,"Site index (m)",null,{"$f":"'Growth model'!E4","v":31.9}]
[null,null,"Post-establishment stocking (stems/ha)",null,{"$f":"'Growth model'!E5","v":1000}]
[null,null,"Rotation length (years)",null,{"$f":"'Growth model'!E6","v":100}]
[]
[null,"Thinning schedule",null,null,"Thin 1","Thin 2","Thin 3","Thin 4",null,"Pruning schedule",null,null,"Lift 1","Lift 2","Lift 3","Lift 4"]
[null,null,null,"Waste/production thin",1,1,1,1,null,null,"Age at pruning (years)","Age at thinning (years)",{"$f":"INT('Growth model'!E16)","v":0},{"$f":"INT('Growth model'!F16)","v":0},{"$f":"INT('Growth model'!G16)","v":0},{"$f":"INT('Growth model'!H16)","v":0}]
[null,null,null,null,1,null,null,null,null,null,"Number of stems pruned (stems/ha)","Stocking after thinning (stems/ha)",{"$f":"'Growth model'!E17","v":0},{"$f":"'Growth model'!F17","v":0},{"$f":"'Growth model'!G17","v":0},{"$f":"'Growth model'!H17","v":0}]
[null,null,null,"Age at thinning (years)",{"$f":"INT('Growth model'!E11)","v":9},{"$f":"INT('Growth model'!F11)","v":0},{"$f":"INT('Growth model'!G11)","v":0},{"$f":"INT('Growth model'!H11)","v":0},null,null,"Pruned height (m)","Thinning coefficient",{"$f":"'Growth model'!E18","v":0},{"$f":"'Growth model'!F18","v":0},{"$f":"'Growth model'!G18","v":0},{"$f":"'Growth model'!H18","v":0}]
[null,null,null,"Stocking after thinning (stems/ha)",{"$f":"'Growth model'!E12","v":500},{"$f":"'Growth model'!F12","v":0},{"$f":"'Growth model'!G12","v":0},{"$f":"'Growth model'!H12","v":0}]
[null,null,null,"Thinning coefficient",{"$f":"IF(ISBLANK('Growth model'!E13),-999,'Growth model'!E13)","v":-999},{"$f":"IF(ISBLANK('Growth model'!F13),-999,'Growth model'!F13)","v":-999},{"$f":"IF(ISBLANK('Growth model'!G13),-999,'Growth model'!G13)","v":-999},{"$f":"IF(ISBLANK('Growth model'!H13),-999,'Growth model'!H13)","v":-999}]
[null,"   Site productivity indices:",null,null,"Diameter distribution:"]
[null,null,null,null,null,null,1]
[null,null,null,1,1]
[]
[]
[]
[null,"Metrics used to estimate indices",null,"Age (years)",{"$f":"'Growth model'!E25","v":23.994524299999998}]
[null,null,null,"Stocking (stems/ha)",{"$f":"'Growth model'!E26","v":80}]
[null,null,null,"Height (m)",{"$f":"'Growth model'!E27","v":21.5},1]
[null,null,null,"DBH (cm) or BA (m2/ha)",{"$f":"'Growth model'!E28","v":7.6},1,null,null,null,null,null,null,null,null,null,null,null,null,null,null,null,null,null,null,null,null,null,null,null,null,null,null,null,null,null,null,null,null,null,null,null,null,null,null,0,1675,0,0,0.25,1.072E-2,530.05546319384848,0,1.0940000000000001,526.42884615384617,484.511392316132]
[null,"Early height",null,"Age (years)",{"$f":"'Growth model'!E44","v":0},null,null,null,null,null,null,null,null,null,null,null,null,null,null,null,null,null,null,null,null,null,null,null,null,null,null,null,null,null,null,null,null,null,null,null,null,null,null,null,1,1675,1.3437986622619964,0.23755988237904166,2.4888128300555783,0.41012603112915275,528.98493944226243,5.6482412218922806E-3,1.0919182125451561,526.42884615384617,484.45472688769388]
[null,null,null,"MTH (m)",{"$f":"'Growth model'!E45","v":0},null,null,null,null,null,null,null,null,null,null,null,null,null,null,null,null,null,null,null,null,null,null,null,null,null,null,null,null,null,null,null,null,null,null,null,null,null,null,null,2,1675,2.8829607535249466,1.0934077637446411,4.536897030669115,2.6060680472303002,505.52549812669537,1.0056482412218923,1.066221882011066,526.42884615384617,474.12785899046918]
[null,"Other parameters",null,"Annual attritional mortality (%)",{"$f":"IF(ISBLANK('Growth model'!E29),-999,'Growth model'!E29)","v":-999},null,null,null,null,null,null,null,null,null,null,null,null,null,null,null,null,null,null,null,null,null,null,null,null,null,null,null,null,null,null,null,null,null,null,null,null,null,null,null,3,1672.7128520884942,6.2487603353899397,5.1297832044869018,6.4888014733908088,15.438634070560216,489.62635594593047,2.0056482412218921,1.0547710076728047,526.42884615384617,464.20156828752636]
[null,null,null,"CV of DBH distribution",{"$f":"IF(ISBLANK('Growth model'!E30),-999,'Growth model'!E30)","v":-999},null,null,null,null,null,null,null,null,null,null,null,null,null,null,null,null,null,null,null,null,null,null,null,null,null,null,null,null,null,null,null,null,null,null,null,null,null,null,null,4,1667.2696330690483,9.0676414838158834,10.766744394304716,8.364878486305404,38.883591541225975,476.76544715684702,3.0056482412218921,1.0459770488307192,526.42884615384617,455.80870793466778]
[null,null,null,"Log length at harvest (m)",{"$f":"IF(ISBLANK('Growth model'!E31),-999,'Growth model'!E31)","v":-999},null,null,null,null,null,null,null,null,null,null,null,null,null,null,null,null,null,null,null,null,null,null,null,null,null,null,null,null,null,null,null,null,null,null,null,null,null,null,null,5,1658.964707558139,11.29669648266367,16.627614577806003,10.175331981360003,69.707059010842514,466.99040132336194,4.0056482412218921,1.038560899727655,526.42884615384617,449.65143733585796]
[null,null,null,"Minimum log SED (mm)",{"$f":"IF(ISBLANK('Growth model'!E32),-999,'Growth model'!E32)","v":-999},null,null,null,null,null,null,null,null,null,null,null,null,null,null,null,null,null,null,null,null,null,null,null,null,null,null,null,null,null,null,null,null,null,null,null,null,null,null,null,6,1647.9124945134081,13.17361983992202,22.461268586220502,11.926591347618938,106.7820052499022,460.33177858568376,5.0056482412218921,1.0320259422096056,526.42884615384617,446.04671235307944]
[null,null,null,"Stem break height (%)",{"$f":"IF(ISBLANK('Growth model'!E33),-999,'Growth model'!E33)","v":-999},null,null,null,null,null,null,null,null,null,null,null,null,null,null,null,null,null,null,null,null,null,null,null,null,null,null,null,null,null,null,null,null,null,null,null,null,null,null,null,7,1634.2727491226181,14.816164478668597,28.176432283614893,13.623237085742176,149.28816204659321,456.61391458384048,6.0056482412218921,1.0261172051326175,526.42884615384617,444.99196807135377]
[null,null,null,"Volume losses at harvest (%)",{"$f":"IF(ISBLANK('Growth model'!E34),-999,'Growth model'!E34)","v":-999},null,null,null,null,null,null,null,null,null,null,null,null,null,null,null,null,null,null,null,null,null,null,null,null,null,null,null,null,null,null,null,null,null,null,null,null,null,null,null,8,1618.2214526233054,16.299095126935541,33.764072531280121,15.268794605928514,196.71722899259225,455.47647631340021,7.0056482412218921,1.0206831271874808,526.42884615384617,446.24669907934856]
[null,null,null,"Wood density adjustment (±%)",{"$f":"IF(ISBLANK('Growth model'!E35),-999,'Growth model'!E35)","v":-999},null,null,null,null,null,null,null,null,null,null,null,null,null,null,null,null,null,null,null,null,null,null,null,null,null,null,null,null,null,null,null,null,null,null,null,null,null,null,null,9,1599.9486870045616,17.665248225712908,39.213483517834824,16.866123866781873,248.56064676389823,456.44182232149114,8.005648241221893,1.0156249157001593,526.42884615384617,449.41967774276765,995.45092995561276,12.751229099100048,40.761054288097476]
[null,null,null,"AG dead wood decay half life (years)",{"$f":"IF(ISBLANK('Growth model'!E36),-999,'Growth model'!E36)","v":-999},null,null,null,null,null,null,null,null,null,null,null,null,null,null,null,null,null,null,null,null,null,null,null,null,null,null,null,null,null,null,null,null,null,null,null,null,null,null,null,10,1579.6578012869616,18.941443045345146,44.512196233171842,18.417633951017137,304.30215327873509,458.98734315190501,9.005648241221893,1.0108739280429591,526.42884615384617,454.05003573541512]
[null,null,null,"BG dead wood decay half life (years)",{"$f":"IF(ISBLANK('Growth model'!E37),-999,'Growth model'!E37)","v":-999},null,null,null,null,null,null,null,null,null,null,null,null,null,null,null,null,null,null,null,null,null,null,null,null,null,null,null,null,null,null,null,null,null,null,null,null,null,null,null,11,1557.5622410728358,20.145346688052253,49.646059463031577,19.925411400866068,363.412728663564,462.60578280084576,10.005648241221893,1.0063801743952481,526.42884615384617,459.67298896645485]
[null,null,null,"Latitude (ºS)",{"$f":"IF(ISBLANK('Growth model'!E38),-999,'Growth model'!E38)","v":-999},null,null,null,null,null,null,null,null,null,null,null,null,null,null,null,null,null,null,null,null,null,null,null,null,null,null,null,null,null,null,null,null,null,null,null,null,null,null,null,12,1533.8816597044588,21.288925458605025,54.599569535731078,21.391301928295128,425.34864590083919,466.84675856464429,11.005648241221893,1.0021059096622251,526.42884615384617,465.86568751201361]
[null,null,null,"Elevation (m)",{"$f":"IF(ISBLANK('Growth model'!E39),-999,'Growth model'!E39)","v":-999},null,null,null,null,null,null,null,null,null,null,null,null,null,null,null,null,null,null,null,null,null,null,null,null,null,null,null,null,null,null,null,null,null,null,null,null,null,null,null,13,1508.8378928119587,22.380405193726123,59.356509483877865,22.816965067097385,489.55363821126969,471.33909058189823,12.005648241221893,0.99802180539827223,526.42884615384617,472.27333915194856]
[null,null,null,"Soil C%",{"$f":"IF(ISBLANK('Growth model'!E40),-999,'Growth model'!E40)","v":-999},null,null,null,null,null,null,null,null,null,null,null,null,null,null,null,null,null,null,null,null,null,null,null,null,null,null,null,null,null,null,null,null,null,null,null,null,null,null,null,14,1482.6510438016014,23.425512412542172,63.90090780473588,24.203912218234251,555.46599222815018,475.79728855189694,13.005648241221893,0.99410453544325883,526.42884615384617,478.61896972408931]
[null,null,null,"Soil N%",{"$f":"IF(ISBLANK('Growth model'!E41),-999,'Growth model'!E41)","v":-999},null,null,null,null,null,null,null,null,null,null,null,null,null,null,null,null,null,null,null,null,null,null,null,null,null,null,null,null,null,null,null,null,null,null,null,null,null,null,null,15,1455.5358100699445,24.428335654201806,68.21824360046088,25.553534028814653,622.53061078232224,480.01701971134304,14.005648241221893,0.99033518514458663,526.42884615384617,484.70157065182093]
[null,null,null,"Mean annual temperature (ºC)",{"$f":"IF(ISBLANK('Growth model'!E42),-999,'Growth model'!E42)","v":-999},null,null,null,null,null,null,null,null,null,null,null,null,null,null,null,null,null,null,null,null,null,null,null,null,null,null,null,null,null,null,null,null,null,null,null,null,null,null,null,16,1427.6981458212692,25.39195788265846,72.296730079426112,26.867120656720736,690.21487993151175,483.86425837168395,15.005648241221893,0.98669816479198913,526.42884615384617,490.387309551437]
[null,null,null,"Drift factor",{"$f":"IF(ISBLANK('Growth model'!E43),-999,'Growth model'!E43)","v":-999},null,null,null,null,null,null,null,null,null,null,null,null,null,null,null,null,null,null,null,null,null,null,null,null,null,null,null,null,null,null,null,null,null,null,null,null,null,null,null,17,1399.3323571860853,26.318921864376492,76.128442975023674,28.145877136361747,758.02593334128017,487.26184957216606,16.005648241221891,0.98318044469044674,526.42884615384617,495.59758048847272]
[null,null,null,null,null,null,null,null,null,null,null,null,null,null,null,null,null,null,null,null,null,null,null,null,null,null,null,null,null,null,null,null,null,null,null,null,null,null,null,null,null,null,null,null,18,1370.6187292084844,27.211551833315227,79.710064894794215,29.390935277702546,825.52621756640985,490.17601477750833,17.005648241221891,0.97977100263502648,526.42884615384617,500.29651159221265]
[null,null,null,null,null,null,null,null,null,null,null,null,null,null,null,null,null,null,null,null,null,null,null,null,null,null,null,null,null,null,null,null,null,null,null,null,null,null,null,null,null,null,null,null,19,1341.7217717972092,28.07214562637963,83.043102230054274,30.603363053195334,892.3445435499674,492.60424837778118,18.005648241221891,0.97646041586339039,526.42884615384617,504.47948567604601]
[null,null,null,null,null,null,null,null,null,null,null,null,null,null,null,null,null,null,null,null,null,null,null,null,null,null,null,null,null,null,null,null,null,null,null,null,null,null,null,null,null,null,null,null,20,1312.7891347394111,28.903057464278003,86.133565990206634,31.78417212613288,958.18100443524088,494.56524751690972,19.005648241221891,0.97324055383115105,526.42884615384617,508.16341917736463]
[null,null,null,null,null,null,null,null,null,null,null,null,null,null,null,null,null,null,null,null,null,null,null,null,null,null,null,null,null,null,null,null,null,null,null,null,null,null,null,null,null,null,null,null,21,1283.9511865257234,29.706700444549476,88.991233837298864,32.934323978391397,1022.805718361165,496.09099513659328,20.005648241221891,0.97010434293726389,526.42884615384617,511.37900654535594,899.96705491178966,28.476425322333583,503.94472067279094]
[null,null,null,null,null,null,null,null,null,null,null,null,null,null,null,null,null,null,null,null,null,null,null,null,null,null,null,null,null,null,null,null,null,null,null,null,null,null,null,null,null,null,null,null,22,1200,30.725416402577427,88.97473067198753,34.054734965203984,1054.5960376840935,497.22082370998061,21.005648241221891,0.96704558361755544,526.42884615384617,514.16482545730764,1255.3211938241593,30.485501545816618,1086.052662315275]
[null,null,null,null,null,null,null,null,null,null,null,null,null,null,null,null,null,null,null,null,null,null,null,null,null,null,null,null,null,null,null,null,null,null,null,null,null,null,null,null,null,null,null,null,23,1176.5875041879983,31.248410348191598,90.233950438009089,35.146280535730234,1101.1182916964881,497.99715554627863,22.005648241221891,0.9640588062275588,526.42884615384617,516.56304815572651]
[null,null,null,null,null,null,null,null,null,null,null,null,null,null,null,null,null,null,null,null,null,null,null,null,null,null,null,null,null,null,null,null,null,null,null,null,null,null,null,null,null,null,null,null,24,1151.40515683536,31.884238028918304,91.932725752889354,36.209798796325664,1153.2136226397006,498.46258332015321,23.005648241221891,0.96113915611058642,526.42884615384617,518.61645647365685]
[null,null,null,null,null,null,null,null,null,null,null,null,null,null,null,null,null,null,null,null,null,null,null,null,null,null,null,null,null,null,null,null,null,null,null,null,null,null,null,null,null,null,null,null,25,1126.6147284669571,32.535942256435327,93.668180288072108,37.246093549554814,1206.1227081521836,498.65797610842861,24.005648241221891,0.95828230093680811,526.42884615384617,520.36646781532443]
[null,null,null,null,null,null,null,null,null,null,null,null,null,null,null,null,null,null,null,null,null,null,null,null,null,null,null,null,null,null,null,null,null,null,null,null,null,null,null,null,null,null,null,null,26,1102.2387038343375,33.195699038206854,95.395782572041824,38.255936910374317,1259.2724629279101,498.62134184149818,25.005648241221891,0.95548435525541842,526.42884615384617,521.85191635943386]
[null,null,null,null,null,null,null,null,null,null,null,null,null,null,null,null,null,null,null,null,null,null,null,null,null,null,null,null,null,null,null,null,null,null,null,null,null,null,null,null,null,null,null,null,27,1078.3006373442188,33.858052122666436,97.085345777051984,39.2400715777719,1312.2264031972211,498.38722906612367,26.005648241221891,0.95274181850594597,526.42884615384617,523.10837982075338]
[null,null,null,null,null,null,null,null,null,null,null,null,null,null,null,null,null,null,null,null,null,null,null,null,null,null,null,null,null,null,null,null,null,null,null,null,null,null,null,null,null,null,null,null,28,1054.8229937492267,34.51926841944033,98.717156122992421,40.199212822977564,1364.6568323022786,497.98650002200122,27.005648241221891,0.95005152366555901,526.42884615384617,524.16788733797603,480.83835743985799,36.838434270073087,554.32520731641955]
[null,null,null,null,null,null,null,null,null,null,null,null,null,null,null,null,null,null,null,null,null,null,null,null,null,null,null,null,null,null,null,null,null,null,null,null,null,null,null,null,null,null,null,null,29,1031.8258280179837,35.176856324374803,100.27907653732821,41.134050242459431,1416.3219539019294,497.44634922125812,28.005648241221891,0.94741059438347153,526.42884615384617,525.05888383586409]
[null,null,null,null,null,null,null,null,null,null,null,null,null,null,null,null,null,null,null,null,null,null,null,null,null,null,null,null,null,null,null,null,null,null,null,null,null,null,null,null,null,null,null,null,30,1009.3260588549819,35.829211900848101,101.76440049692684,42.045249314107522,1467.0474001953755,496.79047590949358,29.005648241221891,0.94481640894854713,526.42884615384617,525.80635899661627]
[null,null,null,null,null,null,null,null,null,null,null,null,null,null,null,null,null,null,null,null,null,null,null,null,null,null,null,null,null,null,null,null,null,null,null,null,null,null,null,null,null,null,null,null,31,987.33715166701882,36.475359768984042,103.17026088774253,42.93345278747033,1516.7113344901061,496.03934540366924,30.005648241221891,0.94226656980412282,526.42884615384617,526.43207484988591]
[null,null,null,null,null,null,null,null,null,null,null,null,null,null,null,null,null,null,null,null,null,null,null,null,null,null,null,null,null,null,null,null,null,null,null,null,null,null,null,null,null,null,null,null,32,965.86907622964077,37.114763585787827,104.49645082959525,43.799281933058211,1565.2324454631828,495.21049440905972,31.005648241221891,0.93975887760066346,526.42884615384617,526.9548457721429]
[null,null,null,null,null,null,null,null,null,null,null,null,null,null,null,null,null,null,null,null,null,null,null,null,null,null,null,null,null,null,null,null,null,null,null,null,null,null,null,null,null,null,null,null,33,944.92844157898503,37.747187898923023,105.74455365673968,44.643337671143996,1612.5603186963951,494.31885024232525,32.005648241221891,0.93729130898700252,526.42884615384617,527.39083943557614]
[null,null,null,null,null,null,null,null,null,null,null,null,null,null,null,null,null,null,null,null,null,null,null,null,null,null,null,null,null,null,null,null,null,null,null,null,null,null,null,null,null,null,null,null,34,924.51873840629241,38.372598110503894,106.91730658926323,45.466201596870363,1658.66778055349,493.37704458926152,33.005648241221891,0.9348619975021456,526.42884615384617,527.75387801356123]
[null,null,null,null,null,null,null,null,null,null,null,null,null,null,null,null,null,null,null,null,null,null,null,null,null,null,null,null,null,null,null,null,null,null,null,null,null,null,null,null,null,null,null,null,35,904.63935130561231,38.995892292794778,108.04460376596583,46.268436915588524,1703.96221493446,492.39570999738925,34.005648241221891,0.93246921705443531,526.42884615384617,528.05572665745638,244.91085595241512,46.686837415823497,519.55176217350595]
[null,null,null,null,null,null,null,null,null,null,null,null,null,null,null,null,null,null,null,null,null,null,null,null,null,null,null,null,null,null,null,null,null,null,null,null,null,null,null,null,null,null,null,null,36,885.28768223629481,39.611080371199137,109.09571133321377,47.050589300038141,1747.9128367909482,491.3837525504191,35.005648241221891,0.93011136757234469,526.42884615384617,528.30636167039313]
[null,null,null,null,null,null,null,null,null,null,null,null,null,null,null,null,null,null,null,null,null,null,null,null,null,null,null,null,null,null,null,null,null,null,null,null,null,null,null,null,null,null,null,null,37,866.46063126246383,40.218752724530823,110.07682947377496,47.813187679107166,1790.5615111972804,490.34859772257226,36.005648241221891,0.92778696248787484,526.42884615384617,528.5142145215051]
[null,null,null,null,null,null,null,null,null,null,null,null,null,null,null,null,null,null,null,null,null,null,null,null,null,null,null,null,null,null,null,null,null,null,null,null,null,null,null,null,null,null,null,null,38,848.15295743557124,40.819417490741088,110.99353105040093,48.556744966388244,1831.9486501215065,489.29640874415054,37.005648241221891,0.9254946177743657,526.42884615384617,528.68639033343391]
[null,null,null,null,null,null,null,null,null,null,null,null,null,null,null,null,null,null,null,null,null,null,null,null,null,null,null,null,null,null,null,null,null,null,null,null,null,null,null,null,null,null,null,null,39,830.35766276612549,41.413511425749199,111.85082465505739,49.281758735501519,1872.1130431694824,488.23227828244984,38.005648241221891,0.92323304230909564,526.42884615384617,528.82886108726507]
[null,null,null,null,null,null,null,null,null,null,null,null,null,null,null,null,null,null,null,null,null,null,null,null,null,null,null,null,null,null,null,null,null,null,null,null,null,null,null,null,null,null,null,null,40,813.06632386521335,42.001409511393021,112.65321353309439,49.988711848127522,1911.091783005628,487.16039511613207,39.005648241221891,0.92100102937009387,526.42884615384617,528.94663478206837,187.68618560291142,52.337712816381412,542.72452400709437]
[null,null,null,null,null,null,null,null,null,null,null,null,null,null,null,null,null,null,null,null,null,null,null,null,null,null,null,null,null,null,null,null,null,null,null,null,null,null,null,null,null,null,null,null,41,796.26937725962989,42.583433371973655,113.40474963299245,50.678073039843099,1948.920254196481,486.08418794632104,40.005648241221891,0.91879744910816197,526.42884615384617,529.04390235099424]
[null,null,null,null,null,null,null,null,null,null,null,null,null,null,null,null,null,null,null,null,null,null,null,null,null,null,null,null,null,null,null,null,null,null,null,null,null,null,null,null,null,null,null,null,42,779.95636394965891,43.159858593434777,114.10908254477283,51.35029746814552,1985.6321632647443,485.00644867990115,41.005648241221891,0.91662124186079352,526.42884615384617,529.12416440983884]
[null,null,null,null,null,null,null,null,null,null,null,null,null,null,null,null,null,null,null,null,null,null,null,null,null,null,null,null,null,null,null,null,null,null,null,null,null,null,null,null,null,null,null,null,43,764.11613828498071,43.730921054396035,114.76950340772338,52.005827226457356,2021.2595943627166,483.92943753586189,42.005648241221891,0.91447141219569761,526.42884615384617,529.19033999534213]
[null,null,null,null,null,null,null,null,null,null,null,null,null,null,null,null,null,null,null,null,null,null,null,null,null,null,null,null,null,null,null,null,null,null,null,null,null,null,null,null,null,null,null,null,44,748.73704572584506,44.296822381312829,115.38898405318652,52.645091827406155,2055.8330797627927,482.85497223122297,43.005648241221891,0.91234702358891251,526.42884615384617,529.24485940865952]
[null,null,null,null,null,null,null,null,null,null,null,null,null,null,null,null,null,null,null,null,null,null,null,null,null,null,null,null,null,null,null,null,null,null,null,null,null,null,null,null,null,null,null,null,45,733.80707356067455,44.857734635922206,115.97021174548348,53.268508658252301,2089.3816777909442,481.784503345313,44.005648241221891,0.91024719365678486,526.42884615384617,529.28974316285917]
[null,null,null,null,null,null,null,null,null,null,null,null,null,null,null,null,null,null,null,null,null,null,null,null,null,null,null,null,null,null,null,null,null,null,null,null,null,null,null,null,null,null,null,null,46,719.31397818345215,45.413804335140512,116.51561992482287,53.876483410980605,2121.9330532613844,480.71917777124145,45.005648241221891,0.90817108987295025,526.42884615384617,529.32666887523612]
[null,null,null,null,null,null,null,null,null,null,null,null,null,null,null,null,null,null,null,null,null,null,null,null,null,null,null,null,null,null,null,null,null,null,null,null,null,null,null,null,null,null,null,null,47,705.24539210282467,45.965155893805651,117.02741536160427,54.469410489267659,2153.5135571815927,479.65989196199132,46.005648241221891,0.90611792571134653,526.42884615384617,529.35702776814071]
[null,null,null,null,null,null,null,null,null,null,null,null,null,null,null,null,null,null,null,null,null,null,null,null,null,null,null,null,null,null,null,null,null,null,null,null,null,null,null,null,null,null,null,null,48,691.58891346326209,46.511894570401999,117.50760211619084,55.047673394275485,2184.1483036896298,478.60733647890061,47.005648241221891,0.90408695716458254,526.42884615384617,529.38197226063244]
[null,null,null,null,null,null,null,null,null,null,null,null,null,null,null,null,null,null,null,null,null,null,null,null,null,null,null,null,null,null,null,null,null,null,null,null,null,null,null,null,null,null,null,null,49,678.33218050719245,47.054108985930711,117.95800267140217,55.611645090999218,2213.8612430088751,477.56203316049937,48.005648241221891,0.90207747959395934,526.42884615384617,529.40245595695205]
[null,null,null,null,null,null,null,null,null,null,null,null,null,null,null,null,null,null,null,null,null,null,null,null,null,null,null,null,null,null,null,null,null,null,null,null,null,null,null,null,null,null,null,null,50,665.46293309431394,47.591873276807505,118.38027657272562,56.161688356703415,2242.6752297663434,476.52436605426607,49.005648241221891,0.90008882487332731,526.42884615384617,529.41926717213607]
[null,null,null,null,null,null,null,null,null,null,null,null,null,null,null,null,null,null,null,null,null,null,null,null,null,null,null,null,null,null,null,null,null,null,null,null,null,null,null,null,null,null,null,null,51,652.96894055234588,48.126809421179381,118.78361745236424,56.698156112814573,2270.7589141714388,475.494607095064,50.005648241221891,0.89812035879395957,526.42884615384617,529.43305698312156]
[null,null,null,null,null,null,null,null,null,null,null,null,null,null,null,null,null,null,null,null,null,null,null,null,null,null,null,null,null,null,null,null,null,null,null,null,null,null,null,null,null,null,null,null,52,640.83758141082046,48.660753624664842,119.17784151534696,57.221391741493143,2298.2996804929271,474.47293737241955,51.005648241221891,0.89617147870186387,526.42884615384617,529.44436265669867]
[null,null,null,null,null,null,null,null,null,null,null,null,null,null,null,null,null,null,null,null,null,null,null,null,null,null,null,null,null,null,null,null,null,null,null,null,null,null,null,null,null,null,null,null,53,629.05640934320479,49.193664300368553,119.56327965402981,57.731729387981808,2325.3071692758535,473.45946470406028,52.005648241221891,0.8942416113425844,526.42884615384617,529.45362718384808]
[null,null,null,null,null,null,null,null,null,null,null,null,null,null,null,null,null,null,null,null,null,null,null,null,null,null,null,null,null,null,null,null,null,null,null,null,null,null,null,null,null,null,null,null,54,617.61337689407765,49.725502840470796,119.94024794035229,58.229494249716879,2351.7909909516043,472.45423812427742,53.005648241221891,0.8923302108916481,526.42884615384617,529.46121554282502]
[null,null,null,null,null,null,null,null,null,null,null,null,null,null,null,null,null,null,null,null,null,null,null,null,null,null,null,null,null,null,null,null,null,null,null,null,null,null,null,null,null,null,null,null,55,606.4968329945259,50.256233441375606,120.30904834755982,58.71500285309309,2377.7607111936841,471.45725980142453,54.005648241221891,0.89043675715147608,526.42884615384617,529.46742821986049]
[null,null,null,null,null,null,null,null,null,null,null,null,null,null,null,null,null,null,null,null,null,null,null,null,null,null,null,null,null,null,null,null,null,null,null,null,null,null,null,null,null,null,null,null,56,595.69551866493498,50.785822939303529,120.66996943960145,59.18856331868696,2403.2258379301802,470.46849481778952,55.005648241221891,0.88856075389788081,526.42884615384617,529.47251243538358]
[null,null,null,null,null,null,null,null,null,null,null,null,null,null,null,null,null,null,null,null,null,null,null,null,null,null,null,null,null,null,null,null,null,null,null,null,null,null,null,null,null,null,null,null,57,585.19856122932049,51.314240655682994,121.0232870287595,59.650475615669528,2428.1958098560604,469.48787917571462,56.005648241221891,0.88670172736125585,526.42884615384617,529.47667145396019]
[null,null,null,null,null,null,null,null,null,null,null,null,null,null,null,null,null,null,null,null,null,null,null,null,null,null,null,null,null,null,null,null,null,null,null,null,null,null,null,null,null,null,null,null,58,574.99546732096906,51.841458251735581,121.36926480224633,60.101031806072839,2452.6799863028473,468.51532633477768,57.005648241221891,0.88485922482928603,526.42884615384617,529.48007229643486]
[null,null,null,null,null,null,null,null,null,null,null,null,null,null,null,null,null,null,null,null,null,null,null,null,null,null,null,null,null,null,null,null,null,null,null,null,null,null,null,null,null,null,null,null,59,565.07611492029844,52.367449591688079,121.70815491863949,60.540516279515806,2476.6876383364111,467.55073253475837,58.005648241221891,0.88303281335950112,526.42884615384617,529.48285212183691]
[null,null,null,null,null,null,null,null,null,null,null,null,null,null,null,null,null,null,null,null,null,null,null,null,null,null,null,null,null,null,null,null,null,null,null,null,null,null,null,null,null,null,null,null,60,555.4307446318702,52.892190614080633,122.04019857512515,60.969205978943599,2500.2279409655812,466.59398111679241,59.005648241221891,0.88122207859129953,526.42884615384617,529.48512350334931]
[null,null,null,null,null,null,null,null,null,null,null,null,null,null,null,null,null,null,null,null,null,null,null,null,null,null,null,null,null,null,null,null,null,null,null,null,null,null,null,null,null,null,null,null,61,546.04995037782157,53.415659210673624,122.36562654659025,61.387370617887491,2523.3099663551752,465.64494601946325,60.005648241221891,0.87942662364820956,526.42884615384617,529.48697878600012]
[null,null,null,null,null,null,null,null,null,null,null,null,null,null,null,null,null,null,null,null,null,null,null,null,null,null,null,null,null,null,null,null,null,null,null,null,null,null,null,null,null,null,null,null,62,536.92466965911262,53.937835112487001,122.68465969764823,61.795272889711285,2545.9426779469472,464.70349459663277,61.005648241221891,0.87764606812214596,526.42884615384617,529.48849368280639]
[null,null,null,null,null,null,null,null,null,null,null,null,null,null,null,null,null,null,null,null,null,null,null,null,null,null,null,null,null,null,null,null,null,null,null,null,null,null,null,null,null,null,null,null,63,528.04617351346224,54.458699782535192,122.99750946870979,62.193168669273,2568.1349254009438,463.76948987872498,62.005648241221891,0.87588004713230128,526.42884615384617,529.48973024005056]
[null,null,null,null,null,null,null,null,null,null,null,null,null,null,null,null,null,null,null,null,null,null,null,null,null,null,null,null,null,null,null,null,null,null,null,null,null,null,null,null,null,null,null,null,64,519.40605627923969,54.978236314848708,123.30437833721902,62.581307207397423,2589.8954402779027,462.84279237820249,63.005648241221891,0.87412821045207478,526.42884615384617,529.49073928049188]
[null,null,null,null,null,null,null,null,null,null,null,null,null,null,null,null,null,null,null,null,null,null,null,null,null,null,null,null,null,null,null,null,null,null,null,null,null,null,null,null,null,null,null,null,65,510.99622525758366,55.496429339397977,123.60546025517283,62.959931318524745,2611.2328323907113,461.92326152248046,64.005648241221891,0.87239022169812297,526.42884615384617,529.49156241496917]
[null,null,null,null,null,null,null,null,null,null,null,null,null,null,null,null,null,null,null,null,null,null,null,null,null,null,null,null,null,null,null,null,null,null,null,null,null,null,null,null,null,null,null,null,66,502.80889035023915,56.013264932560666,123.90094106402803,63.329277561874214,2632.1555867596749,461.0107567829582,65.005648241221891,0.87066575757621245,526.42884615384617,529.49223369750393]
[null,null,null,null,null,null,null,null,null,null,null,null,null,null,null,null,null,null,null,null,null,null,null,null,null,null,null,null,null,null,null,null,null,null,null,null,null,null,null,null,null,null,null,null,67,494.83655373784546,56.528730532794945,124.19099888808076,63.689576416436438,2652.6720611123887,460.10513855674702,66.005648241221891,0.86895450717908818,526.42884615384617,529.49278098619857]
[null,null,null,null,null,null,null,null,null,null,null,null,null,null,null,null,null,null,null,null,null,null,null,null,null,null,null,null,null,null,null,null,null,null,null,null,null,null,null,null,null,null,null,null,68,487.07199965234764,57.042814861202871,124.47580450737365,64.04105245008671,2672.7904838745276,459.20626884762873,67.005648241221891,0.86725617133203581,526.42884615384617,529.49322706153225]
[null,null,null,null,null,null,null,null,null,null,null,null,null,null,null,null,null,null,null,null,null,null,null,null,null,null,null,null,null,null,null,null,null,null,null,null,null,null,null,null,null,null,null,null,69,479.5082842876721,57.555507846688101,124.7555217111577,64.383924483091178,2692.5189526028562,458.31401178446447,68.005648241221891,0.8655704619822403,526.42884615384617,529.49359054476156]
[null,null,null,null,null,null,null,null,null,null,null,null,null,null,null,null,null,null,null,null,null,null,null,null,null,null,null,null,null,null,null,null,null,null,null,null,null,null,null,null,null,null,null,null,70,472.13872588459407,58.0668005554299,125.03030763289834,64.718405746259634,2711.865432816287,457.42823400839461,69.005648241221891,0.86389710162840827,526.42884615384617,529.49388665173478]
[null,null,null,null,null,null,null,null,null,null,null,null,null,null,null,null,null,null,null,null,null,null,null,null,null,null,null,null,null,null,null,null,null,null,null,null,null,null,null,null,null,null,null,null,71,464.95689501865996,58.576685124413608,125.30031306778037,65.044704033982015,2730.8377571848873,456.5488049544885,70.005648241221891,0.86223582278745681,526.42884615384617,529.49412781128308]
[null,null,null,null,null,null,null,null,null,null,null,null,null,null,null,null,null,null,null,null,null,null,null,null,null,null,null,null,null,null,null,null,null,null,null,null,null,null,null,null,null,null,null,null,72,457.95660511396824,59.085154698773579,125.56568277362665,65.36302185237065,2749.4436250404856,455.67559704881768,71.005648241221891,0.86058636749536865,526.42884615384617,529.49432417225682]
[null,null,null,null,null,null,null,null,null,null,null,null,null,null,null,null,null,null,null,null,null,null,null,null,null,null,null,null,null,null,null,null,null,null,null,null,null,null,null,null,null,null,null,null,73,451.13190320043043,59.592203372719709,125.8265557561074,65.67355656271657,2767.6906021758696,454.80848583807006,72.005648241221891,0.85894848683957148,526.42884615384617,529.49448401905863]
[null,null,null,null,null,null,null,null,null,null,null,null,null,null,null,null,null,null,null,null,null,null,null,null,null,null,null,null,null,null,null,null,null,null,null,null,null,null,null,null,null,null,null,null,74,444.47706092770733,60.097826133833479,126.08306553907661,65.976500520454977,2785.5861209026134,453.94735006564537,73.005648241221891,0.85732194052044641,526.42884615384617,529.49461411202401]
[null,null,null,null,null,null,null,null,null,null,null,null,null,null,null,null,null,null,null,null,null,null,null,null,null,null,null,null,null,null,null,null,null,null,null,null,null,null,null,null,null,null,null,null,75,437.98656584525378,60.602018810532108,126.33534042083431,66.272041209824025,2803.1374803403723,453.09207170556601,74.005648241221891,0.8557064964397747,526.42884615384617,529.49471996611749]
[null,null,null,null,null,null,null,null,null,null,null,null,null,null,null,null,null,null,null,null,null,null,null,null,null,null,null,null,null,null,null,null,null,null,null,null,null,null,null,null,null,null,null,null,76,431.65511295471248,61.10477802251264,126.58350371707344,66.56036137438997,2820.3518469129499,452.24253596340048,75.005648241221891,0.85410193031412884,526.42884615384617,529.4948060790249]
[null,null,null,null,null,null,null,null,null,null,null,null,null,null,null,null,null,null,null,null,null,null,null,null,null,null,null,null,null,null,null,null,null,null,null,null,null,null,null,null,null,null,null,null,77,425.47759653820691,61.606101133998827,126.82767399123365,66.841639143601682,2837.2362550287471,451.39863125164175,76.005648241221891,0.85250802531138414,526.42884615384617,529.49487611775317]
[null,null,null,null,null,null,null,null,null,null,null,null,null,null,null,null,null,null,null,null,null,null,null,null,null,null,null,null,null,null,null,null,null,null,null,null,null,null,null,null,null,null,null,null,78,419.44910226381904,62.10598620962525,127.06796527294708,67.116048155529072,2853.7976079252699,450.56024914554899,77.005648241221891,0.85092457170868319,526.42884615384617,529.49493307122384]
[null,null,null,null,null,null,null,null,null,null,null,null,null,null,null,null,null,null,null,null,null,null,null,null,null,null,null,null,null,null,null,null,null,null,null,null,null,null,null,null,null,null,null,null,79,413.56489956764818,62.604431972802956,127.30448726522526,67.38375767593088,2870.0426786592216,449.72728432429227,78.005648241221891,0.84935136657032584,526.42884615384617,529.49497937501121]
[null,null,null,null,null,null,null,null,null,null,null,null,null,null,null,null,null,null,null,null,null,null,null,null,null,null,null,null,null,null,null,null,null,null,null,null,null,null,null,null,null,null,null,null,80,407.82043431027745,63.101437766420808,127.53734554100329,67.644932713789956,2885.9781112254391,448.89963450127954,79.005648241221891,0.8477882134441832,526.42884615384617,529.49501701327233]
[null,null,null,null,null,null,null,null,null,null,null,null,null,null,null,null,null,null,null,null,null,null,null,null,null,null,null,null,null,null,null,null,null,null,null,null,null,null,null,null,null,null,null,null,81,402.21132170418514,63.597003515745477,127.76664172962312,67.899734133446813,2901.6104217894654,448.07720034677055,80.005648241221891,0.84623492207535156,526.42884615384617,529.49504760200887]
[null,null,null,null,null,null,null,null,null,null,null,null,null,null,null,null,null,null,null,null,null,null,null,null,null,null,null,null,null,null,null,null,null,null,null,null,null,null,null,null,null,null,null,null,82,396.73333950758234,64.091129693391807,127.99247369380723,68.148318763455322,2916.9460000199383,447.25988540524645,81.005648241221891,0.84469130813586324,526.42884615384617,529.49507245705854]
[null,null,null,null,null,null,null,null,null,null,null,null,null,null,null,null,null,null,null,null,null,null,null,null,null,null,null,null,null,null,null,null,null,null,null,null,null,null,null,null,null,null,null,null,83,391.38242147931379,64.583817286242777,128.21493569764317,68.390839502278808,2931.9911105082906,446.44759600948896,82.005648241221891,0.84315719296936753,526.42884615384617,529.49509264959647]
[null,null,null,null,null,null,null,null,null,null,null,null,null,null,null,null,null,null,null,null,null,null,null,null,null,null,null,null,null,null,null,null,null,null,null,null,null,null,null,null,null,null,null,null,84,386.15465108878527,65.075067764205969,128.43411856607156,68.627445420938173,2946.7518942643787,445.64024119290804,83.005648241221891,0.84163240334978207,526.42884615384617,529.49510905142768]
[null,null,null,null,null,null,null,null,null,null,null,null,null,null,null,null,null,null,null,null,null,null,null,null,null,null,null,null,null,null,null,null,null,null,null,null,null,null,null,null,null,null,null,null,85,381.04625547435847,65.564883050700345,128.65010983634173,68.858281862719068,2961.2343702777371,444.83773260131829,84.005648241221891,0.840116771252989,526.42884615384617,529.49512237193733]
[null,null,null,null,null,null,null,null,null,null,null,null,null,null,null,null,null,null,null,null,null,null,null,null,null,null,null,null,null,null,null,null,null,null,null,null,null,null,null,null,null,null,null,null,86,376.05359964326669,66.053265494773441,128.86299390187406,69.083490540039492,2975.4444371350946,444.03998440509275,85.005648241221891,0.83861013364072745,526.42884615384617,529.49513318822574]
[null,null,null,null,null,null,null,null,null,null,null,null,null,null,null,null,null,null,null,null,null,null,null,null,null,null,null,null,null,null,null,null,null,null,null,null,null,null,null,null,null,null,null,null,87,371.17318090581301,66.54021784475529,129.07285214894341,69.30320962857482,2989.3878746856949,443.24691321240209,86.005648241221891,0.83711233225589221,526.42884615384617,529.49514196967823]
[null,null,null,null,null,null,null,null,null,null,null,null,null,null,null,null,null,null,null,null,null,null,null,null,null,null,null,null,null,null,null,null,null,null,null,null,null,null,null,null,null,null,null,null,88,366.40162353642751,67.025743223361317,129.27976308657358,69.517573858732831,3003.0703457467039,442.45843798407486,87.005648241221891,0.8356232134285142,526.42884615384617,529.49514909799268]
[null,null,null,null,null,null,null,null,null,null,null,null,null,null,null,null,null,null,null,null,null,null,null,null,null,null,null,null,null,null,null,null,null,null,null,null,null,null,null,null,null,null,null,null,89,361.73567365404529,67.509845104161172,129.48380247001248,69.726714604566951,3016.497397841782,441.67447995046939,88.005648241221891,0.83414262789174698,526.42884615384617,529.49515488349891]
[null,null,null,null,null,null,null,null,null,null,null,null,null,null,null,null,null,null,null,null,null,null,null,null,null,null,null,null,null,null,null,null,null,null,null,null,null,null,null,null,null,null,null,null,90,357.17219431421904,67.992527289335953,129.6850434181348,69.93075997021225,3029.6744649664734,440.8949625306393,89.005648241221891,0.83267043060723667,526.42884615384617,529.4951595784546]
[null,null,null,null,null,null,null,null,null,null,null,null,null,null,null,null,null,null,null,null,null,null,null,null,null,null,null,null,null,null,null,null,null,null,null,null,null,null,null,null,null,null,null,null,91,352.70816080538685,68.473793888651116,129.88355652510106,70.129834873924935,3042.606869374747,440.11981125398506,90.005648241221891,0.83120648059929814,526.42884615384617,529.49516338787396]
[null,null,null,null,null,null,null,null,null,null,null,null,null,null,null,null,null,null,null,null,null,null,null,null,null,null,null,null,null,null,null,null,null,null,null,null,null,null,null,null,null,null,null,null,92,348.34065614177229,68.953649299575844,130.07940996658152,70.324061129803056,3055.2998233815119,439.34895368451032,91.005648241221891,0.82975064079735772,526.42884615384617,529.49516647834491]
[null,null,null,null,null,null,null,null,null,null,null,null,null,null,null,null,null,null,null,null,null,null,null,null,null,null,null,null,null,null,null,null,null,null,null,null,null,null,null,null,null,null,null,null,93,344.06686674547916,69.4320981884849,130.27266960083728,70.513557527261966,3067.7584311764413,438.58231934775364,92.005648241221891,0.8283027778861678,526.42884615384617,529.49516898520801]
[null,null,null,null,null,null,null,null,null,null,null,null,null,null,null,null,null,null,null,null,null,null,null,null,null,null,null,null,null,null,null,null,null,null,null,null,null,null,null,null,null,null,null,null,94,339.88407831046993,69.909145472882045,130.4633990649337,70.698439908336326,3079.9876906449272,437.81983966041594,93.005648241221891,0.82686276216332721,526.42884615384617,529.49517101839808]
[null,null,null,null,null,null,null,null,null,null,null,null,null,null,null,null,null,null,null,null,null,null,null,null,null,null,null,null,null,null,null,null,null,null,null,null,null,null,null,null,null,null,null,null,95,335.78967184125912,70.384796304587923,130.65165986634511,70.878821242876327,3091.9924951923313,437.06144786267663,94.005648241221891,0.82543046740367754,526.42884615384617,529.49517266719852]
[null,null,null,null,null,null,null,null,null,null,null,null,null,null,null,null,null,null,null,null,null,null,null,null,null,null,null,null,null,null,null,null,null,null,null,null,null,null,null,null,null,null,null,null,96,331.78111985931929,70.85905605383887,130.83751147019589,71.054811701703997,3103.7776355681472,436.30707895316334,95.005648241221891,0.82400577073017456,526.42884615384617,529.49517400410855]
[null,null,null,null,null,null,null,null,null,null,null,null,null,null,null,null,null,null,null,null,null,null,null,null,null,null,null,null,null,null,null,null,null,null,null,null,null,null,null,null,null,null,null,null,97,327.85598277038008,71.331930294246064,131.02101138236887,71.22651872779231,3115.347801686994,435.55666962652333,96.005648241221891,0.82258855249085916,526.42884615384617,529.49517508798954]
[null,null,null,null,null,null,null,null,null,null,null,null,null,null,null,null,null,null,null,null,null,null,null,null,null,null,null,null,null,null,null,null,null,null,null,null,null,null,null,null,null,null,null,null,98,324.01190538599059,71.803424788567298,131.20221522869849,71.394047105527719,3126.7075844436736,434.81015821352867,97.005648241221891,0.82117869614158223,526.42884615384617,529.49517596662247]
[null,null,null,null,null,null,null,null,null,null,null,null,null,null,null,null,null,null,null,null,null,null,null,null,null,null,null,null,null,null,null,null,null,null,null,null,null,null,null,null,null,null,null,null,99,320.24661359291616,72.273545475247104,131.38117683045434,71.557499028114265,3137.8614775198257,434.06748462363981,98.005648241221891,0.81977608813415437,526.42884615384617,529.49517667878808]
[null,null,null,null,null,null,null,null,null,null,null,null,null,null,null,null,null,null,null,null,null,null,null,null,null,null,null,null,null,null,null,null,null,null,null,null,null,null,null,null,null,null,null,null,100,316.55791116415025,72.742298455682359,131.55794827630842,71.716974163175124,3148.813879179957,433.32859028994432,99.005648241221891,0.81838061780961935,526.42884615384617,529.4951772559574]

{"sheet":"300 Index","index":2,"n_rows":105,"n_cols":44,"rows_kept":105,"cut":false,"hidden":true,"merged":[]}
["300 Index Growth Model Version 1.09 (CTRL+A)",null,null,null,null,null,null,"Model last updated June 2014",null,null,null,null,null,null,null,null,null,null,"Crop elements",null,null,22,23,24,25,26,27,28,29,30,31,32,33,34,35,36,37,38,39,40,41,42,43,44]
["Site Productivity Indices",null,null,null,"Site Location",null,null,"Stocking",null,"MTH",null,"Volume",null,"BA",null,"DBH",null,"Mean","Element 1",null,null,"Element 2",null,null,"Element 3",null,null,"Element 4",null,null,"DBH20",null,null,null,null,null,"Pruning","Lift","Volume","Density","Density","Density","DBH20","Density"]
[null,"300Index",29,null,"Latitude",36,"Age","b4 thin","aft thin",null,"Crown Lth","b4 thin","aft thin","b4 thin","aft thin","b4 thin","aft thin","Height","stocking","dia","vol","stocking","dia","vol","stocking","dia","vol","stocking","dia","vol",null,null,null,null,null,null,"stems","height","Mortality","Sheath","Tree","BH out5rings",null,"BH outring"]
[null,"SI",30,null,"Altitude",200,"yrs","sph","sph","m","m","m3/ha","m3/ha","m2/ha","m2/ha","cm",null,"m","sph","cm","m3/ha","sph","cm","m3/ha","sph","cm","m3/ha","sph","cm","m3/ha","cm",null,null,null,null,null,"sph","m","m3/ha","t/m3","t/m3","t/m3","cm","t/m3"]
[null,null,null,null,null,null,0,1000,null,0.25,null,6.3999999999999994E-3,null,0,null,0,null,0.23298248805302937,1000,0,0,null,null,null,null,null,null,null,null,null,null,null,null,null,null,null,null,null,0,0.30517735417290243,0.30517735417290243,null,33.225607730656577,0.2891362800077763]
["Data used to estimate 300 Index (CTRL+I)",null,null,null,null,null,1,1000,null,0.93349934523351541,null,0.16467212699545017,null,0,null,0,null,0.86995600019351293,1000,0,0,null,null,null,null,null,null,null,null,null,null,null,null,null,null,null,null,null,0,0.30410350229466443,0.3041452376638864,null,33.202369800874642,0.2891362800077763]
[null,"Age",12.05,null,null,null,2,999.79342392204137,null,2.1394202081104723,null,1.034641539075307,null,6.7273061380560634E-2,null,0.9255068972206919,null,1.99379317697244,999.79342392204137,0.9255068972206919,0.23811309312535797,null,null,null,null,null,null,null,null,null,null,null,null,null,null,null,null,null,6.702691200123822E-5,0.30306537052828508,0.3032372406991376,null,33.18539865007078,0.2891362800077763]
[null,"Sph",800,null,"Mode",1,3,999.33451711155271,null,3.6086129223741215,null,3.0778405424513369,null,1.2317723414827424,null,3.9611745650940984,null,3.362992985416593,999.33451711155271,3.9611745650940984,3.0778405424513369,null,null,null,null,null,null,null,null,null,null,null,null,null,null,null,null,null,5.1078618278812854E-4,0.30913684766315352,0.30715364601738943,null,33.175580967490497,0.29821626320155203]
[null,"DBH",null,null,null,null,4,998.87511776458871,null,5.2344243005121021,null,12.216425915239745,null,4.5329356687516489,null,7.6006088355829391,null,4.8781622315921265,998.87511776458871,7.6006088355829391,12.216425915239745,null,null,null,null,null,null,null,null,null,null,null,null,null,null,null,null,null,1.9025201622394964E-3,0.31149677101105055,0.31040255194246452,null,33.169213338520144,0.30248245778525457]
[null,"BA",25.132741228789843,null,null,null,5,998.39680742683356,null,6.9523386085565893,null,31.438588968065776,null,10.144958669583943,null,11.373332895576919,null,6.4791786917315868,998.39680742683356,11.373332895576919,31.438588968065776,null,null,null,null,null,null,null,null,null,null,null,null,null,null,null,null,null,5.6566623000914272E-3,0.31690902947197919,0.314380738498449,null,33.166986782757419,0.31069894709758361]
[null,"Vol",null,null,null,null,6,997.77815716954581,null,8.7187821028842389,null,63.111055852778151,null,17.636875873616756,null,15.000579426494749,null,8.1254440241108572,997.77815716954581,15.000579426494749,63.111055852778151,null,null,null,null,null,null,null,null,null,null,null,null,null,null,null,null,null,1.5855377712092947E-2,0.32330158912147605,0.31885769332234543,null,33.170322695024552,0.32021681347468406]
[null,null,null,null,null,null,7,996.67764180971426,null,10.502766458273999,null,107.03453483707717,null,26.163256464591807,null,18.280275768926089,null,9.7881131336338996,996.67764180971426,18.280275768926089,107.03453483707717,null,null,null,null,null,null,null,null,null,null,null,null,null,null,null,null,null,5.0806508572381906E-2,0.33054445697119089,0.32365355961265896,null,33.183338627790057,0.33089262177493894]
["Data used to estimate Site Index (CTRL+J)",null,null,null,null,null,8,994.5675862687068,null,12.281663530921813,null,160.3113814732711,null,34.72024165013471,null,21.080864697290508,null,11.446169486862438,994.5675862687068,21.080864697290508,160.3113814732711,null,null,null,null,null,null,null,null,null,null,null,null,null,null,null,null,null,0.15335188449353099,0.33876209350091796,0.32867463194991364,null,33.210623425369064,0.34292408405839286]
[null,"Age",12.05,null,null,null,9,990.95269543431675,500,14.038745448824894,null,218.79178696603168,127.97289860564292,42.518613832592607,24.869444746093848,23.370999649905109,25.162989950233442,13.255234649064594,500,25.162989950233442,127.97289860564292,null,null,null,null,null,null,null,null,null,null,null,null,null,null,null,null,null,0.37376949261781056,0.34768098297032163,0.3337548003146602,null,41.210198532841346,0.35596073424965502]
[null,"MTH",15,null,null,null,10,499.30751526555247,null,15.761615679210163,null,167.79838241410064,null,29.596035479327082,null,27.469257471088319,null,14.882569255742048,499.30751526555247,27.469257471088319,167.79838241410064,null,null,null,null,null,null,null,null,null,null,null,null,null,null,null,null,null,0.11092443158963827,0.34905482395025283,0.33738612759447023,null,41.225293313517852,0.35835859359905031]
[null,null,null,null,null,null,11,498.39463347953171,null,17.441143122948919,null,211.55917496676642,null,34.21071793038638,null,29.560285022185955,null,16.469332764458031,498.39463347953171,29.560285022185955,211.55917496676642,null,null,null,null,null,null,null,null,null,null,null,null,null,null,null,null,null,0.18787749345879229,0.35361514347813666,0.34074308243951823,null,41.245221910488461,0.36509481818393019]
["Stocking history",null,null,null,"thinning",null,12,497.22951489029521,null,19.070704168770586,null,258.11867532260106,null,38.607735265754748,null,31.439303426628662,null,18.009364627219952,497.22951489029521,31.439303426628662,258.11867532260106,null,null,null,null,null,null,null,null,null,null,null,null,null,null,null,null,null,0.29754128444150013,0.35822837061373564,0.34389708235816752,null,41.270706072744815,0.3717733440787811]
[null,"Age","b4 thin","aft thin","coeff.","dbh ratio",13,495.79239022875032,null,20.645625160315561,null,306.60121760561805,null,42.747437507919528,null,33.129838328730784,null,19.498340093621415,495.79239022875032,33.129838328730784,306.60121760561805,null,null,null,null,null,null,null,null,null,null,null,null,null,null,null,null,null,0.44249293683767976,0.36263960438546389,0.34686081852260647,null,41.302216042281323,0.37802463236486589]
[null,0,1000,null,null,null,14,494.07357966459756,null,22.162761615132045,null,356.32298094372317,null,46.623107799700527,null,34.659236863596163,null,20.933369457854962,494.07357966459756,34.659236863596163,356.32298094372317,null,null,null,null,null,null,null,null,null,null,null,null,null,null,null,null,null,0.62333459800667823,0.36676965433851316,0.34963892287095344,null,41.340013687343053,0.38372830180877371]
[null,9,null,500,0.78400000000000003,null,15,492.07168788986013,null,23.620174319813856,null,406.69637390784021,null,50.237992816860896,null,36.05090343489028,null,22.31269002657627,492.07168788986013,36.05090343489028,406.69637390784021,null,null,null,null,null,null,null,null,null,null,null,null,null,null,null,null,null,0.83889994053656158,0.37065977239220677,0.35224256426366873,null,41.384190899705068,0.38893698314739839]
[null,null,null,null,null,null,16,489.7922562217442,null,25.016876147795717,null,457.19076117368439,null,53.597331010530638,null,37.323282019194821,null,23.63542547306967,489.7922562217442,37.323282019194821,457.19076117368439,null,null,null,null,null,null,null,null,null,null,null,null,null,null,null,null,null,1.0863652991632629,0.37438280646809902,0.35468784106926321,null,41.434697191685657,0.39375005393416879]
[null,null,null,null,null,null,17,487.2466213609535,null,26.352631781462538,null,507.32624642652019,null,56.706877134412323,null,38.49086306943213,null,24.901395737330557,487.2466213609535,38.490863069432137,507.32624642652041,null,null,null,null,null,null,null,null,null,null,null,null,null,null,null,null,null,1.3614594442611139,0.3780048391658587,0.35699209601851228,null,41.491362100545857,0.39825825406005022]
[null,null,null,null,null,null,18,484.45080770658848,null,27.627797806654719,null,556.67820181147374,null,59.573201615124631,null,39.565333434619504,null,26.110965704225606,484.45080770658848,39.565333434619504,556.67820181147374,null,null,null,null,null,null,null,null,null,null,null,null,null,null,null,null,null,1.6588047529601142,0.38157590559235027,0.35917155817336616,null,41.553916424633243,0.40252997157390569]
[null,null,null,null,null,null,19,481.42441970240657,null,28.843194126032465,null,604.88195060437351,null,62.204077523626786,null,40.556416178056693,null,27.264924083398757,481.42441970240657,40.556416178056693,604.88195060437351,null,null,null,null,null,null,null,null,null,null,null,null,null,null,null,null,null,1.9723335537256883,0.38513155093533624,0.36124034030269436,null,41.622013314060197,0.40661326468079928]
[null,null,null,null,null,null,20,478.18956893505327,null,30.000000000000171,null,651.6344348727564,null,64.608591779912743,null,41.472411614218089,null,28.364386065347091,478.18956893505327,41.472411614218089,651.6344348727564,null,null,null,null,null,null,null,null,null,null,null,null,null,null,null,null,null,2.2957099469470115,0.38869668585926387,0.36321023675844483,null,41.69524873141637,0.4105412926198837]
[null,null,null,null,null,null,21,474.77134063663499,null,31.099669672725582,null,696.70027071534616,null,66.797739810653738,null,42.320699581936189,null,29.410712015761057,474.77134063663499,42.320699581936189,696.70027071534616,null,null,null,null,null,null,null,null,null,null,null,null,null,null,null,null,null,2.6215965881198855,0.39228207952322219,0.36509073967878075,null,41.773147141775752,0.41432804228140624]
[null,null,null,null,null,null,22,471.18517510811688,null,32.143863719534643,null,741.38551570668449,null,68.921418399662883,null,43.151460187715692,null,30.405467391305802,471.18517510811688,43.151460187715692,741.38551570668449,null,null,null,null,null,null,null,null,null,null,null,null,null,null,null,null,null,2.9555228817308152,0.393936777955182,0.36682936588620246,null,41.855447769660465,0.41543761471587809]
[null,null,null,null,null,null,23,467.44352011951958,null,33.134393112505272,null,785.26880489173982,null,70.95390279566962,null,43.957984775009315,null,31.350360578893476,467.44352011951958,43.957984775009315,785.26880489173982,null,null,null,null,null,null,null,null,null,null,null,null,null,null,null,null,null,3.2994923436177439,0.39596895297796469,0.3684577776085517,null,41.941956527122137,0.41693138809698316]
[null,null,null,null,null,null,24,463.56042693804989,null,34.073173641025065,null,828.21627727815337,null,72.896209849185169,null,44.741804815150203,null,32.24719127786139,463.56042693804989,44.741804815150203,828.21627727815337,null,null,null,null,null,null,null,null,null,null,null,null,null,null,null,null,null,3.6489789757333182,0.39803108282596389,0.36999131268150859,null,42.032440142531563,0.41835376770991356]
[null,null,null,null,null,null,25,459.55038269994753,null,34.962188807781338,null,870.1188358476129,null,74.750063732224064,null,45.504402837102745,null,33.097817627226462,459.55038269994753,45.504402837102745,870.1188358476129,null,null,null,null,null,null,null,null,null,null,null,null,null,null,null,null,null,4.0007348486228897,0.40012347660304615,0.37144239581122479,null,42.126651300482848,0.41970712724593912]
[null,null,null,null,null,null,26,455.42803356521205,null,35.803459691564832,null,910.89088261558948,null,76.517816115375823,null,46.247217172664783,null,33.904128366717487,455.42803356521205,46.247217172664783,910.89088261558948,null,null,null,null,null,null,null,null,null,null,null,null,null,null,null,null,null,4.3517046435494224,0.40224541178118067,0.37282115811051963,null,42.224333778876407,0.42099258775949466]
[null,null,null,null,null,null,27,451.20793701241121,null,36.599020556338374,null,950.4689571268965,null,78.202378141913869,null,46.971650053588803,null,34.668020462096983,451.20793701241121,46.971650053588803,950.4689571268965,null,null,null,null,null,null,null,null,null,null,null,null,null,null,null,null,null,4.6990956080946678,0.40439509498138737,0.37413591501732907,null,42.325227174176703,0.4222100498643872]
[null,null,null,null,null,null,28,446.90434567156206,null,37.350899212295964,null,988.81031184043923,null,79.807161197824215,null,47.679077540624796,null,35.391381237197812,446.90434567156206,47.679077540624796,988.81031184043923,null,null,null,null,null,null,null,null,null,null,null,null,null,null,null,null,null,5.0404310925541873,0.40656963141184954,0.37539354007450126,null,42.429071168718501,0.42335824019315954]
[null,null,null,null,null,null,29,442.5310237704914,null,38.061101314161085,null,1025.891455038794,null,81.336024566478969,null,48.370860284673576,null,36.076074226660175,442.5310237704914,48.370860284673576,1025.891455038794,null,null,null,null,null,null,null,null,null,null,null,null,null,null,null,null,null,5.3735879357462819,0.40876500339878713,0.37659976126309636,null,42.535609312219968,0.42443477040904032]
[null,null,null,null,null,null,30,438.10109609104012,null,38.731597925678926,null,1061.7066883487144,null,82.793228733812811,null,49.048354455585262,null,36.723928101234293,438.10109609104012,49.048354455585262,1061.7066883487144,null,null,null,null,null,null,null,null,null,null,null,null,null,null,null,null,null,5.6968187081576005,0.41097606107888485,0.3777593990535949,null,42.644592306621519,0.42543621022734557]
[null,null,null,null,null,null,31,433.62692833917532,null,39.364315795203069,null,1096.2666621186645,null,84.183393531571241,null,49.712922396831779,null,37.33672812924781,433.62692833917532,49.712922396831779,1096.2666621186645,null,null,null,null,null,null,null,null,null,null,null,null,null,null,null,null,null,6.0087603613120564,0.41223829078968832,0.37884635137568184,null,42.755780798296861,0.42635817717658853]
[null,null,null,null,null,null,32,429.12003704810724,null,39.961129881484155,null,1129.5969680778965,null,85.51146057043691,null,50.365942717049727,null,37.916209729042066,429.12003704810724,50.365942717049727,1129.5969680778965,null,null,null,null,null,null,null,null,null,null,null,null,null,null,null,null,null,6.3084311828805966,0.41344009574610313,0.37986708719272599,null,42.86894769417043,0.42719544597079262]
["Pruning history",null,null,null,"pruninng",null,33,424.59102655805793,null,40.523857745789279,null,1161.7367850949718,null,86.782659582144618,null,51.008819637594023,null,38.464053742097924,424.59102655805793,51.008819637594023,1161.7367850949718,null,null,null,null,null,null,null,null,null,null,null,null,null,null,null,null,null,6.5952181371743421,0.41457526583996729,0.38082729997502773,null,42.983880028160101,0.42794207978929183]
[null,"Age","Height","Sph","coeff.",null,34,420.04955023864756,null,41.054255489799992,null,1192.7375905724336,null,88.002478397219534,null,51.642991493821057,null,38.981883118435221,420.04955023864756,51.64299149382105,1192.7375905724336,null,null,null,null,null,null,null,null,null,null,null,null,null,null,null,null,null,6.8688567074002336,0.41563696707636444,0.38173204861971982,null,43.1003804116772,0.42859158468721309]
[null,null,null,null,null,null,35,415.504292918695,null,41.554014971045731,null,1222.661947108533,null,89.176636355404753,null,52.269938345909893,null,39.471260757179486,415.504292918695,52.269938345909893,1222.661947108533,null,null,null,null,null,null,null,null,null,null,null,null,null,null,null,null,null,7.1294052797405101,0.41661788431835595,0.38258587104216008,null,43.218268106830955,0.42913708690801217]
[null,null,null,null,null,null,36,410.96297143677702,null,42.024762071030835,null,1251.5823715371532,null,90.311060993057879,null,52.891188698253515,null,39.933688287896203,410.96297143677702,52.891188698253515,1251.5823715371532,null,null,null,null,null,null,null,null,null,null,null,null,null,null,null,null,null,7.3772159502971677,0.4175103872647592,0.3833928749238793,null,43.337379763762456,0.42957153112447122]
[null,null,null,null,null,null,37,406.43235029503967,null,42.468055827359571,null,1279.5802913095345,null,91.411867884254519,null,53.508325358424877,null,40.370605613934217,406.43235029503967,53.508325358424869,1279.580291309534,null,null,null,null,null,null,null,null,null,null,null,null,null,null,null,null,null,7.6129034224244068,0.41830671716909712,0.38415680897379095,null,43.457569864492974,0.42988789569556635]
[null,null,null,null,null,null,38,401.91826955969037,null,42.885388271368939,null,1306.7450913796688,null,92.485343535315096,null,54.122990489922422,null,40.783391068823107,401.91826955969037,54.122990489922422,1306.7450913796688,null,null,null,null,null,null,null,null,null,null,null,null,null,null,null,null,null,7.8373134183840625,0.41899918988534174,0.38488111727054564,null,43.578710915143759,0.4300794190296704]
[null,null,null,null,null,null,39,397.4256823774669,null,43.278184838094703,null,1333.1732532663314,null,93.537931249250875,null,54.736889929120117,null,41.173362061723594,397.4256823774669,54.736889929120117,1333.1732532663314,null,null,null,null,null,null,null,null,null,null,null,null,null,null,null,null,null,8.0514917757743589,0.41958040891093135,0.38556897872784524,null,43.70069342669882,0.43013982927524191]
[null,null,null,null,null,null,40,392.95869974457173,null,43.647805236664652,null,1358.9675867542503,null,94.576219889343164,null,55.351796847483847,null,41.541776108835677,392.95869974457173,55.351796847483854,1358.9675867542508,null,null,null,null,null,null,null,null,null,null,null,null,null,null,null,null,null,8.2566551511825654,0.4200434803909513,0.38622333340222842,null,43.823425721942868,0.4300635680407065]
["Other options",null,null,null,null,null,41,388.5204819229379,null,43.995544687123385,null,1384.1968667799952,null,95.604194368865393,null,55.968763917619818,null,41.889832781262285,388.5204819229379,55.968763917619818,1384.1968667799952,null,null,null,null,null,null,null,null,null,null,null,null,null,null,null,null,null,8.4543463519363371,0.42104685863858554,0.38685804981486949,null,43.946838037994567,0.42990650812012809]
[null,"Fell age",100,null,null,null,42,384.11537168514195,null,44.322635444801058,null,1408.4765077198024,null,96.59460916075578,null,56.579590903108624,null,42.21866705687026,384.11537168514195,56.579590903108624,1408.4765077198024,null,null,null,null,null,null,null,null,null,null,null,null,null,null,null,null,null,8.6406080687620186,0.42148256846373233,0.38745491520516911,null,44.070823458414203,0.43037962139841118]
[null,"Step length",0.05,null,null,null,43,379.74784820208635,null,44.630248546102202,null,1431.9199662334679,null,97.554859619986019,null,57.186167915956808,null,42.529354605127367,379.74784820208635,57.186167915956808,1431.9199662334679,null,null,null,null,null,null,null,null,null,null,null,null,null,null,null,null,null,8.8134248694834376,0.42178673824954616,0.38801699736633666,null,44.195265608167233,0.43070994173656579]
[null,null,null,null,null,"Bias",44,375.42168181973824,null,44.919495720389079,null,1454.5784143561293,null,98.487874417999919,null,57.789097040429944,null,42.822917009136397,375.42168181973824,57.789097040429937,1454.5784143561291,null,null,null,null,null,null,null,null,null,null,null,null,null,null,null,null,null,8.9738496575599491,0.42204945158161272,0.38854713213989922,null,44.320062623820156,0.43099526737033494]
["Volume table (place X in box)",null,null,null,null,"Correctn",45,371.14010716339152,null,45.191431421775398,null,1476.5012190140997,null,99.396353374214073,null,58.388925485480165,null,43.100323244148001,371.14010716339152,58.388925485480165,1476.5012190140997,null,null,null,null,null,null,null,null,null,null,null,null,null,null,null,null,null,9.122536085590232,0.42227395928793593,0.38904790154921487,null,44.445123027337075,0.43123911797126513]
[null,"2007 Model",null,"x","Old","x",46,366.90587406003078,null,45.447054942392377,null,1497.7358125666258,null,100.28278297067533,null,58.986151005040433,null,43.362491667978261,366.90587406003078,58.986151005040433,1497.7358125666258,null,null,null,null,null,null,null,null,null,null,null,null,null,null,null,null,null,9.2601412104071077,0.42246329062236571,0.38952165813526585,null,44.570364925284331,0.43144477514868074]
[null,"2006 Model",null,null,"Young","x",47,362.72129527716942,null,45.687312575254708,null,1518.3276092546571,null,101.14945130804635,null,59.581226713555608,null,43.610292044517898,362.72129527716942,59.581226713555608,1518.3276092546571,null,null,null,null,null,null,null,null,null,null,null,null,null,null,null,null,null,9.3873167092431764,0.42262026474223569,0.38997054661872199,null,44.695715244143514,0.43161529444552454]
[null,"Direct sawlog V182",null,null,"SI","x",48,358.58829094124252,null,45.913099800419154,null,1538.3199597525454,null,101.99846243881423,null,60.17456538042304,null,43.844547578171536,358.58829094124252,60.17456538042304,1538.3199597525454,null,null,null,null,null,null,null,null,null,null,null,null,null,null,null,null,null,9.5047019500576155,0.4227475015682981,0.39039652326126056,null,44.821109006608772,0.43175351673596774]
[null,"Woodhill V236",null,null,null,null,49,354.50842960056264,null,46.125263472845823,null,1557.7541369847004,null,102.83175003066897,null,60.766543272732264,null,44.066036941181046,354.50842960056264,60.766543272732264,1557.7541369847004,null,null,null,null,null,null,null,null,null,null,null,null,null,null,null,null,null,9.6129186553951982,0.4228474322035683,0.39080137323132708,null,44.9464886518548,0.43186207920683423]
[null,"Otago/Sthld V328",null,null,null,null,50,350.48296597516372,null,46.324603994368857,null,1576.6693472808251,null,103.6510903294983,null,61.357503604466125,null,44.275496279245317,350.48296597516372,61.357503604466125,1576.6693472808251,null,null,null,null,null,null,null,null,null,null,null,null,null,null,null,null,null,9.7125669190408672,0.42292230900231848,0.39118672622627465,null,45.071803401265946,0.43194342601336277]
[null,"Kaingaroa V358",null,null,null,null,51,346.51287549274923,null,46.51187745556598,null,1595.1027617805062,null,104.45811440622532,null,61.947759641328567,null,44.473621183754588,346.51287549274923,61.947759641328574,1595.1027617805062,null,null,null,null,null,null,null,null,null,null,null,null,null,null,null,null,null,9.8042223576382632,0.42297421533021806,0.39155407056081964,null,45.197008669954116,0.43199981864628312]
[null,"Northland V11",null,null,null,null,52,342.5988857501913,null,46.687797736178034,null,1613.0895637523545,null,105.25431968432615,null,62.53759750305057,null,44.661068621398286,342.5988857501913,62.537597503050563,1613.0895637523545,null,null,null,null,null,null,null,null,null,null,null,null,null,null,null,null,null,9.8884342034204309,0.42300507502738166,0.39190476589842993,null,45.322065523511291,0.43203334601633309]
[null,"V430",null,null,null,null,53,338.74150506689256,null,46.853038555145488,null,1630.6630081636492,null,106.04108075524854,null,63.127278699013431,null,44.838458813952805,338.74150506689256,63.127278699013431,1630.6630081636492,null,null,null,null,null,null,null,null,null,null,null,null,null,null,null,null,null,9.9657241679375321,0.42301666156992057,0.39224005477563861,null,45.446940178791216,0.43204593424558635]
[null,"NZ 3-point taper",null,null,null,null,54,334.94104831262956,null,47.008235463365722,null,1647.8544904265254,null,106.81965949724278,null,63.717042428049119,null,45.006377062771605,334.94104831262956,63.717042428049119,1647.8544904265254,null,null,null,null,null,null,null,null,null,null,null,null,null,null,null,null,null,10.036585929335835,0.42301060691706527,0.39256107304784138,null,45.571603547053087,0.43203935614642303]
[null,"NSW 1",null,null,null,null,55,331.19766020063076,null,47.153987773988113,null,1664.6936217616244,null,107.59121451954346,null,64.30710766912452,null,45.165375513935928,331.19766020063076,64.30710766912452,1664.6936217616244,null,null,null,null,null,null,null,null,null,null,null,null,null,null,null,null,null,10.101485116718552,0.42298841002759724,0.39286885936772714,null,45.696030817490119,0.43201524036600608]
[null,"NSW 2",null,null,null,null,56,327.51133623854133,null,47.290860426500601,null,1681.2083090660219,null,108.3568099586477,null,64.897675086138264,null,45.315974861221669,327.51133623854133,64.897675086138264,1681.2083090660219,null,null,null,null,null,null,null,null,null,null,null,null,null,null,null,null,null,10.160859684265407,0.42295144502878412,0.39316436379321751,null,45.820201078976581,0.43197508017412495]
[null,null,null,null,null,null,57,323.88194152720621,null,47.419385782062861,null,1697.4248375563152,null,109.11742365689189,null,65.488928767135363,null,45.458665985035736,323.88194152720621,65.488928767135363,1697.4248375563152,null,null,null,null,null,null,null,null,null,null,null,null,null,null,null,null,null,10.215120584846867,0.42290096902224111,0.39344845560996933,null,45.944096977773512,0.43192024187412414]
["Height model (place X in box)",null,null,null,null,"Drift",58,320.30922759115072,null,47.540065348541226,null,1713.3679547864951,null,109.87395475585211,null,66.081037815776739,null,45.593911526300843,320.30922759115072,66.081037815776739,1713.3679547864951,null,null,null,null,null,null,null,null,null,null,null,null,null,null,null,null,null,10.264652667944363,0.42283812951362748,0.39372193044361137,null,46.067704408913386,0.4318519728198027]
[null,"NSW",null,null,null,0,59,316.79284741626714,null,47.653371434529674,null,1729.0609549205064,null,110.62723073851541,null,66.674157810817562,null,45.722147394950625,316.79284741626714,66.674157810817562,1729.0609549205064,null,null,null,null,null,null,null,null,null,null,null,null,null,null,null,null,null,10.30981573984357,0.42276397145558625,0.39398551672852278,null,46.191012239020047,0.43177140902430489]
[null,"NZ",null,"x",null,null,60,313.33236886035223,null,47.759748732323118,null,1744.5257623771345,null,111.3780139548625,null,67.268432147582971,null,45.843784213255184,313.33236886035223,67.268432147582971,1744.5257623771345,null,null,null,null,null,null,null,null,null,null,null,null,null,null,null,null,null,10.350945735394331,0.42267944389632373,0.3942398815928283,null,46.314012058399889,0.43167958235062981]
[null,null,null,null,null,null,61,309.92728659139163,null,47.859615830368348,null,1759.7830141657653,null,112.12700766563405,null,67.863993273934796,null,45.959208694654336,309.92728659139163,67.863993273934796,1759.7830141657653,null,null,null,null,null,null,null,null,null,null,null,null,null,null,null,null,null,10.388355960364219,0.42258540622888663,0.39448563621312627,null,46.436697960350024,0.43157742727660758]
["Mortality model (place X in box)",null,null,null,null,"Mortality",62,306.57703269733565,null,47.953366656169877,null,1774.8521404007238,null,112.87486163875938,null,68.460963831956747,null,46.068784959142285,306.57703269733565,68.460963831956747,1774.8521404007238,null,null,null,null,null,null,null,null,null,null,null,null,null,null,null,null,null,10.422338371633881,0.42248263403862557,0.39472334068710968,null,46.559066345762844,0.43146578723010781]
[null,"NSW",null,null,"Add",null,63,303.28098609991179,null,48.041371850990501,null,1789.751442623887,null,113.62217733232502,null,69.059457715516089,null,46.172855786541341,303.28098609991179,69.059457715516089,1789.751442623887,null,null,null,null,null,null,null,null,null,null,null,null,null,null,null,null,null,10.453164869445251,0.42237182454830136,0.39495350846753408,null,46.68111575125539,0.43134542049263336]
[null,"NZ 2004 model",null,null,"Mult",null,64,300.03848089402777,null,48.123980077973329,null,1804.4981696841762,null,114.36951269714481,null,69.659581052958686,null,46.271743809232753,300.03848089402777,69.659581052958686,1804.4981696841762,null,null,null,null,null,null,null,null,null,null,null,null,null,null,null,null,null,10.481088581725981,0.42225360166192993,0.39517661039682483,null,46.802846699213426,0.43121700567144511]
[null,"NZ simple model",null,null,"Thin","x",65,296.84881372372195,null,48.201519265532824,null,1819.1085910219351,null,115.11738663105317,null,70.261433123442131,null,46.365752646089085,296.84881372372195,70.261433123442131,1819.1085910219351,null,null,null,null,null,null,null,null,null,null,null,null,null,null,null,null,null,10.506345125335278,0.42212852060945577,0.39539307837790494,null,46.924261568308644,0.43108114674162706]
[null,"NZ 2006 model",null,null,null,null,66,293.71125029553968,null,48.274297788031205,null,1833.5980672894798,null,115.86628311604493,null,70.865107214791379,null,46.455167979486092,293.71125029553968,70.865107214791379,1833.5980672894798,null,null,null,null,null,null,null,null,null,null,null,null,null,null,null,null,null,10.529153833081491,0.42199707219484345,0.39560330871349986,null,47.045364483222713,0.43093837766020476]
[null,"NZ 2007 model",null,"x",null,null,67,290.62503112072045,null,48.342605585876875,null,1847.9811183088068,null,116.61665506838564,null,71.470691430259109,null,46.540258577365591,290.62503112072045,71.470691430259109,1847.9811183088068,null,null,null,null,null,null,null,null,null,null,null,null,null,null,null,null,null,10.549718938650923,0.42185968665019974,0.39580766514317589,null,47.166161222492157,0.43078916655459387]
[null,null,null,null,null,null,68,287.58937656873593,null,48.406715227265614,null,1862.2714884264926,null,117.36892793088104,null,72.078269451183118,null,46.62127726238505,287.58937656873593,72.078269451183118,1862.2714884264926,null,null,null,null,null,null,null,null,null,null,null,null,null,null,null,null,null,10.56823071423662,0.42171673709777735,0.39600648160465213,null,47.286659143573068,0.43063391948693913]
["Wood Density",null,null,null,null,null,69,284.60349130651372,null,48.46688291383596,null,1876.4822093761497,null,118.12350303565778,null,72.687921262246903,null,46.698461830225888,284.60349130651372,72.687921262246903,1876.4822093761497,null,null,null,null,null,null,null,null,null,null,null,null,null,null,null,null,null,10.584866557871605,0.42156854262053078,0.39620006474345287,null,47.406867124415854,0.43047298379473548]
[null,"Soil C",null,5.57,null,null,70,281.66656819012883,null,48.523349432534673,null,1890.6256608027459,null,118.88076076512836,null,73.299723845868627,null,46.772035919147839,281.66656819012883,73.299723845868627,1890.6256608027459,null,null,null,null,null,null,null,null,null,null,null,null,null,null,null,null,null,10.599792029216779,0.42141537093982068,0.39638869619270739,null,47.526795521039347,0.43030665100594878]
[null,"Soil N",null,0.29599999999999999,null,null,71,278.77779166882232,null,48.576341055990646,null,1904.7136286423156,null,119.64106353832339,null,73.91375185216512,null,46.842209832873863,278.77779166882232,73.91375185216512,1904.7136286423156,null,null,null,null,null,null,null,null,null,null,null,null,null,null,null,null,null,10.613161833970615,0.42125744069634891,0.39657263464282888,null,47.646456140802783,0.43013515932420687]
[null,"MATemp",null,12,null,null,72,275.93634075488006,null,48.626070393679797,null,1918.757361587323,null,120.40475864954814,null,74.530078250974981,null,46.909181318872228,275.93634075488006,74.530078250974981,1918.757361587323,null,null,null,null,null,null,null,null,null,null,null,null,null,null,null,null,null,10.625120758260778,0.42109492332645393,0.39675211771889035,null,47.765862231298598,0.42995869567540751]
[null,"Out Dens",null,null,null,null,73,273.14139160715223,null,48.672737196132921,null,1932.7676259033631,null,121.17218098637503,null,75.148774972575026,null,46.973136304072732,273.14139160715223,75.148774972575026,1932.7676259033631,null,null,null,null,null,null,null,null,null,null,null,null,null,null,null,null,null,10.635804555265016,0.42092794452188331,0.39692736368174136,null,47.885028485031583,0.4297773973027933]
[null,"Out Age",null,null,null,null,74,270.39211977076172,null,48.716529114396735,null,1946.7547588995492,null,121.94365565442682,null,75.769913544018081,null,47.034249590015264,270.39211977076172,75.769913544018081,1946.7547588995492,null,null,null,null,null,null,null,null,null,null,null,null,null,null,null,null,null,10.645340787148362,0.4207565852548068,0.39709857296725332,null,48.003971060319842,0.42959135289070877]
[null,"Inner ring",null,null,null,null,75,267.68770211080925,null,48.757622416905939,null,1960.7287213941731,null,122.71950053727927,null,76.393565728463358,null,47.092685509381397,267.68770211080925,76.393565728463358,1960.7287213941731,null,null,null,null,null,null,null,null,null,null,null,null,null,null,null,null,null,10.653849626031089,0.42058088234310681,0.39726592957652052,null,48.122707619156003,0.42940060319000395]
[null,"Outer ring",null,null,null,null,76,265.02731847358075,null,48.796182665865928,null,1974.6991495616355,null,123.50002882123594,null,77.019804175503069,null,47.148598545807943,265.02731847358075,77.019804175503069,1974.6991495616355,null,null,null,null,null,null,null,null,null,null,null,null,null,null,null,null,null,10.66144461832496,0.4204008285216681,0.39742960232836549,null,48.241257383116427,0.42920514110799934]
[null,"Genetic adjustment",null,null,null,null,77,262.4101531048704,null,48.832365355180968,null,1988.6754065985961,null,124.28555151682251,null,77.648703091343137,null,47.202133918824167,262.4101531048704,77.648703091343137,1988.6754065985961,null,null,null,null,null,null,null,null,null,null,null,null,null,null,null,null,null,10.668233417318431,0.42021637197422435,0.3975897459840651,null,48.359641208813137,0.4290049112138668]
[null,"Model",null,2,null,null,78,259.8353958514877,null,48.866316511894048,null,2002.6666347098208,null,125.07638001176524,null,78.280338938825139,null,47.253428135694413,259.8353958514877,78.280338938825139,2002.6666347098208,null,null,null,null,null,null,null,null,null,null,null,null,null,null,null,null,null,10.67431848949761,0.42002741526610932,0.39774650225281616,null,48.477881684868777,0.42879980859492861]
[null,null,null,null,null,null,79,257.30224316879173,null,48.89817326303362,null,2016.6818079913837,null,125.87282869419323,null,78.914791178754086,null,47.302609511886729,257.30224316879173,78.914791178754086,2016.6818079913837,null,null,null,null,null,null,null,null,null,null,null,null,null,null,null,null,null,10.679797800716452,0.41983381359997912,0.39790000068505649,null,48.596003252979948,0.42858967697961181]
[null,null,null,null,null,null,80,254.80989895414331,null,48.928064369689025,null,2030.7297868852581,null,126.67521769009196,null,79.552143065908282,null,47.349798661824693,254.80989895414331,79.552143065908282,2030.7297868852581,null,null,null,null,null,null,null,null,null,null,null,null,null,null,null,null,null,10.684765489069598,0.41963537229374248,0.39805035945931649,null,48.714032356353087,0.4283743060181186]
[null,null,null,null,null,null,81,252.35757522343664,null,48.956110730062832,null,2044.8193750016574,null,127.48387576603807,null,80.192482515584771,null,47.395108961517714,252.35757522343664,80.192482515584771,2044.8193750016574,null,null,null,null,null,null,null,null,null,null,null,null,null,null,null,null,null,10.689312532243649,0.41943184334999511,0.39819768606675182,null,48.831997619688401,0.42815342757949648]
[null,null,null,null,null,null,82,249.94449264532548,null,48.982425853173623,null,2058.9593792621745,null,128.29914345746894,null,80.83590305974657,null,47.438646984602215,249.94449264532548,80.83590305974657,2058.9593792621745,null,null,null,null,null,null,null,null,null,null,null,null,null,null,null,null,null,10.693527418256481,0.41922292094734481,0.39834207789584003,null,48.949930066010978,0.42792671088172418]
[null,null,null,null,null,null,83,247.56988094534421,null,49.007116304809728,null,2073.1586745193663,null,129.12137649488176,null,81.482504916015301,null,47.480512913266367,247.56988094534421,81.482504916015301,2073.1586745193663,null,null,null,null,null,null,null,null,null,null,null,null,null,null,null,null,null,10.697496829998029,0.41900823563312162,0.39848362271783072,null,49.067863377078808,0.42769375621640116]
[null,null,null,null,null,null,84,245.23297918978204,null,49.030282127261074,null,2087.4262740729132,null,129.95094961639865,null,82.132396198222779,null,47.520800925471946,245.23297918978204,82.132396198222779,2087.4262740729132,null,null,null,null,null,null,null,null,null,null,null,null,null,null,null,null,null,10.701306355906777,0.41878734692887426,0.39862239907131775,null,49.185834205942925,0.42745408695600584]
[null,null,null,null,null,null,85,242.93303595684139,null,49.052017234285231,null,2101.7714078511235,null,130.78826087644106,null,82.785694304447617,null,47.559599559831739,242.93303595684139,82.785694304447617,2101.7714078511235,null,null,null,null,null,null,null,null,null,null,null,null,null,null,null,null,null,10.705041241703178,0.41855973396858953,0.39875847654159541,null,49.303882552644033,0.42720713943280031]
[null,null,null,null,null,null,86,240.6693094002116,null,49.072409782693491,null,2116.2036104905437,null,131.63373658875176,null,83.442527528058065,null,47.596992059448823,240.6693094002116,83.442527528058065,2116.2036104905437,null,null,null,null,null,null,null,null,null,null,null,null,null,null,null,null,null,10.708787201553173,0.41832478366498066,0.3988919159270638,null,49.422052217213448,0.42695225014376487]
[null,null,null,null,null,null,87,238.4410672076244,null,49.091542521875311,null,2130.7328221710527,null,132.48783708048157,null,84.103036950180851,null,47.633056695977416,238.4410672076244,84.103036950180851,2130.7328221710527,null,null,null,null,null,null,null,null,null,null,null,null,null,null,null,null,null,10.712631311677198,0.41808177572712174,0.39902276928054542,null,49.540391348407589,0.42668863954992403]
[null,null,null,null,null,null,88,236.2475864540919,null,49.109493122512923,null,2145.3695059145389,null,133.35106348656853,null,84.7673786895582,null,47.667867075123326,236.2475864540919,84.7673786895582,2145.3695059145389,null,null,null,null,null,null,null,null,null,null,null,null,null,null,null,null,null,10.716663015805407,0.41782986361182589,0.39915107980752085,null,49.658953112386442,0.42641539147805035]
[null,null,null,null,null,null,89,234.08815334618086,null,49.126334485674697,null,2160.124786229725,null,134.22396588621297,null,85.435726609928992,null,47.701492424769405,234.08815334618086,85.435726609928992,2160.124786229725,null,null,null,null,null,null,null,null,null,null,null,null,null,null,null,null,null,10.720975280670389,0.41756805014870291,0.39927688159530322,null,49.777796513503247,0.42613142676254828]
[null,null,null,null,null,null,90,231.96206284959607,null,49.142135033413936,null,2175.0106156307756,null,135.10715318498688,null,86.108275618874416,null,47.733997866887876,231.96206284959607,86.108275618874416,2175.0106156307756,null,null,null,null,null,null,null,null,null,null,null,null,null,null,null,null,null,10.725665952086523,0.41729515608371498,0.39940019913601232,null,49.896987410495761,0.42583546923018084]
[null,null,null,null,null,null,91,229.86861818716142,null,49.156958981940932,null,2190.0399778996371,null,136.00130529102876,null,86.785245740113353,null,47.765444674392207,229.86861818716142,86.785245740113353,2190.0399778996371,null,null,null,null,null,null,null,null,null,null,null,null,null,null,null,null,null,10.730839379671224,0.41700977905748432,0.39952104659026572,null,50.016599787183615,0.42552600134288571]
[null,null,null,null,null,null,92,227.80713018744689,null,49.170866598379007,null,2205.2271403581208,null,136.90718834393383,null,87.46688721077453,null,47.795890514090608,227.80713018744689,87.46688721077453,2205.2271403581208,null,null,null,null,null,null,null,null,null,null,null,null,null,null,null,null,null,10.736608403664095,0.41671023944021374,0.39963942671518105,null,50.136717359682628,0.4252012056312201]
[null,null,null,null,null,null,93,225.77691645495821,null,49.183914442061351,null,2220.5879724406527,null,137.8256740659524,null,88.153486957893406,null,47.825389676939928,225.77691645495821,88.153486957893406,2220.5879724406527,null,null,null,null,null,null,null,null,null,null,null,null,null,null,null,null,null,10.743096834638637,0.41639450776487225,0.39975532934535274,null,50.257435636017981,0.4248588862353091]
[null,null,null,null,null,null,94,223.77730031965115,null,49.196155591272955,null,2236.1403554648523,null,138.75776477591617,null,88.845376963613745,null,47.853993296874641,223.77730031965115,88.845376963613745,2236.1403554648523,null,null,null,null,null,null,null,null,null,null,null,null,null,null,null,null,null,10.750442613202798,0.4160601058559108,0.39986872926177414,null,50.378864595268205,0.42449636201283186]
[null,null,null,null,null,null,95,221.80760950442127,null,49.207639856292708,null,2251.9047203112209,null,139.70462633761386,null,89.5429452692875,null,47.88174955962193,221.80760950442127,89.5429452692875,2251.9047203112209,null,null,null,null,null,null,null,null,null,null,null,null,null,null,null,null,null,10.758801923566352,0.41570396947147237,0.39997958319881866,null,50.501132232954625,0.42411031805003763]
[null,null,null,null,null,null,96,219.86717442581329,null,49.218413979542909,null,2267.9034505972768,null,140.66755073325362,null,90.246624527966418,null,47.9087039030996,219.86717442581329,90.246624527966418,2267.9034505972768,null,null,null,null,null,null,null,null,null,null,null,null,null,null,null,null,null,10.768351503067098,0.41532387726708603,0.40008782820464706,null,50.624379849907321,0.42369835490517604]
[null,null,null,null,null,null,97,217.95543380946643,null,49.228521823609015,null,2283.8513385777592,null,141.62875993276432,null,90.950706652679557,null,47.934898285500161,217.95543380946643,90.950706652679557,2283.8513385777592,null,null,null,null,null,null,null,null,null,null,null,null,null,null,null,null,null,10.777945770730092,0.41529893408775859,0.40019404571915224,null,50.746535394105685,0.4236713219733837]
[null,null,null,null,null,null,98,216.07218255589072,null,49.238004547848725,null,2299.5366270579416,null,142.57504858397647,null,91.65085832574232,null,47.960369169447134,216.07218255589072,91.65085832574232,2299.5366270579416,null,null,null,null,null,null,null,null,null,null,null,null,null,null,null,null,null,10.784434642340081,0.41554288879202367,0.40029874117327208,null,50.86606893373402,0.42393572456664513]
[null,null,null,null,null,null,99,214.2172476012685,null,49.24690077426947,null,2314.9840856390647,null,143.50788690918566,null,92.34744181130992,null,47.985150387013228,214.2172476012685,92.34744181130992,2314.9840856390647,null,null,null,null,null,null,null,null,null,null,null,null,null,null,null,null,null,10.787177442714741,0.41576553086803447,0.40040194818651892,null,50.983157110361638,0.42417704610538098]
[null,null,null,null,null,null,100,212.39041016763892,null,49.255246743314288,null,2330.2148455383417,null,144.42852151969549,null,93.040756467407206,null,48.009273960578177,212.39041016763892,93.040756467407206,2330.2148455383417,null,null,null,null,null,null,null,null,null,null,null,null,null,null,null,null,null,10.786536418204019,0.41597048333779102,0.40050370731028662,null,51.097950157679378,0.42439920905386536]

{"sheet":"Lists","index":3,"n_rows":16,"n_cols":2,"rows_kept":16,"cut":false,"hidden":true,"merged":[]}
[]
[null,"Allowed species"]
[null,"Blackwood"]
[null,"Coast redwood"]
[null,"Cupressus macrocarpa (N.I.)"]
[null,"Cupressus macrocarpa (S.I.)"]
[null,"Cupressus lusitanica (N.I.)"]
[null,"Cupressus lusitanica (S.I.)"]
[null,"Douglas-fir"]
[null,"Eucalyptus regnans"]
[null,"Eucalyptus fastigata"]
[null,"Eucalyptus nitens (N.I.)"]
[null,"Eucalyptus nitens (S.I.)"]
[null,"Eucalyptus delegatensis"]
[null,"Eucalyptus saligna"]
[null,"Radiata pine"]

{"sheet":"Starting tree list","index":4,"n_rows":124,"n_cols":3,"rows_kept":124,"cut":false,"hidden":false,"merged":[[0,0,0,2]]}
["Starting tree list"]
[]
["Plot area (ha)",0.17]
["Age (years)",12]
[]
["Stem number","DBH (cm)","Height (m)"]
[1,25.6]
[2,24.7,11]
[3,23.5]
[4,26.8]
[5,22.4]
[6,25.8]
[7,19.2]
[8,22.4]
[9,24.9,16.2]
[10,25.1]
[11,20.399999999999999]
[12,26.4]
[13,30,13.8]
[14,20.5]
[15,22]
[16,21.7]
[17,24.3]
[18,25]
[19,25.3]
[20,23.4]
[21,26]
[22,27,14.2]
[23,21.4]
[24,19.899999999999999,11]
[25,29.6]
[26,12.7]
[27,22]
[28,21]
[29,20.6]
[30,19.899999999999999]
[31,14.8]
[32,18.8]
[33,20.7]
[34,20.2]
[35,10.5]
[36,19]
[37,16.2]
[38,23.5]
[39,20.7]
[40,19.3]
[41,16.5]
[42,19.7]
[43,22.2]
[44,22]
[45,22.5]
[46,22.3]
[47,23.1]
[48,20.8]
[49,21.4]
[50,19.600000000000001]
[51,18.899999999999999]
[52,21.8]
[53,16.3]
[54,20.8]
[55,22.6]
[56,16.899999999999999]
[57,15.4]
[58,23.2]
[59,19.399999999999999]
[60,18.600000000000001]
[61,16.600000000000001]
[62,12.7]
[63,12.3]
[64,16.2]
[65,20.5]
[66,18.2]
[67,17.7]
[68,17.7]
[69,17]
[70,21.1]
[71,16.399999999999999]
[72,15.9]
[73,16.399999999999999]
[74,18.899999999999999]
[75,15.3]
[76,15.1]
[77,14.2]
[78,16.3]
[79,15.1]
[80,16.100000000000001]
[81,18.7]
[82,15.9]
[83,17.100000000000001]
[84,15]
[85,15.7]
[86,16.399999999999999]
[87,16.399999999999999]
[88,21.8]
[89,29.3]
[90,26.4]
[91,30.5]
[92,26.6]
[93,25.2]
[94,28.6]
[95,25.1]
[96,17.399999999999999]
[97,19.100000000000001]
[98,22.8]
[99,30.9]
[100,23.8]
[101,17.3]
[102,23]
[103,30]
[104,29.7]
[105,28.6]
[106,27]
[107,23]
[108,23.2]
[109,22.3]
[110,21.7]
[111,24.7]
[112,27]
[113,19.5]
[114,24.3]
[115,28.1]
[116,26.3]
[117,26.2]
[118,22.3]

{"sheet":"Harvest summary","index":5,"n_rows":7,"n_cols":13,"rows_kept":7,"cut":false,"hidden":false,"merged":[[0,0,0,12],[1,2,1,11]]}
["Summary of volume of harvested logs by SED and height class (m3/ha)"]
["Age","Height class","Mimimum SED (mm)",null,null,null,null,null,null,null,null,null,"Total"]
[null,null,100,200,300,400,500,600,700,800,900,1000]
[100,"Butt log",0,0.94901357410729181,3.6604357435653037,18.696326988957527,42.387548383276261,84.177217397230976,145.58849537952176,197.87350979821397,220.39041532074179,339.96368620790673,1053.6866487935213]
[null,"2nd log",0,1.9534166252203586,5.5794147061917947,20.163651705309405,50.802522566077286,99.721378966532995,147.02528027373879,177.56068072860683,160.01874354265775,144.49627401311957,807.32136312745456]
[null,"Upper logs",0.534264610016149,12.754725326377466,76.414294965516376,196.26783387959321,371.82216198405479,486.54159380933078,446.45515949351227,326.77242927924533,184.12205011570211,76.983450826703418,2178.6679642900503]
[null,"Total",0.534264610016149,15.657155525705116,85.654145415273476,235.12781257386015,465.01223293340837,670.44019017309461,739.06893514677256,702.20661980606621,564.53120897910173,561.4434110477298,4039.6759762110287]

{"sheet":"Felled stems","index":6,"n_rows":202,"n_cols":6,"rows_kept":202,"cut":false,"hidden":false,"merged":[[0,0,0,5]]}
["List of felled stems in thinnings and at end of rotation"]
["Age","Stem number","Weighting (no./ha)","DBH (cm)","Height (m)","Stem volume (m3)"]
[9,1,4.8505958369190694,5.0990049823374024,3.7283781157067559,5.2861069414609088E-3]
[9,2,4.8505958369190694,6.6536151597850841,4.5708057371087083,8.7800248221100753E-3]
[9,3,4.8505958369190694,7.5349900860395831,5.0088317874782682,1.140387396966039E-2]
[9,4,4.8505958369190694,8.1819036072160394,5.3115646478915775,1.3639015430312413E-2]
[9,5,4.8505958369190694,8.7038850611735263,5.5445159872411889,1.5638235709969445E-2]
[9,6,4.8505958369190694,9.1468883254271685,5.7345327748652419,1.7474498018993305E-2]
[9,7,4.8505958369190694,9.5349447359917274,5.8953631894803475,1.918964453076747E-2]
[9,8,4.8505958369190694,9.8823351314744858,6.0350243965620063,2.0810408376969944E-2]
[9,9,4.8505958369190694,10.198295679610641,6.1586130630933624,2.2355148535654949E-2]
[9,10,4.8505958369190694,10.489172693090936,6.269576136813404,2.3837146033660529E-2]
[9,11,4.8505958369190694,10.759530221968824,6.3703563162902359,2.5266394584820256E-2]
[9,12,4.8505958369190694,11.012769668203763,6.4627491196120577,2.6650651002372284E-2]
[9,13,4.8505958369190694,11.251499689711649,6.5481138057206234,2.7996088935649508E-2]
[9,14,4.8505958369190694,11.477768723102997,6.6275046358005412,2.930772534482852E-2]
[9,15,4.8505958369190694,11.693217422295593,6.7017561087650748,3.0589709618219101E-2]
[9,16,4.8505958369190694,11.899182148336308,6.7715403026953549,3.1845525946730499E-2]
[9,17,4.8505958369190694,12.096767333484136,6.8374066225029591,3.3078138872739672E-2]
[9,18,4.8505958369190694,12.286897377347351,6.8998100679783878,3.4290100434873225E-2]
[9,19,4.8505958369190694,12.470354689528296,6.9591317899855589,3.5483630654103364E-2]
[9,20,4.8505958369190694,12.647808117567228,7.0156943328558956,3.6660679078710186E-2]
[9,21,4.8505958369190694,12.819834553548541,7.0697731328823394,3.7822972594021918E-2]
[9,22,4.8505958369190694,12.986935606028542,7.1216053264721726,3.8972053090783686E-2]
[9,23,4.8505958369190694,13.149550639655427,7.171396590740077,4.0109307524632813E-2]
[9,24,4.8505958369190694,13.308067099211566,7.2193265222502596,4.1235992184348515E-2]
[9,25,4.8505958369190694,13.462828774767992,7.2655529140546058,4.2353252495278132E-2]
[9,26,4.8505958369190694,13.614142485878988,7.3102151916478562,4.3462139340490591E-2]
[9,27,4.8505958369190694,13.762283537692124,7.3534371992024212,4.4563622637533003E-2]
[9,28,4.8505958369190694,13.907500212968257,7.3953294784709804,4.5658602731931307E-2]
[9,29,4.8505958369190694,14.050017499910686,7.4359911476026408,4.6747920039157592E-2]
[9,30,4.8505958369190694,14.190040208862261,7.4755114615602558,4.7832363270830361E-2]
[9,31,4.8505958369190694,14.32775559627664,7.5139711170070562,4.8912676508945215E-2]
[9,32,4.8505958369190694,14.463335588442899,7.551443350513722,4.9989565337392135E-2]
[9,33,4.8505958369190694,14.596938677840447,7.5879948683859357,5.1063702198290109E-2]
[9,34,4.8505958369190694,14.728711550036229,7.6236866383912449,5.2135731108459107E-2]
[9,35,4.8505958369190694,14.858790487509269,7.6585745675105503,5.3206271846306767E-2]
[9,36,4.8505958369190694,14.987302587833494,7.6927100850776249,5.4275923699788571E-2]
[9,37,4.8505958369190694,15.114366826641509,7.7261406469561269,5.534526885065269E-2]
[9,38,4.8505958369190694,15.240094990266527,7.7589101734847574,5.6414875457948661E-2]
[9,39,4.8505958369190694,15.364592498575186,7.7910594316115223,5.7485300494074743E-2]
[9,40,4.8505958369190694,15.487959135003805,7.822626369798213,5.8557092378910269E-2]
[9,41,4.8505958369190694,15.610289698001871,7.853646412801913,5.9630793451448741E-2]
[9,42,4.8505958369190694,15.731674585821356,7.8841527222519048,6.0706942313481019E-2]
[9,43,4.8505958369190694,15.852200324757815,7.9141764279778073,6.1786076076069986E-2]
[9,44,4.8505958369190694,15.97195004946081,7.9437468342610025,6.2868732536604743E-2]
[9,45,4.8505958369190694,16.091003942721898,7.9728916045408784,6.3955452312009817E-2]
[9,46,4.8505958369190694,16.209439641164476,8.0016369275817443,6.504678095209547E-2]
[9,47,4.8505958369190694,16.327332612461863,8.0300076676736829,6.6143271056007841E-2]
[9,48,4.8505958369190694,16.444756509065915,8.0580275010839237,6.7245484414212242E-2]
[9,49,4.8505958369190694,16.561783502913691,8.0857190406806243,6.8353994198397106E-2]
[9,50,4.8505958369190694,16.678484605175214,8.1131039504078579,6.946938722208891E-2]
[9,51,4.8505958369190694,16.794929974797125,8.1402030510903511,7.0592266295648312E-2]
[9,52,4.8505958369190694,16.911189219373384,8.1670364188823861,7.1723252700656576E-2]
[9,53,4.8505958369190694,17.027331691728687,8.1936234775420385,7.2862988810564841E-2]
[9,54,4.8505958369190694,17.143426785527499,8.2199830856053673,7.4012140886892216E-2]
[9,55,4.8505958369190694,17.259544233219444,8.2461336194523174,7.5171402083304348E-2]
[9,56,4.8505958369190694,17.375754409700885,8.272093053194256,7.6341495693665898E-2]
[9,57,4.8505958369190694,17.492128645215345,8.2978790362711869,7.7523178684757027E-2]
[9,58,4.8505958369190694,17.608739551237541,8.3235089696234681,7.871724555992389E-2]
[9,59,4.8505958369190694,17.725661363395641,8.3490000812981808,7.9924532606683876E-2]
[9,60,4.8505958369190694,17.842970305895509,8.3743695023646616,8.1145922589457506E-2]
[9,61,4.8505958369190694,17.960744982435685,8.3996343440482306,8.2382349958463039E-2]
[9,62,4.8505958369190694,18.07906679926246,8.4248117770475019,8.3634806657736871E-2]
[9,63,4.8505958369190694,18.198020426839204,8.4499191140820873,8.4904348629732285E-2]
[9,64,4.8505958369190694,18.317694307626891,8.4749738968276134,8.6192103131588399E-2]
[9,65,4.8505958369190694,18.438181218739647,8.4999939885391917,8.7499276999717102E-2]
[9,66,4.8505958369190694,18.559578899808439,8.5249976738500131,8.8827166025838067E-2]
[9,67,4.8505958369190694,18.681990758333288,8.5500037674677074,9.0177165640243431E-2]
[9,68,4.8505958369190694,18.805526667229415,8.5750317337899755,9.1550783138595562E-2]
[9,69,4.8505958369190694,18.930303872303938,8.6001018198389314,9.2949651739089312E-2]
[9,70,4.8505958369190694,19.056448031209531,8.6252352043921068,9.4375546820248485E-2]
[9,71,4.8505958369190694,19.184094410236074,8.6504541667956047,9.5830404769768646E-2]
[9,72,4.8505958369190694,19.313389271426495,8.6757822797201563,9.731634497679352E-2]
[9,73,4.8505958369190694,19.444491490349797,8.7012446311151823,9.8835695630760445E-2]
[9,74,4.8505958369190694,19.577574454995769,8.7268680819005251,0.1003910241589155]
[9,75,4.8505958369190694,19.712828309446159,8.752681567607171,0.10198517335489125]
[9,76,4.8505958369190694,19.850462623307262,8.7787164543727361,0.10362130454057683]
[9,77,4.8505958369190694,19.990709590880652,8.8050069626050664,0.10530294948869479]
[9,78,4.8505958369190694,20.1338278948772,8.8315906755194256,0.10703407335088727]
[9,79,4.8505958369190694,20.28010741129102,8.8585091550239579,0.10881915153917933]
[9,80,4.8505958369190694,20.429874989464704,8.885808694648313,0.11066326447608821]
[9,81,4.8505958369190694,20.583501621290456,8.9135412492374808,0.11257221547800043]
[9,82,4.8505958369190694,20.741411426367581,8.941765595261721,0.11455267894666669]
[9,83,4.8505958369190694,20.904093041963357,8.970548795822511,0.1166123887921142]
[9,84,4.8505958369190694,21.072114243361085,8.9999680739107468,0.11876038103596497]
[9,85,4.8505958369190694,21.246140972915818,9.0301132412665837,0.12100731055792917]
[9,86,4.8505958369190694,21.426962493269571,9.0610898966734386,0.12336587113072105]
[9,87,4.8505958369190694,21.615525218220856,9.0930237109125311,0.12585136225648619]
[9,88,4.8505958369190694,21.81297911853116,9.1260662808265014,0.12848246942641645]
[9,89,4.8505958369190694,22.020742822571815,9.1604033072196334,0.13128236277000654]
[9,90,4.8505958369190694,22.240597340762683,9.1962663161207434,0.13428028500018288]
[9,91,4.8505958369190694,22.474825144128257,9.2339499693817348,0.13751391773523916]
[9,92,4.8505958369190694,22.726424069857803,9.2738385519060138,0.14103303756157662]
[9,93,4.8505958369190694,22.999450804600016,9.316448265176394,0.14490541605573001]
[9,94,4.8505958369190694,23.299602435090303,9.362498389178846,0.14922686392459514]
[9,95,4.8505958369190694,23.635269041750682,9.4130391842864185,0.15413952225121869]
[9,96,4.8505958369190694,24.019612160691977,9.4697024266573742,0.1598682331205678]
[9,97,4.8505958369190694,24.475187621639794,9.5352533884816406,0.1668020957900862]
[9,98,4.8505958369190694,25.046189727123359,9.6150358797341902,0.17571263868476983]
[9,99,4.8505958369190694,25.841795142047332,9.7220083449853263,0.18853639740600853]
[9,100,4.8505958369190694,27.331059881131527,9.9100975952662136,0.21382018971136538]
[100,1,2.7156693488495143,35.361785589262148,39.469794444631496,1.0979849962553045]
[100,2,2.7156693488495143,46.143063889678679,45.3805083749508,2.0929869435540849]
[100,3,2.7156693488495143,52.255431160140965,47.990991254765952,2.8058104039239358]
[100,4,2.7156693488495143,56.74180003208312,49.653507529088728,3.3975110818643701]
[100,5,2.7156693488495143,60.361760459726113,50.86446501521749,3.9171592118717129]
[100,6,2.7156693488495143,63.434004260260636,51.812367396023738,4.3877157357555268]
[100,7,2.7156693488495143,66.125189625730158,52.588724054296065,4.8221545919120672]
[100,8,2.7156693488495143,68.534354692911421,53.244739802661712,5.2286660721568081]
[100,9,2.7156693488495143,70.725552622028673,53.811890008058803,5.6128174962539932]
[100,10,2.7156693488495143,72.742795323137003,54.310867173030438,5.9785999828224146]
[100,11,2.7156693488495143,74.617734649876027,54.755980943239109,6.3289922417152109]
[100,12,2.7156693488495143,76.373959448934372,55.157526163897671,6.66628883431307]
[100,13,2.7156693488495143,78.029560858135625,55.523148606510141,6.9923031085247107]
[100,14,2.7156693488495143,79.598744860110699,55.858677069485253,7.3084987855434278]
[100,15,2.7156693488495143,81.092889449638236,56.16865353796743,7.616078669799716]
[100,16,2.7156693488495143,82.521262339335735,56.456683758539761,7.9160464232929533]
[100,17,2.7156693488495143,83.891522807214173,56.725676459030709,8.2092507794893166]
[100,18,2.7156693488495143,85.21008159828358,56.978011036828036,8.4964179427161302]
[100,19,2.7156693488495143,86.482364751682553,57.215657879550129,8.7781758207183422]
[100,20,2.7156693488495143,87.713010749505372,57.44026647951722,9.055072477390782]
[100,21,2.7156693488495143,88.906020359405332,57.653231136867291,9.3275904096677582]
[100,22,2.7156693488495143,90.064872255021427,57.855740743870456,9.5961577518248777]
[100,23,2.7156693488495143,91.192613446219127,58.048817053303175,9.8611571819219392]
[100,24,2.7156693488495143,92.291930876700292,58.233344478080902,10.122933084590979]
[100,25,2.7156693488495143,93.365208743150347,58.410093570079354,10.381797373290269]
[100,26,2.7156693488495143,94.414574850372645,58.579739717469366,10.638034269714835]
[100,27,2.7156693488495143,95.441938449610092,58.742878180452905,10.891904263244138]
[100,28,2.7156693488495143,96.44902139086777,58.900036291406401,11.143647419417885]
[100,29,2.7156693488495143,97.437383975544265,59.051683436393809,11.393486167070671]
[100,30,2.7156693488495143,98.408446570839914,59.198239284241936,11.641627664639987]
[100,31,2.7156693488495143,99.363507807092418,59.340080619231138,11.888265824377552]
[100,32,2.7156693488495143,100.30375999938961,59.477547052046141,12.133583056716198]
[100,33,2.7156693488495143,101.23030229885869,59.610945822793433,12.377751784460866]
[100,34,2.7156693488495143,102.14415197525815,59.74055586396711,12.620935766776915]
[100,35,2.7156693488495143,103.04625415255245,59.86663125624564,12.863291265416013]
[100,36,2.7156693488495143,103.93749025705377,59.989404183092908,13.104968079726287]
[100,37,2.7156693488495143,104.81868538911498,60.109087469278236,13.346110472351285]
[100,38,2.7156693488495143,105.69061479103566,60.225876772132914,13.58685800384602]
[100,39,2.7156693488495143,106.55400955343676,60.339952481537729,13.827346291513273]
[100,40,2.7156693488495143,107.40956167809033,60.451481374476558,14.067707705431623]
[100,41,2.7156693488495143,108.25792859570187,60.560618061888633,14.308072012777842]
[100,42,2.7156693488495143,109.09973722144703,60.667506259056424,14.548566980060146]
[100,43,2.7156693488495143,109.93558761834244,60.772279905522225,14.789318941689444]
[100,44,2.7156693488495143,110.76605632821591,60.875064156278256,15.030453342380708]
[100,45,2.7156693488495143,111.59169942165255,60.975976262512233,15.272095260146695]
[100,46,2.7156693488495143,112.413055311468,61.075126357356488,15.514369916092219]
[100,47,2.7156693488495143,113.2306473687302,61.172618159762287,15.757403176815481]
[100,48,2.7156693488495143,114.04498637587983,61.268549607701665,16.001322054955018]
[100,49,2.7156693488495143,114.85657284793386,61.363013430314219,16.246255213275255]
[100,50,2.7156693488495143,115.66589924994705,61.456097667302764,16.492333477651009]
[100,51,2.7156693488495143,116.4734521367742,61.547886142795306,16.739690364394178]
[100,52,2.7156693488495143,117.27971423961887,61.638458899987697,16.98846262755341]
[100,53,2.7156693488495143,118.08516652285097,61.727892602139391,17.238790832127862]
[100,54,2.7156693488495143,118.89029023406505,61.816260904881261,17.490819959563719]
[100,55,2.7156693488495143,119.69556897034374,61.90363480429896,17.744700052471636]
[100,56,2.7156693488495143,120.50149078416055,61.990082964855795,18.000586906219073]
[100,57,2.7156693488495143,121.30855035335719,62.075672030910589,18.25864281594966]
[100,58,2.7156693488495143,122.11725124115988,62.160466925356118,18.519037388677067]
[100,59,2.7156693488495143,122.92810827435842,62.244531138750155,18.781948431445141]
[100,60,2.7156693488495143,123.74165007060158,62.327927012229537,19.047562928171562]
[100,61,2.7156693488495143,124.55842174940646,62.410716017488966,19.316078119772204]
[100,62,2.7156693488495143,125.37898786606139,62.492959037173165,19.587702704563316]
[100,63,2.7156693488495143,126.20393561331893,62.574716649178661,19.862658178856652]
[100,64,2.7156693488495143,127.03387834287247,62.65604941859975,20.14118034122686]
[100,65,2.7156693488495143,127.86945946739395,62.737018201394925,20.423520988282746]
[100,66,2.7156693488495143,128.71135681478978,62.817684464313018,20.709949835128249]
[100,67,2.7156693488495143,129.56028751984564,62.898110626229425,21.000756700305871]
[100,68,2.7156693488495143,130.41701355523708,62.978360426832189,21.29625400320689]
[100,69,2.7156693488495143,131.28234802491437,63.058499329611422,21.596779632162132]
[100,70,2.7156693488495143,132.15716236928336,63.138594967403229,21.902700254254633]
[100,71,2.7156693488495143,133.04239466499939,63.218717640395923,22.214415154112974]
[100,72,2.7156693488495143,133.93905924466668,63.298940878632649,22.532360709569776]
[100,73,2.7156693488495143,134.84825791615285,63.379342083777694,22.857015638508674]
[100,74,2.7156693488495143,135.77119313149305,63.460003268453661,23.188907185393216]
[100,75,2.7156693488495143,136.70918354683153,63.541011916068584,23.528618460499043]
[100,76,2.7156693488495143,137.66368253503433,63.622461990110914,23.876797203449598]
[100,77,2.7156693488495143,138.63630037205425,63.704455129919758,24.234166320482]
[100,78,2.7156693488495143,139.62883103192905,63.787102080690843,24.601536649379998]
[100,79,2.7156693488495143,140.64328481525433,63.870524420029824,24.979822547982419]
[100,80,2.7156693488495143,141.6819284341459,63.954856663304447,25.370061097470376]
[100,81,2.7156693488495143,142.74733473091177,64.040248857724876,25.773435983947298]
[100,82,2.7156693488495143,143.84244499044698,64.126869814068797,26.191307507196829]
[100,83,2.7156693488495143,144.97064793002821,64.214911180759216,26.625250719790944]
[100,84,2.7156693488495143,146.1358810919603,64.304592646255998,27.077104511282851]
[100,85,2.7156693488495143,147.34276281077246,64.396168676371587,27.549035664128944]
[100,86,2.7156693488495143,148.59676665168325,64.48993737616594,28.043623757692771]
[100,87,2.7156693488495143,149.90445602891504,64.586252350556464,28.563975689723875]
[100,88,2.7156693488495143,151.2738060316554,64.685538892050317,29.113883235658562]
[100,89,2.7156693488495143,152.71465489941787,64.788316572053418,29.698044779919755]
[100,90,2.7156693488495143,154.23935400444446,64.895231588127515,30.322385611874264]
[100,91,2.7156693488495143,155.86373236656567,65.007104486225643,30.994534927680292]
[100,92,2.7156693488495143,157.60858009606494,65.125003100175576,31.724562323855551]
[100,93,2.7156693488495143,159.50203046285876,65.25035887802224,32.52616545814228]
[100,94,2.7156693488495143,161.583592971315,65.385162350617748,33.418690292302301]
[100,95,2.7156693488495143,163.91145313527156,65.532313932937811,34.43080684436589]
[100,96,2.7156693488495143,166.57688668785482,65.696309907473619,35.607810713252313]
[100,97,2.7156693488495143,169.73631913115884,65.884750748422221,37.027976431281168]
[100,98,2.7156693488495143,173.69623956564939,66.112280011454715,38.846241805431639]
[100,99,2.7156693488495143,179.21379214574139,66.414266087689157,41.450606437668597]
[100,100,2.7156693488495143,189.54189744698434,66.936898525938858,46.546901569304246]

{"sheet":"Harvested logs","index":7,"n_rows":595,"n_cols":8,"rows_kept":595,"cut":false,"hidden":false,"merged":[[0,0,0,7]]}
["List of logs harvested in production thinnings and at end of rotation"]
["Age (years)","Weighting (no./ha)","Stem number","Height class","SED under bark (mm)","LED under bark (mm)","Log length (m)","Volume (m3)"]
[100,2.6070425748955337,1,1,251.31176869726229,311.07775555377293,6,0.36401920829594414]
[100,2.6070425748955337,1,2,222.05358400467262,251.31176869726229,6,0.27488968134405883]
[100,2.6070425748955337,1,3,185.9095513626261,222.05358400467262,6,0.20493129462512036]
[100,2.6070425748955337,2,1,327.13674579934855,403.80117287531272,6,0.61606953216815807]
[100,2.6070425748955337,2,2,295.82036336840537,327.13674579934855,6,0.47439483131819937]
[100,2.6070425748955337,2,3,258.96396592383081,295.82036336840537,6,0.37800563114378993]
[100,2.6070425748955337,2,4,215.18085643063927,258.96396592383081,6,0.2765034554622805]
[100,2.6070425748955337,3,1,369.80789098329228,456.41027881247123,6,0.78798722502230722]
[100,2.6070425748955337,3,2,336.68912034254038,369.80789098329228,6,0.60931320553612944]
[100,2.6070425748955337,3,3,298.91468084677189,336.68912034254038,6,0.49575810193651676]
[100,2.6070425748955337,3,4,253.99897718102719,298.91468084677189,6,0.37558668615134433]
[100,2.6070425748955337,3,5,202.79371714985496,253.99897718102719,6,0.25693075364012896]
[100,2.6070425748955337,4,1,401.03189356980494,495.04274007452818,6,0.92752568762672305]
[100,2.6070425748955337,4,2,366.39918271256579,401.03189356980494,6,0.71834418423099611]
[100,2.6070425748955337,4,3,327.80295543464899,366.39918271256579,6,0.59111380507029021]
[100,2.6070425748955337,4,4,281.91078121126549,327.80295543464899,6,0.45645656846787741]
[100,2.6070425748955337,4,5,229.5253348837619,281.91078121126549,6,0.32174819121159515]
[100,2.6070425748955337,5,1,426.17758985250032,526.22547472473468,6,1.0483513668590301]
[100,2.6070425748955337,5,2,390.23061252606709,426.17758985250032,6,0.81247440551641181]
[100,2.6070425748955337,5,3,350.90122604796466,390.23061252606709,6,0.6735294051152505]
[100,2.6070425748955337,5,4,304.15336786094127,350.90122604796466,6,0.52667688960998404]
[100,2.6070425748955337,5,5,250.74423527789736,304.15336786094127,6,0.37852002845536803]
[100,2.6070425748955337,6,1,447.48889568802298,552.69760477537386,6,1.1566614495488199]
[100,2.6070425748955337,6,2,410.37181888170295,447.48889568802298,6,0.89666472794145136]
[100,2.6070425748955337,6,3,370.37959835022804,410.37181888170295,6,0.74729442316388839]
[100,2.6070425748955337,6,4,322.8667320417614,370.37959835022804,6,0.58972792250036277]
[100,2.6070425748955337,6,5,268.54810662824184,322.8667320417614,6,0.4297950602187382]
[100,2.6070425748955337,7,1,466.1364783881312,575.89183656522823,6,1.2558847653018235]
[100,2.6070425748955337,7,2,427.95837286332443,466.1364783881312,6,0.97365188330050234]
[100,2.6070425748955337,7,3,387.35914691450233,427.95837286332443,6,0.81478160904343588]
[100,2.6070425748955337,7,4,339.15123074847668,387.35914691450233,6,0.64755141361174751]
[100,2.6070425748955337,7,5,284.00984258469634,339.15123074847668,6,0.47702291574600697]
[100,2.6070425748955337,8,1,482.81484668758844,596.65971817232071,6,1.3481521959883802]
[100,2.6070425748955337,8,2,443.66133146723587,482.81484668758844,6,1.0451328208945654]
[100,2.6070425748955337,8,3,402.5002361736291,443.66133146723587,6,0.87746492372732243]
[100,2.6070425748955337,8,4,353.6528274741508,402.5002361736291,6,0.70136084089722184]
[100,2.6070425748955337,8,5,297.75686026579359,353.6528274741508,6,0.52112134069271832]
[100,2.6070425748955337,9,1,497.97259546940012,615.55207461210659,6,1.434894294698879]
[100,2.6070425748955337,9,2,457.9128292836233,497.97259546940012,6,1.1122446978480245]
[100,2.6070425748955337,9,3,416.2270610520884,457.9128292836233,6,0.93633343752185971]
[100,2.6070425748955337,9,4,366.78537785902,416.2270610520884,6,0.75197417964029734]
[100,2.6070425748955337,9,5,310.18993266676256,366.78537785902,6,0.56271489454734458]
[100,2.6070425748955337,10,1,511.91764008993766,632.94743766966417,6,1.5171261298802234]
[100,2.6070425748955337,10,2,471.00875674555232,511.91764008993766,6,1.1757931562895976]
[100,2.6070425748955337,10,3,428.82949508395768,471.00875674555232,6,0.99208861800908821]
[100,2.6070425748955337,10,4,378.8310915215169,428.82949508395768,6,0.79997364533998938]
[100,2.6070425748955337,10,5,321.58168812341432,378.8310915215169,6,0.60225144055301671]
[100,2.6070425748955337,11,1,524.87123018709474,649.11806784706175,6,1.5955987077879632]
[100,2.6070425748955337,11,2,483.16128886616724,524.87123018709474,6,1.2363734580942454]
[100,2.6070425748955337,11,3,440.51505345204441,483.16128886616724,6,1.0452491977807454]
[100,2.6070425748955337,11,4,389.99164184649783,440.51505345204441,6,0.84579106291029416]
[100,2.6070425748955337,11,5,332.12656088555747,389.99164184649783,6,0.64006516328215213]
[100,2.6070425748955337,12,1,536.99813138452043,664.26689270934628,6,1.6708861811912217]
[100,2.6070425748955337,12,2,494.52815807818467,536.99813138452043,6,1.2944401448748113]
[100,2.6070425748955337,12,3,451.43778649541855,494.52815807818467,6,1.0962115604697635]
[100,2.6070425748955337,12,4,400.41651867708487,451.43778649541855,6,0.88975723634071346]
[100,2.6070425748955337,12,5,341.96842767953598,400.41651867708487,6,0.67641336031978894]
[100,2.6070425748955337,13,1,548.42462610871291,678.54956093037674,6,1.7434392644244263]
[100,2.6070425748955337,13,2,505.23007338882064,548.42462610871291,6,1.3503496489901479]
[100,2.6070425748955337,13,3,461.71544116044225,505.23007338882064,6,1.1452867191172706]
[100,2.6070425748955337,13,4,410.21983542650491,461.71544116044225,6,0.93213228815345883]
[100,2.6070425748955337,13,5,351.21695386283483,410.21983542650491,6,0.71149922674629018]
[100,2.6070425748955337,14,1,559.24981964008066,692.08830680307688,6,1.8136195900893057]
[100,2.6070425748955337,14,2,515.36163976581383,559.24981964008066,6,1.4043876697036295]
[100,2.6070425748955337,14,3,471.44020167892904,515.36163976581383,6,1.1927240951728297]
[100,2.6070425748955337,14,4,419.49083022219378,471.44020167892904,6,0.9731252276244069]
[100,2.6070425748955337,14,5,359.95778700756938,419.49083022219378,6,0.74548664493896089]
[100,2.6070425748955337,14,6,293.52691205620397,359.95778700756938,6,0.52496286352297605]
[100,2.6070425748955337,15,1,569.5530468966233,704.98104039104294,6,1.8817227063715656]
[100,2.6070425748955337,15,2,524.99849943103072,569.5530468966233,6,1.4567874792394595]
[100,2.6070425748955337,15,3,480.68570421843071,524.99849943103072,6,1.2387274315107437]
[100,2.6070425748955337,15,4,428.30071401445286,480.68570421843071,6,1.0129070796542754]
[100,2.6070425748955337,15,5,368.2591933169715,428.30071401445286,6,0.77851016156886343]
[100,2.6070425748955337,15,6,301.25290933347486,368.2591933169715,6,0.55094312950693147]
[100,2.6070425748955337,16,1,579.39889768931539,717.30751927888991,6,1.9479939899451362]
[100,2.6070425748955337,16,2,534.20216969393698,579.39889768931539,6,1.5077425779179667]
[100,2.6070425748955337,16,3,489.51178308750809,534.20216969393698,6,1.2834658006150093]
[100,2.6070425748955337,16,4,436.70729806844582,489.51178308750809,6,1.0516199874049703]
[100,2.6070425748955337,16,5,376.17653543030946,436.70729806844582,6,0.81068193752649487]
[100,2.6070425748955337,16,6,308.61668031199156,376.17653543030946,6,0.57629926949692378]
[100,2.6070425748955337,17,1,588.84072859491368,729.13366442104621,6,2.0126399701581175]
[100,2.6070425748955337,17,2,543.02341929537272,588.84072859491368,6,1.5574156924292868]
[100,2.6070425748955337,17,3,497.96777950285559,543.02341929537272,6,1.3270814364094721]
[100,2.6070425748955337,17,4,444.75821622571618,497.96777950285559,6,1.08938370132458]
[100,2.6070425748955337,17,5,383.75538632549717,444.75821622571618,6,0.84209672277867853]
[100,2.6070425748955337,17,6,315.66146243602066,383.75538632549717,6,0.60109971815909746]
[100,2.6070425748955337,18,1,597.92318022688823,740.51465548487795,6,2.0758365840021633]
[100,2.6070425748955337,18,2,551.50468559546334,597.92318022688823,6,1.6059453302108837]
[100,2.6070425748955337,18,3,506.0949080611133,551.50468559546334,6,1.3696954419620047]
[100,2.6070425748955337,18,4,452.4932270970146,506.0949080611133,6,1.126300316674409]
[100,2.6070425748955337,18,5,391.03375143758069,452.4932270970146,6,0.87283550171444446]
[100,2.6070425748955337,18,6,322.42327302780865,391.03375143758069,6,0.62540325778826078]
[100,2.6070425748955337,19,1,606.68402167615636,751.49720005430697,6,2.1377353207329222]
[100,2.6070425748955337,19,2,559.68184372853864,606.68402167615636,6,1.6534506547178272]
[100,2.6070425748955337,19,3,513.92798722400232,559.68184372853864,6,1.4114120369575633]
[100,2.6070425748955337,19,4,459.94589594703592,513.92798722400232,6,1.1624578047140541]
[100,2.6070425748955337,19,5,398.0436902839312,459.94589594703592,6,0.90296821916358472]
[100,2.6070425748955337,19,6,328.93246326990294,398.0436902839312,6,0.64926088956542571]
[100,2.6070425748955337,20,1,615.15552821268147,762.12122943441864,6,2.1984678802071285]
[100,2.6070425748955337,20,2,567.58552673646852,615.15552821268147,6,1.7000351789547683]
[100,2.6070425748955337,20,3,521.49672954052039,567.58552673646852,6,1.452321776955843]
[100,2.6070425748955337,20,4,467.14484759513243,521.49672954052039,6,1.1979326930014118]
[100,2.6070425748955337,20,5,404.81252327717141,467.14484759513243,6,0.93255585568057997]
[100,2.6070425748955337,20,6,335.21487315805962,404.81252327717141,6,0.67271726731078441]
[100,2.6070425748955337,21,1,623.36552799465278,772.42118762294228,6,2.2581497621908535]
[100,2.6070425748955337,21,2,575.24212760850139,623.36552799465278,6,1.7457896095770886]
[100,2.6070425748955337,21,3,528.82672024676492,575.24212760850139,6,1.4925040332332371]
[100,2.6070425748955337,21,4,474.11471595191296,528.82672024676492,6,1.2327921328564861]
[100,2.6070425748955337,21,5,411.3637454987504,474.11471595191296,6,0.96165203265672483]
[100,2.6070425748955337,21,6,341.29270495570108,411.3637454987504,6,0.69581181285904892]
[100,2.6070425748955337,22,1,631.33820942800401,782.4270259547684,6,2.3168830723128759]
[100,2.6070425748955337,22,2,582.67457152116867,631.33820942800401,6,1.7907940689253683]
[100,2.6070425748955337,22,3,535.94017091741011,582.67457152116867,6,1.53202893090236]
[100,2.6070425748955337,22,4,480.87687475099591,535.94017091741011,6,1.2670955172085756]
[100,2.6070425748955337,22,5,417.71772931535139,480.87687475099591,6,0.99030427149076861]
[100,2.6070425748955337,22,6,347.18519406474599,417.71772931535139,6,0.71857959567569407]
[100,2.6070425748955337,23,1,639.09475241136965,792.16498108736141,6,2.3747587444109111]
[100,2.6070425748955337,23,2,589.90291914123918,639.09475241136965,6,1.8351198538714073]
[100,2.6070425748955337,23,3,542.85650786666088,589.90291914123918,6,1.5709588835153412]
[100,2.6070425748955337,23,4,487.45000766675537,542.85650786666088,6,1.3008957631039271]
[100,2.6070425748955337,23,5,423.89227213118829,487.45000766675537,6,1.0185549940690954]
[100,2.6070425748955337,23,6,352.90913149352934,423.89227213118829,6,0.74105203515710472]
[100,2.6070425748955337,24,1,646.65382795998153,801.65819099972305,6,2.4318583215902398]
[100,2.6070425748955337,24,2,596.94484377637127,646.65382795998153,6,1.878830844610017]
[100,2.6070425748955337,24,3,549.59283723254339,596.94484377637127,6,1.6093498226051679]
[100,2.6070425748955337,24,4,493.85055866062174,549.59283723254339,6,1.3342403403941323]
[100,2.6070425748955337,24,5,429.9030287506821,493.85055866062174,6,1.0464423269746068]
[100,2.6070425748955337,24,6,358.47927586845429,429.9030287506821,6,0.7632574676961712]
[100,2.6070425748955337,25,1,654.03199806950158,810.92718817105356,6,2.4882553991287599]
[100,2.6070425748955337,25,2,603.81601298428313,654.03199806950158,6,1.9219846453360205]
[100,2.6070425748955337,25,3,556.16431672557565,603.81601298428313,6,1.6472521934989166]
[100,2.6070425748955337,25,4,500.09309173499901,556.16431672557565,6,1.3671721057453725]
[100,2.6070425748955337,25,5,435.76385652923636,500.09309173499901,6,1.0740007548263373]
[100,2.6070425748955337,25,6,363.90868204572718,435.76385652923636,6,0.78522160930332596]
[100,2.6070425748955337,26,1,661.24403899988829,819.99029844496135,6,2.5440168051209469]
[100,2.6070425748955337,26,2,610.53039689299806,661.24403899988829,6,1.964633517071015]
[100,2.6070425748955337,26,3,562.58445582226966,610.53039689299806,6,1.6847117698855116]
[100,2.6070425748955337,26,4,506.19058127791482,562.58445582226966,6,1.3997299855316396]
[100,2.6070425748955337,26,5,441.48709375204999,506.19058127791482,6,1.1012616562747835]
[100,2.6070425748955337,26,6,369.20896592896543,441.48709375204999,6,0.8069679366414948]
[100,2.6070425748955337,27,1,668.3032050887532,828.86396662726713,6,2.5992035754919662]
[100,2.6070425748955337,27,2,617.10051964455238,668.3032050887532,6,2.0068251475870706]
[100,2.6070425748955337,27,3,568.86536045779144,617.10051964455238,6,1.721770326293677]
[100,2.6070425748955337,27,4,512.1546486022678,568.86536045779144,6,1.4319495401492912]
[100,2.6070425748955337,27,5,447.08378628620034,512.1546486022678,6,1.1282537477495105]
[100,2.6070425748955337,27,6,374.39051990971382,447.08378628620034,6,0.82851800367204043]
[100,2.6070425748955337,28,1,675.22144589039908,837.56302456471576,6,2.6538717661842588]
[100,2.6070425748955337,28,2,623.53766622827595,675.22144589039908,6,2.0486032923824471]
[100,2.6070425748955337,28,3,575.01793420935371,623.53766622827595,6,1.7584661980688616]
[100,2.6070425748955337,28,4,517.9957563276713,575.01793420935371,6,1.4638634343662038]
[100,2.6070425748955337,28,5,452.56387372912394,517.9957563276713,6,1.1550034539838838]
[100,2.6070425748955337,28,6,379.46268967546217,452.56387372912394,6,0.84989170700857464]
[100,2.6070425748955337,29,1,682.00958632720403,846.10091362909372,6,2.7080731352500389]
[100,2.6070425748955337,29,2,629.85205398277515,682.00958632720403,6,2.0900083126645361]
[100,2.6070425748955337,29,3,581.05204503686025,629.85205398277515,6,1.7948347514730649]
[100,2.6070425748955337,29,4,523.72336940655964,581.05204503686025,6,1.495501832543892]
[100,2.6070425748955337,29,5,457.9363435285174,523.72336940655964,6,1.1815352199071176]
[100,2.6070425748955337,29,6,384.43392049178749,457.9363435285174,6,0.87110751006601983]
[100,2.6070425748955337,30,1,688.67747726822108,854.48987073750868,6,2.7618557201567016]
[100,2.6070425748955337,30,2,636.0529758650174,688.67747726822108,6,2.1310776303974093]
[100,2.6070425748955337,30,3,586.97666451297528,636.0529758650174,6,1.8309087813952734]
[100,2.6070425748955337,30,4,529.34608952056419,586.97666451297528,6,1.5268927333078677]
[100,2.6070425748955337,30,5,463.20935954600645,529.34608952056419,6,1.2078717752134998]
[100,2.6070425748955337,30,6,389.31187914456137,463.20935954600645,6,0.89218263385615204]
[100,2.6070425748955337,31,1,695.23412226966366,862.74108497265365,6,2.8152643300711069]
[100,2.6070425748955337,31,2,642.14892097307882,695.23412226966366,6,2.1718461160725155]
[100,2.6070425748955337,31,3,592.79998489808099,642.14892097307882,6,1.8667188503282293]
[100,2.6070425748955337,31,4,534.87176804066189,592.79998489808099,6,1.5580622550581382]
[100,2.6070425748955337,31,5,468.39037005925024,534.87176804066189,6,1.2340343604644302]
[100,2.6070425748955337,31,6,394.10355631216623,468.39037005925024,6,0.91313322060078506]
[100,2.6070425748955337,32,1,701.68778495514789,870.86483032041428,6,2.8683409687080355]
[100,2.6070425748955337,32,2,648.14767660421944,701.68778495514789,6,2.2123464215434407]
[100,2.6070425748955337,32,3,598.52951823752721,648.14767660421944,6,1.9022935793766458]
[100,2.6070425748955337,32,4,540.3076016001686,598.52951823752721,6,1.5890348813082322]
[100,2.6070425748955337,32,5,473.48619909433341,540.3076016001686,6,1.2600429217227931]
[100,2.6070425748955337,32,6,398.81535308173392,473.48619909433341,6,0.93397447505828357]
[100,2.6070425748955337,33,1,708.04608056352095,878.87057887279241,6,2.921125200143496]
[100,2.6070425748955337,33,2,654.0564152196539,708.04608056352095,6,2.2526092677393339]
[100,2.6070425748955337,33,3,604.17218076897825,654.0564152196539,6,1.9376598998599799]
[100,2.6070425748955337,33,4,545.66021346587706,604.17218076897825,6,1.6198336730087592]
[100,2.6070425748955337,33,5,478.50312414840289,545.66021346587706,6,1.2859162793015959]
[100,2.6070425748955337,33,6,403.4531545274823,478.50312414840289,6,0.95472078748153877]
[100,2.6070425748955337,34,1,714.3160544670734,886.76709795152249,6,2.9736544675449639]
[100,2.6070425748955337,34,2,659.88176899306518,714.3160544670734,6,2.2926636951295887]
[100,2.6070425748955337,34,3,609.73436524942019,659.88176899306518,6,1.9728432723801517]
[100,2.6070425748955337,34,4,550.93572323440515,609.73436524942019,6,1.6504804536018469]
[100,2.6070425748955337,34,5,483.44694272890968,550.93572323440515,6,1.3116722751169583]
[100,2.6070425748955337,34,6,408.02239266344549,483.44694272890968,6,0.9753858413700528]
[100,2.6070425748955337,35,1,720.50424990449244,894.56253392003816,6,3.0259643728722665]
[100,2.6070425748955337,35,2,665.62989408540966,720.50424990449244,6,2.3325372833072304]
[100,2.6070425748955337,35,3,615.22200328950976,665.62989408540966,6,2.0078678789121245]
[100,2.6070425748955337,35,4,556.13980687453682,615.22200328950976,6,1.680995971459148]
[100,2.6070425748955337,35,5,488.32302964873168,556.13980687453682,6,1.3373279022869551]
[100,2.6070425748955337,35,6,412.52810061750483,488.32302964873168,6,0.99598270859004101]
[100,2.6070425748955337,36,1,726.61676673925683,902.26448491730935,6,3.0780889241199785]
[100,2.6070425748955337,36,2,671.30652637368803,726.61676673925683,6,2.3722563448831528]
[100,2.6070425748955337,36,3,620.64061937799363,671.30652637368803,6,2.0427567924502652]
[100,2.6070425748955337,36,4,561.27774874368674,620.64061937799363,6,1.7114000435013526]
[100,2.6070425748955337,36,5,493.13638663886849,561.27774874368674,6,1.3628994199540283]
[100,2.6070425748955337,36,6,416.97495951309128,493.13638663886849,6,1.0165239339746264]
[100,2.6070425748955337,37,1,732.65931271480167,909.88006432896952,6,3.1300607555061757]
[100,2.6070425748955337,37,2,676.91703003683142,732.65931271480167,6,2.4118460979588274]
[100,2.6070425748955337,37,3,625.99537796231562,676.91703003683142,6,2.0775321279371464]
[100,2.6070425748955337,37,4,566.35448689971395,625.99537796231562,6,1.7417116831246151]
[100,2.6070425748955337,37,5,497.89168554541419,566.35448689971395,6,1.3884024557858021]
[100,2.6070425748955337,37,6,421.36733926342055,497.89168554541419,6,1.0370216111515647]
[100,2.6070425748955337,38,1,738.63724841025874,917.41595648150474,6,3.1819113250899242]
[100,2.6070425748955337,38,2,682.46644014614867,738.63724841025874,6,2.4513308207143845]
[100,2.6070425748955337,38,3,631.29112470211317,682.46644014614867,6,2.112215177563745]
[100,2.6070425748955337,38,4,571.3746527876508,631.29112470211317,6,1.7719492150269274]
[100,2.6070425748955337,38,5,502.59330614532621,571.3746527876508,6,1.4138520981947746]
[100,2.6070425748955337,38,6,425.70933426167619,502.59330614532621,6,1.0574874510565906]
[100,2.6070425748955337,39,1,744.5556268883031,924.87846578366839,6,3.2336710935664064]
[100,2.6070425748955337,39,2,687.95950020495059,744.5556268883031,6,2.4907339910672075]
[100,2.6070425748955337,39,3,636.53242281455596,687.95950020495059,6,2.1468265330226619]
[100,2.6070425748955337,39,4,576.34260618937083,636.53242281455596,6,1.8021303791040972]
[100,2.6070425748955337,39,5,507.24536943155692,576.34260618937083,6,1.439262979987828]
[100,2.6070425748955337,39,6,430.00479477519514,507.24536943155692,6,1.0779328443597751]
[100,2.6070425748955337,40,1,750.41922885726638,932.27356033053275,6,3.285369687404085]
[100,2.6070425748955337,40,2,693.40069542020069,750.41922885726638,6,2.5300784138930545]
[100,2.6070425748955337,40,3,641.72358527278266,693.40069542020069,6,2.1813861968916011]
[100,2.6070425748955337,40,4,581.26246617151776,641.72358527278266,6,1.832272425247143]
[100,2.6070425748955337,40,5,511.85176707151163,581.26246617151776,6,1.4646493548932449]
[100,2.6070425748955337,40,6,434.25735471202165,511.85176707151163,6,1.0983689188481676]
[100,2.6070425748955337,41,1,756.23259403364455,939.60691081789957,6,3.3370360490194502]
[100,2.6070425748955337,41,2,698.79428235914452,756.23259403364455,6,2.5693863379296316]
[100,2.6070425748955337,41,3,646.86870349211699,698.79428235914452,6,2.2159136849998347]
[100,2.6070425748955337,41,4,586.13813864449514,646.86870349211699,6,1.8623922006021405]
[100,2.6070425748955337,41,5,516.41618762520102,586.13813864449514,6,1.4900251682020689]
[100,2.6070425748955337,41,6,438.4704563161971,516.41618762520102,6,1.1188065926602477]
[100,2.6070425748955337,42,1,762.00004928160138,946.88392547978185,6,3.3886985763113571]
[100,2.6070425748955337,42,2,704.14431553930865,762.00004928160138,6,2.6086795641861369]
[100,2.6070425748955337,42,3,651.97167303686695,704.14431553930865,6,2.2504281213715336]
[100,2.6070425748955337,42,4,590.9733410467104,651.97167303686695,6,1.8925062306373863]
[100,2.6070425748955337,42,5,520.94214001485273,590.9733410467104,6,1.5154041225924799]
[100,2.6070425748955337,42,6,442.64737225807539,520.94214001485273,6,1.1392566241501705]
[100,2.6070425748955337,43,1,767.72573401727459,954.10978165221718,6,3.4403852535772237]
[100,2.6070425748955337,43,2,709.45467141551956,767.72573401727459,6,2.6479795474439469]
[100,2.6070425748955337,43,3,657.03621679795685,709.45467141551956,6,2.2849483271319002]
[100,2.6070425748955337,43,4,595.77162458838711,657.03621679795685,6,1.9226307951894057]
[100,2.6070425748955337,43,5,525.43297466111585,595.77162458838711,6,1.5407997400709637]
[100,2.6070425748955337,43,6,446.79122551302089,525.43297466111585,6,1.1597296590657173]
[100,2.6070425748955337,44,1,773.41362329370168,961.28945447794752,6,3.4921237755961259]
[100,2.6070425748955337,44,2,714.7290701588654,773.41362329370168,6,2.6873074922448255]
[100,2.6070425748955337,44,3,662.06590602470726,714.7290701588654,6,2.3194929045971753]
[100,2.6070425748955337,44,4,600.53639442450572,662.06590602470726,6,1.9527820005219521]
[100,2.6070425748955337,44,5,529.89190263887519,600.53639442450572,6,1.5662254208577049]
[100,2.6070425748955337,44,6,450.90500736272929,529.89190263887519,6,1.1802362756500349]
[100,2.6070425748955337,45,1,779.06754892362483,968.42774319434147,6,3.5439416664771302]
[100,2.6070425748955337,45,2,719.9710955666477,779.06754892362483,6,2.7266844446137366]
[100,2.6070425748955337,45,3,667.06417953964205,719.9710955666477,6,2.3540803176393874]
[100,2.6070425748955337,45,4,605.27092807374947,667.06417953964205,6,1.9829758483240014]
[100,2.6070425748955337,45,5,534.32201315518171,605.27092807374947,6,1.5916944999600819]
[100,2.6070425748955337,45,6,454.99159380534809,534.32201315518171,6,1.2007870282197231]
[100,2.6070425748955337,46,1,784.69121894976115,975.52929538823548,6,3.5958663947271394]
[100,2.6070425748955337,46,2,725.18421339684721,784.69121894976115,6,2.7661313806478147]
[100,2.6070425748955337,46,3,672.03436142085604,725.18421339684721,6,2.3887289693158849]
[100,2.6070425748955337,46,4,609.97839235744664,672.03436142085604,6,2.0132283024891984]
[100,2.6070425748955337,46,5,538.72628961065107,609.97839235744664,6,1.6172203021141069]
[100,2.6070425748955337,46,6,459.05376062140954,538.72628961065107,6,1.2213924897284631]
[100,2.6070425748955337,47,1,790.28823573349678,982.59862955381334,6,3.6479254858853252]
[100,2.6070425748955337,47,2,730.37178838372665,790.28823573349678,6,2.8056692930162552]
[100,2.6070425748955337,47,3,676.97967740052434,730.37178838372665,6,2.4234572776779393]
[100,2.6070425748955337,47,4,614.6618590976866,676.97967740052434,6,2.0435553544569602]
[100,2.6070425748955337,47,5,543.10762447228922,614.6618590976866,6,1.6428161957265819]
[100,2.6070425748955337,47,6,463.09419731079868,543.10762447228922,6,1.24206329379419]
[100,2.6070425748955337,48,1,795.86211290168762,989.64015625120862,6,3.7001466339958005]
[100,2.6070425748955337,48,2,735.53710016129673,795.86211290168762,6,2.8453192763539943]
[100,2.6070425748955337,48,3,681.90327019897927,735.53710016129673,6,2.4582837506187878]
[100,2.6070425748955337,48,4,619.32431978556656,681.90327019897927,6,2.0739730878515514]
[100,2.6070425748955337,48,5,547.46883315861226,619.32431978556656,6,1.6684956464182341]
[100,2.6070425748955337,48,6,467.11552009017743,547.46883315861226,6,1.2628101766475432]
[100,2.6070425748955337,49,1,801.41629136627546,996.6581981328676,6,3.7525578131435409]
[100,2.6070425748955337,49,2,740.68335829747127,801.41629136627546,6,2.8851026124925379]
[100,2.6070425748955337,49,3,686.80821399045283,740.68335829747127,6,2.4932270605871873]
[100,2.6070425748955337,49,4,623.96869940791544,686.80821399045283,6,2.1044977431282699]
[100,2.6070425748955337,49,5,551.81266711620128,623.96869940791544,6,1.694272270749186]
[100,2.6070425748955337,49,6,471.12028411955913,551.81266711620128,6,1.2836440194489078]
[100,2.6070425748955337,50,1,806.9541546117307,1003.6570090805839,6,3.8051873902584719]
[100,2.6070425748955337,50,2,745.81371662280299,806.9541546117307,6,2.9250408564520982]
[100,2.6070425748955337,50,3,691.69752817808842,745.81371662280299,6,2.5283061199758357]
[100,2.6070425748955337,50,4,628.59786960289875,691.69752817808842,6,2.1351457829238081]
[100,2.6070425748955337,50,5,556.14182624956459,628.59786960289875,6,1.7201598907012379]
[100,2.6070425748955337,50,6,475.11099511023804,556.14182624956459,6,1.3045758914203129]
[100,2.6070425748955337,51,1,812.47904343028927,1010.6407926778243,6,3.8580642403982321]
[100,2.6070425748955337,51,2,750.93128702323588,812.47904343028927,6,2.9651559241204826]
[100,2.6070425748955337,51,3,696.57419064165197,750.93128702323588,6,2.5635401579953956]
[100,2.6070425748955337,51,4,633.21466130111344,696.57419064165197,6,2.165933958810967]
[100,2.6070425748955337,51,5,560.45897085286867,633.21466130111344,6,1.7461725894972284]
[100,2.6070425748955337,51,6,479.09012045351915,560.45897085286867,6,1.3256170942468195]
[100,2.6070425748955337,52,1,817.99427027394654,1017.6137202286269,6,3.911217865750289]
[100,2.6070425748955337,52,2,756.03915285559947,817.99427027394654,6,3.005470182563224]
[100,2.6070425748955337,52,3,701.44115061082789,756.03915285559947,6,2.5989487998617191]
[100,2.6070425748955337,52,4,637.82187699849351,701.44115061082789,6,2.196879380174805]
[100,2.6070425748955337,52,5,564.76673318213159,637.82187699849351,6,1.7723247693545743]
[100,2.6070425748955337,52,6,483.06010000008285,564.76673318213159,6,1.3467792082191228]
[100,2.6070425748955337,53,1,823.50313338494652,1024.5799485257921,6,3.9646785196504606]
[100,2.6070425748955337,53,2,761.14038213748222,823.50313338494652,6,3.0460065439496486]
[100,2.6070425748955337,53,3,706.30134130995179,761.14038213748222,6,2.6345521491592123]
[100,2.6070425748955337,53,4,642.42230280040803,706.30134130995179,6,2.2279995859597173]
[100,2.6070425748955337,53,5,569.0677287996765,642.42230280040803,6,1.7986312118000731]
[100,2.6070425748955337,53,6,487.0233566132095,569.0677287996765,6,1.3680741406164179]
[100,2.6070425748955337,54,1,829.0089308627114,1031.5436375667903,6,4.0184773369978037]
[100,2.6070425748955337,54,2,766.23804065920979,829.0089308627114,6,3.0867885641389852]
[100,2.6070425748955337,54,3,711.15769251604672,766.23804065920979,6,2.6703708742955685]
[100,2.6070425748955337,54,4,647.01872037233193,711.15769251604672,6,2.2593126200843785]
[100,2.6070425748955337,54,5,573.36456781864251,647.01872037233193,6,1.8251071412153514]
[100,2.6070425748955337,54,6,490.98230661508114,573.36456781864251,6,1.3895141768656838]
[100,2.6070425748955337,55,1,834.51497482480318,1038.5089684158397,6,4.0726464725590281]
[100,2.6070425748955337,55,2,771.33520516501449,834.51497482480318,6,3.1278405470534603]
[100,2.6070425748955337,55,3,716.01314317118545,771.33520516501449,6,2.7064263000357984]
[100,2.6070425748955337,55,4,651.61391893145947,716.01314317118545,6,2.2908371113864918]
[100,2.6070425748955337,55,5,577.65986617417423,651.61391893145947,6,1.8517682923395591]
[100,2.6070425748955337,55,6,494.9393702440243,577.65986617417423,6,1.4111120350625941]
[100,2.6070425748955337,56,1,840.02460582244055,1045.4801614147668,6,4.1272192488004356]
[100,2.6070425748955337,56,2,776.43497675285903,840.02460582244055,6,3.1691876560718963]
[100,2.6070425748955337,56,3,720.87065419227838,776.43497675285903,6,2.7427405051970175]
[100,2.6070425748955337,56,4,656.21070741541075,720.87065419227838,6,2.3225923590426145]
[100,2.6070425748955337,56,5,581.95625704936538,656.21070741541075,6,1.8786309825284349]
[100,2.6070425748955337,56,6,498.89698224165545,581.95625704936538,6,1.4328809245006446]
[100,2.6070425748955337,57,1,845.54120767766506,1052.4614949540417,6,4.1822303150691145]
[100,2.6070425748955337,57,2,781.54049464819104,845.54120767766506,6,3.2108560338129637]
[100,2.6070425748955337,57,3,725.73322162672173,781.54049464819104,6,2.7793364277045107]
[100,2.6070425748955337,57,4,660.81192696905509,725.73322162672173,6,2.3545984245139291]
[100,2.6070425748955337,57,5,586.25640258840428,660.81192696905509,6,1.9057121896603864]
[100,2.6070425748955337,57,6,502.85760269268928,586.25640258840428,6,1.4548346089318231]
[100,2.6070425748955337,58,1,851.06822291941671,1059.4573250286776,6,4.237715820170628]
[100,2.6070425748955337,58,2,786.65495051601795,851.06822291941671,6,3.2528729318445051]
[100,2.6070425748955337,58,3,730.60389031085049,786.65495051601795,6,2.8162379783563809]
[100,2.6070425748955337,58,4,665.42046389837924,730.60389031085049,6,2.386876231198606]
[100,2.6070425748955337,58,5,590.56300603657746,665.42046389837924,6,1.9330296366921413]
[100,2.6070425748955337,58,6,506.82372824661167,590.56300603657746,6,1.476987475375656]
[100,2.6070425748955337,59,1,856.60916901025075,1066.4721058224984,6,4.2937136006687693]
[100,2.6070425748955337,59,2,791.78160348881602,856.60916901025075,6,3.2952668520619564]
[100,2.6070425748955337,59,3,735.48576820047197,791.78160348881602,6,2.8534701648251497]
[100,2.6070425748955337,59,4,670.03926325183988,735.48576820047197,6,2.4194476731315895]
[100,2.6070425748955337,59,5,594.87882445737671,670.03926325183988,6,1.9606018840044275]
[100,2.6070425748955337,59,6,510.79790385997575,594.87882445737671,6,1.4993546094079035]
[100,2.6070425748955337,60,1,862.16765557446035,1073.5104115888475,6,4.3502633875703269]
[100,2.6070425748955337,60,2,796.9237961051208,862.16765557446035,6,3.3380677017295546]
[100,2.6070425748955337,60,3,740.3820415590867,796.9237961051208,6,2.8910592276449876]
[100,2.6070425748955337,60,4,674.6713432049462,740.3820415590867,6,2.452335734266808]
[100,2.6070425748955337,60,5,599.20668219111485,674.6713432049462,6,1.9884484308449575]
[100,2.6070425748955337,60,6,514.78273521092558,599.20668219111485,6,1.521951877998635]
[100,2.6070425748955337,61,1,867.74740286293172,1080.5769601274792,6,4.4074070344700598]
[100,2.6070425748955337,61,2,802.08497137607867,867.74740286293172,6,3.3813069644852063]
[100,2.6070425748955337,61,3,745.29599121060312,802.08497137607867,6,2.9290327902020028]
[100,2.6070425748955337,61,4,679.31981044373447,745.29599121060312,6,2.4855646201141344]
[100,2.6070425748955337,61,5,603.54948523787766,679.31981044373447,6,2.016589827379474]
[100,2.6070425748955337,61,6,518.78090195434061,603.54948523787766,6,1.5447960211377598]
[100,2.6070425748955337,62,1,873.35226172099783,1087.676638197127,6,4.4651887707311344]
[100,2.6070425748955337,62,2,807.26869122554785,873.35226172099783,6,3.425017889981858]
[100,2.6070425748955337,62,3,750.23101009012737,807.26869122554785,6,2.9674200250720859]
[100,2.6070425748955337,62,4,683.9878767679686,750.23101009012737,6,2.5191599037912962]
[100,2.6070425748955337,62,5,607.91023677102612,683.9878767679686,6,2.045047799108672]
[100,2.6070425748955337,62,6,522.79517200732175,607.91023677102612,6,1.5679047536901616]
[100,2.6070425748955337,63,1,878.98623536418256,1094.8145292528893,6,4.5236554838855758]
[100,2.6070425748955337,63,2,812.47865658474427,878.98623536418256,6,3.4692357052923208]
[100,2.6070425748955337,63,3,755.19062235992919,812.47865658474427,6,3.006251839448447]
[100,2.6070425748955337,63,4,688.67887716646169,755.19062235992919,6,2.5531486889017398]
[100,2.6070425748955337,63,5,612.29205401674983,688.67887716646169,6,2.073845385709058]
[100,2.6070425748955337,63,6,526.8284170815175,612.29205401674983,6,1.5912968791706392]
[100,2.6070425748955337,64,1,884.65350331474212,1101.9959439591296,6,4.5828570361836016]
[100,2.6070425748955337,64,2,817.7187294664393,884.65350331474212,6,3.5139978517592305]
[100,2.6070425748955337,64,3,760.17850439938138,817.7187294664393,6,3.0455610828878261]
[100,2.6070425748955337,64,4,693.39628965617885,760.17850439938138,6,2.5875597920779096]
[100,2.6070425748955337,64,5,616.69818677168814,693.39628965617885,6,2.1030070967229495]
[100,2.6070425748955337,64,6,530.88362971217418,616.69818677168814,6,1.6149924174316936]
[100,2.6070425748955337,65,1,890.35844791130955,1109.2264540048127,6,4.6428466211303778]
[100,2.6070425748955337,65,2,822.99295739823901,890.35844791130955,6,3.5593442516497755]
[100,2.6070425748955337,65,3,765.19850802934468,822.99295739823901,6,3.0853827811988994]
[100,2.6070425748955337,65,4,698.14375722546981,765.19850802934468,6,2.6224239485532155]
[100,2.6070425748955337,65,5,621.13203787590282,698.14375722546981,6,2.1325590869711473]
[100,2.6070425748955337,65,6,534.96394207523679,621.13203787590282,6,1.6390127486269481]
[100,2.6070425748955337,66,1,896.10568387761577,1116.5119298425841,6,4.7036811669683649]
[100,2.6070425748955337,66,2,828.30560066208682,896.10568387761577,6,3.605317609809461]
[100,2.6070425748955337,66,3,770.2546863955597,828.30560066208682,6,3.1257544010284017]
[100,2.6070425748955337,66,4,702.92511228218689,770.2546863955597,6,2.6577740447705205]
[100,2.6070425748955337,66,5,625.59718601468057,702.92511228218689,6,2.1625293551135205]
[100,2.6070425748955337,66,6,539.07264693527247,625.59718601468057,6,1.6633807762679991]
[100,2.6070425748955337,67,1,901.90009152771665,1123.8585830901281,6,4.7654217954452607]
[100,2.6070425748955337,67,2,833.66116287110981,901.90009152771665,6,3.6519637565395504]
[100,2.6070425748955337,67,3,775.35132301524584,833.66116287110981,6,3.1667161506040213]
[100,2.6070425748955337,67,4,707.74440408251485,775.35132301524584,6,2.6936453828304026]
[100,2.6070425748955337,67,5,630.09741129249653,707.74440408251485,6,2.1929479694635261]
[100,2.6070425748955337,67,6,543.21322113097335,630.09741129249653,6,1.6881211127534168]
[100,2.6070425748955337,68,1,907.74685429894294,1131.2730144781169,6,4.8281343459209509]
[100,2.6070425748955337,68,2,839.0644255194394,907.74685429894294,6,3.699332039200081]
[100,2.6070425748955337,68,3,780.49296459020434,839.0644255194394,6,3.2083113232135418]
[100,2.6070425748955337,68,4,712.605929709767,780.49296459020434,6,2.730075982569137]
[100,2.6070425748955337,68,5,634.63672410941388,712.605929709767,6,2.2238473260069669]
[100,2.6070425748955337,68,6,547.38935208464511,634.63672410941388,6,1.713260291444779]
[100,2.6070425748955337,69,1,913.65150144621225,1138.7622684115183,6,4.8918899770076285]
[100,2.6070425748955337,69,2,844.52048727143665,913.65150144621225,6,3.7474757716365672]
[100,2.6070425748955337,69,3,785.68445831378665,844.52048727143665,6,3.2505866913993273]
[100,2.6070425748955337,69,4,717.51426928938167,785.68445831378665,6,2.7671069282883143]
[100,2.6070425748955337,69,5,639.21939797906907,717.51426928938167,6,2.255262444629444]
[100,2.6070425748955337,69,6,551.60496792184188,639.21939797906907,6,1.7388270102330634]
[100,2.6070425748955337,70,1,919.61995691017603,1146.3338954401208,6,4.9567658606206066]
[100,2.6070425748955337,70,2,850.03480892104676,919.61995691017603,6,3.7964527525293095]
[100,2.6070425748955337,70,3,790.93099455491119,850.03480892104676,6,3.2935929616019495]
[100,2.6070425748955337,70,4,722.47432627328396,790.93099455491119,6,2.8047827687031015]
[100,2.6070425748955337,70,5,643.8500070641594,722.47432627328396,6,2.2872313108790974]
[100,2.6070425748955337,70,6,555.86427191263738,643.8500070641594,6,1.7648524126284126]
[100,2.6070425748955337,71,1,925.65859559783144,1153.9960242238344,6,5.0228459867115678]
[100,2.6070425748955337,71,2,855.61326515975816,925.65859559783144,6,3.8463258662943054]
[100,2.6070425748955337,71,3,796.23815599936643,855.61326515975816,6,3.337385301205908]
[100,2.6070425748955337,71,4,727.49137381260039,796.23815599936643,6,2.8431519806295991]
[100,2.6070425748955337,71,5,648.53346937831475,727.49137381260039,6,2.3197952722625605]
[100,2.6070425748955337,71,6,560.17178210452767,648.53346937831475,6,1.7913704137835429]
[100,2.6070425748955337,72,1,931.77430860186337,1161.757444946739,6,5.090222101271511]
[100,2.6070425748955337,72,2,861.26220455587645,931.77430860186337,6,3.8971637833828945]
[100,2.6070425748955337,72,3,801.61197457928438,861.26220455587645,6,3.3820239527620677]
[100,2.6070425748955337,72,4,732.57110847408046,801.61197457928438,6,2.8822675094160592]
[100,2.6070425748955337,72,5,653.27509682326627,732.57110847408046,6,2.3529995001977322]
[100,2.6070425748955337,72,6,564.53237721860671,653.27509682326627,6,1.8184180806125831]
[100,2.6070425748955337,73,1,937.97457925346498,1169.6277066058883,6,5.1589948057234745]
[100,2.6070425748955337,73,2,866.98851948636388,937.97457925346498,6,3.9490417809512932]
[100,2.6070425748955337,73,3,807.05899784278756,866.98851948636388,6,3.4275749537785147]
[100,2.6070425748955337,73,4,737.71971285839584,807.05899784278756,6,2.9221874023071024]
[100,2.6070425748955337,73,5,658.0806535121236,737.71971285839584,6,2.3868935314716584]
[100,2.6070425748955337,73,6,568.95135013901188,658.0806535121236,6,1.8460360774125604]
[100,2.6070425748955337,74,1,944.2675723792222,1177.6172312103624,6,5.2292748529754887]
[100,2.6070425748955337,74,2,872.79972819963018,944.2675723792222,6,4.0020427102018967]
[100,2.6070425748955337,74,3,812.58636683046757,872.79972819963018,6,3.4741109851461944]
[100,2.6070425748955337,74,4,742.94392906954022,812.58636683046757,6,2.9629755550454653]
[100,2.6070425748955337,74,5,662.95642419359137,742.94392906954022,6,2.4215319065731089]
[100,2.6070425748955337,74,6,573.43447065925807,662.95642419359137,6,1.8742691912963647]
[100,2.6070425748955337,75,1,950.6622397520415,1185.7374487195168,6,5.301184684721715]
[100,2.6070425748955337,75,2,878.70407175670562,950.6622397520415,6,4.0562581436438299]
[100,2.6070425748955337,75,3,818.20190806513278,878.70407175670562,6,3.5217123773563297]
[100,2.6070425748955337,75,4,748.25114549358716,818.20190806513278,6,3.0047025973781274]
[100,2.6070425748955337,75,5,667.90929506584098,748.25114549358716,6,2.4569749268577739]
[100,2.6070425748955337,75,6,577.98805958339119,667.90929506584098,6,1.9031669555272939]
[100,2.6070425748955337,76,1,957.16844553993951,1194.0009575919021,6,5.3748602668372776]
[100,2.6070425748955337,76,2,884.71062934588213,957.16844553993951,6,4.1117897446562726]
[100,2.6070425748955337,76,3,823.91424297047479,884.71062934588213,6,3.5704683116789986]
[100,2.6070425748955337,76,4,753.64950001388013,823.91424297047479,6,3.0474469501878652]
[100,2.6070425748955337,76,5,672.94684989135772,753.64950001388013,6,2.4932895585402197]
[100,2.6070425748955337,76,6,582.61907685052313,672.94684989135772,6,1.9327843938198255]
[100,2.6070425748955337,77,1,963.79711663616274,1202.4217171994237,6,5.4504532959971899]
[100,2.6070425748955337,77,2,890.82945645775976,963.79711663616274,6,4.168750913876373]
[100,2.6070425748955337,77,3,829.73291897512456,890.82945645775976,6,3.6204782641159508]
[100,2.6070425748955337,77,4,759.14800367699013,829.73291897512456,6,3.0912960963419449]
[100,2.6070425748955337,77,5,678.07748515005392,759.14800367699013,6,2.5305505195253146]
[100,2.6070425748955337,77,6,587.33522710829379,678.07748515005392,6,1.9631829152796754]
[100,2.6070425748955337,78,1,970.56042420173696,1211.0152802159114,6,5.528133872516773]
[100,2.6070425748955337,78,2,897.07175173750568,970.56042420173696,6,4.2272687832301346]
[100,2.6070425748955337,78,3,835.66856782005561,897.07175173750568,6,3.6718537542319827]
[100,2.6070425748955337,78,4,764.75669001339907,835.66856782005561,6,3.1363481199327592]
[100,2.6070425748955337,78,5,683.31054907537782,764.75669001339907,6,2.5688415958595527]
[100,2.6070425748955337,78,6,592.14508717580145,683.31054907537782,6,1.994431398530832]
[100,2.6070425748955337,79,1,977.47200471479471,1219.799075604526,6,5.6080937641157007]
[100,2.6070425748955337,79,2,903.4500601346615,977.47200471479471,6,4.2874866505615845]
[100,2.6070425748955337,79,3,841.73309829801258,903.4500601346615,6,3.7247204803812517]
[100,2.6070425748955337,79,4,770.48679683016212,841.73309829801258,6,3.1827135856761308]
[100,2.6070425748955337,79,5,688.6565109199762,770.48679683016212,6,2.6082572492086982]
[100,2.6070425748955337,79,6,597.05826121292796,688.6565109199762,6,2.0266075156323446]
[100,2.6070425748955337,80,1,984.54723151685016,1228.7927562824254,6,5.6905504261672286]
[100,2.6070425748955337,80,2,909.97852244724425,984.54723151685016,6,4.3495669782630673]
[100,2.6070425748955337,80,3,847.93993300265117,909.97852244724425,6,3.7792209495441798]
[100,2.6070425748955337,80,4,776.35098950800466,847.93993300265117,6,3.2305178537413828]
[100,2.6070425748955337,80,5,694.12716885961402,776.35098950800466,6,2.6489045968863865]
[100,2.6070425748955337,80,6,602.08557130293502,694.12716885961402,6,2.0597993629703479]
[100,2.6070425748955337,81,1,991.80355159827968,1238.0186303486951,6,5.7757520009649754]
[100,2.6070425748955337,81,2,916.67318480355573,991.80355159827968,6,4.4136951217587148]
[100,2.6070425748955337,81,3,854.30430193434506,916.67318480355573,6,3.8355177472142379]
[100,2.6070425748955337,81,4,782.36363791832457,854.30430193434506,6,3.2799039580622633]
[100,2.6070425748955337,81,5,699.73590781400719,782.36363791832457,6,2.6909058740081022]
[100,2.6070425748955337,81,6,607.23929378543335,699.73590781400719,6,2.0941074894325484]
[100,2.6070425748955337,82,1,999.26090766469315,1247.5022015521217,6,5.8639835991596767]
[100,2.6070425748955337,82,2,923.55238649299281,999.26090766469315,6,4.4800840137600435]
[100,2.6070425748955337,82,3,860.84361042693433,923.55238649299281,6,3.8937976454449914]
[100,2.6070425748955337,82,4,788.54116342981285,860.84361042693433,6,3.3310362225554351]
[100,2.6070425748955337,82,5,705.49802251654887,788.54116342981285,6,2.7344015270377953]
[100,2.6070425748955337,82,6,612.53345539156578,705.49802251654887,6,2.1296474448932878]
[100,2.6070425748955337,83,1,1006.9422731326622,1257.2728544231272,6,5.9555752824714396]
[100,2.6070425748955337,83,2,930.63725154433178,1006.9422731326622,6,4.548980116595529]
[100,2.6070425748955337,83,3,867.5779054871067,930.63725154433178,6,3.9542768229148866]
[100,2.6070425748955337,83,4,794.90247872415023,867.5779054871067,6,3.3841048563710139]
[100,2.6070425748955337,83,5,711.43112698265088,794.90247872415023,6,2.7795541450807857]
[100,2.6070425748955337,83,6,617.98420856493613,711.43112698265088,6,2.1665530190997164]
[100,2.6070425748955337,84,1,1014.8743388168627,1267.3647337366417,6,6.0509123365469355]
[100,2.6070425748955337,84,2,937.95231965797882,1014.8743388168627,6,4.6206710813775738]
[100,2.6070425748955337,84,3,874.53047432042831,937.95231965797882,6,4.017207581755752]
[100,2.6070425748955337,84,4,801.46955227073863,874.53047432042831,6,3.4393318669431734]
[100,2.6070425748955337,84,5,717.55568002571817,801.46955227073863,6,2.8265535188529656]
[100,2.6070425748955337,84,6,623.61031314093123,717.55568002571817,6,2.2049804099543704]
[100,2.6070425748955337,85,1,1023.0884066292214,1277.8178891943614,6,6.1504486763281454]
[100,2.6070425748955337,85,2,945.52636730749668,1023.0884066292214,6,4.6954957415878278]
[100,2.6070425748955337,85,3,881.72862324341077,945.52636730749668,6,4.0828871114550402]
[100,2.6070425748955337,85,4,808.26814291348228,881.72862324341077,6,3.4969787754009514]
[100,2.6070425748955337,85,5,723.89566913230351,808.26814291348228,6,2.875623242050299]
[100,2.6070425748955337,85,6,629.43376316139609,723.89566913230351,6,2.2451136630831936]
[100,2.6070425748955337,86,1,1031.6215708237057,1288.6797885305825,6,6.2547246131843943]
[100,2.6070425748955337,86,2,953.39349298283707,1031.6215708237057,6,4.7738573568053697]
[100,2.6070425748955337,86,3,889.20470714493149,953.39349298283707,6,4.1516691027964177]
[100,2.6070425748955337,86,4,815.32877073434338,889.20470714493149,6,3.557356841387362]
[100,2.6070425748955337,86,5,730.4795142874143,815.32877073434338,6,2.92702946029533]
[100,2.6070425748955337,86,6,635.48061526959737,730.4795142874143,6,2.2871718816185771]
[100,2.6070425748955337,87,1,1040.5183066562383,1300.0073526663882,6,6.3643908181339626]
[100,2.6070425748955337,87,2,961.59457667475647,1040.5183066562383,6,4.8562414729021786]
[100,2.6070425748955337,87,3,896.99751392535836,961.59457667475647,6,4.223979409898174]
[100,2.6070425748955337,87,4,822.68802266948933,896.99751392535836,6,3.6208408522666726]
[100,2.6070425748955337,87,5,737.34128341728638,822.68802266948933,6,2.9810926706863015]
[100,2.6070425748955337,87,6,641.78210269241799,737.34128341728638,6,2.331418950740042]
[100,2.6070425748955337,88,1,1049.8326493997447,1311.8697473869283,6,6.4802412881633753]
[100,2.6070425748955337,88,2,970.17928162330873,1049.8326493997447,6,4.9432404893072892]
[100,2.6070425748955337,88,3,905.15416327884373,970.17928162330873,6,4.300337593460636]
[100,2.6070425748955337,88,4,830.39034315763001,905.15416327884373,6,3.6878880909603597]
[100,2.6070425748955337,88,5,744.5223593371054,830.39034315763001,6,3.0382039537583179]
[100,2.6070425748955337,88,6,648.37616300502816,744.5223593371054,6,2.3781769163613511]
[100,2.6070425748955337,89,1,1059.6312509661841,1324.3522997445107,6,6.6032597357895675]
[100,2.6070425748955337,89,2,979.20886214861503,1059.6312509661841,6,5.0355882249742017]
[100,2.6070425748955337,89,3,913.73277003915564,979.20886214861503,6,4.3813872313901987]
[100,2.6070425748955337,89,4,838.49054577204822,913.73277003915564,6,3.7590650240608996]
[100,2.6070425748955337,89,5,752.07377783548861,838.49054577204822,6,3.098847813665718]
[100,2.6070425748955337,89,6,655.30958094861774,752.07377783548861,6,2.4278448122053189]
[100,2.6070425748955337,90,1,1069.9977801412874,1337.5621365731154,6,6.7346865944773864]
[100,2.6070425748955337,90,2,988.7602055346706,1069.9977801412874,6,5.134209838620416]
[100,2.6070425748955337,90,3,922.80627799332615,988.7602055346706,6,4.4679396925770254]
[100,2.6070425748955337,90,4,847.05742858850476,922.80627799332615,6,3.8350858456179249]
[100,2.6070425748955337,90,5,760.05959316911049,847.05742858850476,6,3.1636351669597746]
[100,2.6070425748955337,90,6,662.64107278367737,760.05959316911049,6,2.4809258550301565]
[100,2.6070425748955337,91,1,1081.0394515944256,1351.6365517337117,6,6.8761187982114693]
[100,2.6070425748955337,91,2,998.93182901041189,1081.0394515944256,6,5.240296154971074]
[100,2.6070425748955337,91,3,932.46814801568644,998.93182901041189,6,4.5610393102498143]
[100,2.6070425748955337,91,4,856.17913812609925,932.46814801568644,6,3.9168698661737258]
[100,2.6070425748955337,91,5,768.56187118472621,856.17913812609925,6,3.2333524642416336]
[100,2.6070425748955337,91,6,670.44586219551229,768.56187118472621,6,2.5380679437406215]
[100,2.6070425748955337,92,1,1092.8970667280739,1366.7558754381978,6,7.0296638277378598]
[100,2.6070425748955337,92,2,1009.8531018835423,1092.8970667280739,6,5.3554183955795462]
[100,2.6070425748955337,92,3,942.84110504111834,1009.8531018835423,6,4.6620639819135121]
[100,2.6070425748955337,92,4,865.97141764085154,942.84110504111834,6,4.0056301010828497]
[100,2.6070425748955337,92,5,777.68836723846118,865.97141764085154,6,3.3090375226246018]
[100,2.6070425748955337,92,6,678.8227164810088,777.68836723846118,6,2.6001261877765605]
[100,2.6070425748955337,92,7,570.02325293464378,678.8227164810088,6,1.913967190283004]
[100,2.6070425748955337,93,1,1105.7611354079249,1383.1641400224421,6,7.1981880993909444]
[100,2.6070425748955337,93,2,1021.6990518232058,1105.7611354079249,6,5.4817131410389424]
[100,2.6070425748955337,93,3,954.09118109184624,1021.6990518232058,6,4.7728873463909656]
[100,2.6070425748955337,93,4,876.59084927668255,954.09118109184624,6,4.1030160907436768]
[100,2.6070425748955337,93,5,787.58485237504954,876.59084927668255,6,3.3921017918334524]
[100,2.6070425748955337,93,6,687.90524217538007,787.58485237504954,6,2.668263735296831]
[100,2.6070425748955337,93,7,578.20797737432838,687.90524217538007,6,1.9671774722679913]
[100,2.6070425748955337,94,1,1119.8991686779464,1401.2040702120942,6,7.3857394359830044]
[100,2.6070425748955337,94,2,1034.7154289429934,1119.8991686779464,6,5.6221968607180113]
[100,2.6070425748955337,94,3,966.45148661660733,1034.7154289429934,6,4.896154559293338]
[100,2.6070425748955337,94,4,888.2572692401078,966.45148661660733,6,4.2113567738606559]
[100,2.6070425748955337,94,5,798.4559775241521,888.2572692401078,6,3.4845382938715219]
[100,2.6070425748955337,94,6,697.88100428188602,798.4559775241521,6,2.7441232764053334]
[100,2.6070425748955337,94,7,587.19612046606198,697.88100428188602,6,2.0264573209078058]
[100,2.6070425748955337,95,1,1135.7050719922361,1421.3804169555769,6,7.5983156452621685]
[100,2.6070425748955337,95,2,1049.2640623197069,1135.7050719922361,6,5.7813379930327473]
[100,2.6070425748955337,95,3,980.2652262093203,1049.2640623197069,6,5.0357838692464947]
[100,2.6070425748955337,95,4,901.29432848332283,980.2652262093203,6,4.3341022484666505]
[100,2.6070425748955337,95,5,810.60302665030531,901.29432848332283,6,3.5892998835364316]
[100,2.6070425748955337,95,6,709.02612079124015,810.60302665030531,6,2.8301390697874074]
[100,2.6070425748955337,95,7,597.23603462283177,709.02612079124015,6,2.0937215922267192]
[100,2.6070425748955337,96,1,1153.7966641189244,1444.4850220991736,6,7.8453910239002731]
[100,2.6070425748955337,96,2,1065.9124013456324,1153.7966641189244,6,5.9661928902320005]
[100,2.6070425748955337,96,3,996.0706156348441,1065.9124013456324,6,5.1979625305450874]
[100,2.6070425748955337,96,4,916.20956108241626,996.0706156348441,6,4.4767009778908511]
[100,2.6070425748955337,96,5,824.4984406896657,916.20956108241626,6,3.7110504513852933]
[100,2.6070425748955337,96,6,721.77354893550284,824.4984406896657,6,2.9301567153334678]
[100,2.6070425748955337,96,7,608.7171145241374,721.77354893550284,6,2.1719962632055978]
[100,2.6070425748955337,97,1,1175.2325398714881,1471.8749957669686,6,8.1433347732528514]
[100,2.6070425748955337,97,2,1085.6326178464451,1175.2325398714881,6,6.188948875541822]
[100,2.6070425748955337,97,3,1014.7896930920174,1085.6326178464451,6,5.3933762720614462]
[100,2.6070425748955337,97,4,933.87240897775041,1014.7896930920174,6,4.6485636776525041]
[100,2.6070425748955337,97,5,840.95150886616921,933.87240897775041,6,3.8578469500148822]
[100,2.6070425748955337,97,6,736.86490130294351,840.95150886616921,6,3.0508211699306851]
[100,2.6070425748955337,97,7,622.3063044059777,736.86490130294351,6,2.2665118758045519]
[100,2.6070425748955337,98,1,1202.0863445515993,1506.2095476397594,6,8.5245408672255838]
[100,2.6070425748955337,98,2,1110.3287834299429,1202.0863445515993,6,6.4737137682874693]
[100,2.6070425748955337,98,3,1038.228221878464,1110.3287834299429,6,5.6431612806948959]
[100,2.6070425748955337,98,4,955.98554768117219,1038.228221878464,6,4.8683067860441867]
[100,2.6070425748955337,98,5,861.54702241315977,955.98554768117219,6,4.0456310719132746]
[100,2.6070425748955337,98,6,755.75234432963907,861.54702241315977,6,3.2052841957651452]
[100,2.6070425748955337,98,7,639.30944351574237,755.75234432963907,6,2.3876251906226615]
[100,2.6070425748955337,99,1,1239.4791421650834,1554.0585413639203,6,9.0701070568243818]
[100,2.6070425748955337,99,2,1144.702253499428,1239.4791421650834,6,6.8808063756201827]
[100,2.6070425748955337,99,3,1070.8444390287773,1144.702253499428,6,6.0001967627588559]
[100,2.6070425748955337,99,4,986.75243929151952,1070.8444390287773,6,5.1825127849758736]
[100,2.6070425748955337,99,5,890.19714585798943,986.75243929151952,6,4.3143033459548796]
[100,2.6070425748955337,99,6,782.0203350520195,890.19714585798943,6,3.4264761909737187]
[100,2.6070425748955337,99,7,662.94942121537997,782.0203350520195,6,2.5612828382592441]
[100,2.6070425748955337,100,1,1309.4006598036947,1643.6525617828236,6,10.136407292982721]
[100,2.6070425748955337,100,2,1208.9337709370498,1309.4006598036947,6,7.6750319930813022]
[100,2.6070425748955337,100,3,1131.7727248782476,1208.9337709370498,6,6.6965939010885274]
[100,2.6070425748955337,100,4,1044.2121190869293,1131.7727248782476,6,5.7957065479275753]
[100,2.6070425748955337,100,5,943.68888066452212,1044.2121190869293,6,4.8391301636897852]
[100,2.6070425748955337,100,6,831.04745122728104,943.68888066452212,6,3.8591400678739864]
[100,2.6070425748955337,100,7,707.05085123546826,831.04745122728104,6,2.9016374112673051]

{"sheet":"C Change","index":8,"n_rows":106,"n_cols":38,"rows_kept":106,"cut":false,"hidden":true,"merged":[[1,6,1,13],[1,15,1,24],[1,26,1,27],[4,29,4,31],[2,29,2,31],[2,0,2,1],[2,7,2,8],[2,10,2,12],[2,15,2,19],[2,20,2,24],[3,0,3,1],[4,0,4,1],[4,7,4,8],[4,10,4,12],[4,15,4,19],[35,0,35,1],[4,26,4,27],[5,0,5,1],[25,0,25,1],[26,0,26,1],[27,0,27,1],[28,0,28,1],[4,20,4,24],[29,0,29,1],[31,0,31,1],[32,0,32,1],[33,0,33,1],[34,0,34,1],[46,0,46,1],[65,0,65,1],[66,0,66,1],[62,0,62,1],[50,0,50,1],[51,0,51,1],[52,0,52,1],[53,0,53,1],[54,0,54,1],[55,0,55,1],[56,0,56,1],[57,0,57,1],[58,0,58,1],[59,0,59,1],[60,0,60,1],[47,0,47,1],[67,0,67,1],[39,0,39,1],[45,0,45,1],[4,32,4,37],[1,32,1,37],[2,32,2,37],[63,0,63,1],[64,0,64,1],[49,0,49,1],[36,0,36,1],[37,0,37,1],[38,0,38,1],[40,0,40,1],[41,0,41,1],[43,0,43,1],[44,0,44,1]]}
["Forest Carbon Predictor Version 5.2 with NuBalm and new Douglas-fir wood density model (October 2018)"]
[null,null,null,null,null,null,"Yield Table",null,null,null,null,null,null,null,null,"Carbon Predictions",null,null,null,null,null,null,null,null,null,null,"Shrub Understorey",null,null,null,null,null,"Carbon predictiona"]
["Species",null,"RED",null,null,null,"Age","Stocking",null,null,"Volume",null,null,"Density","Vol","Rotation 1",null,null,null,null,"Rotation 2",null,null,null,null,null,"Rotation 1","Rotation 2",null,"DBH"]
["Initial stocking (stems/ha)",null,1000,null,null,null,null,"b4 thin","Aft thin","Height","Net","Aft thin","Dead",null,"harvested","Total","AGL","BGL","DWL","FL","Total","AGL","BGL","DWL","FL","BGDWL",null,null,null,"b4 thin","Aft thin","Thin","Wood","Bark","Live branches","Dead branches","Foliage","DWL"]
["1st rotation length (years)",null,100,null,null,null,"years","stems/ha",null,"m","m3/ha",null,null,"kg/m3","m3/ha","tC/ha",null,null,null,null,"tC/ha",null,null,null,null,"tC/ha","tC/ha",null,null,"cm",null,null,"tC/ha"]
["2nd rotation length (years)",null,100,null,null,null,0,1000,null,0.3,6.3999999999999994E-3,null,0,339,0,1.4143622400000001E-3,1.149888E-3,2.6447424000000002E-4,0,0,539.53215644995566,1.149888E-3,2.6447424000000002E-4,539.53074208771568,0,0,null,null,null,0,null,null,1.149888E-3,0,0,0,0]
[null,null,null,null,null,null,1,998.33,null,0.35660289445641474,5.1873109005351817E-2,null,2.6357922894966634E-5,339,0,1.1463651038839623E-2,9.3200414949915628E-3,2.1436095438480593E-3,0,0,515.17786278505059,9.3200414949915628E-3,2.1436095438480593E-3,515.16639913401173,0,0,null,null,null,0,null,null,9.3200414949915628E-3,0,0,0,0]
["Thinning",null,null,null,null,null,2,996.66278890000012,null,0.80447139668190593,0.30143965059599132,null,1.5980939809689598E-4,339,0,6.6616384287775568E-2,5.4159662022581767E-2,1.2456722265193806E-2,0,0,491.96892721416134,5.4159662022581767E-2,1.2456722265193806E-2,491.90231082987356,0,0,null,null,null,0,null,null,5.4159662022581767E-2,0,0,0,0]
["Type","Age","Stocking after",null,null,null,3,994.99836204253722,null,1.657716504486026,0.88667131854546266,null,5.3740289217138633E-4,339,0,0.19594913003776784,0.15930823580306328,3.6640894234704562E-2,0,0,469.88474057007448,0.15930823580306328,3.6640894234704562E-2,469.68879144003671,0,0,null,null,null,0,null,null,0.15930823580306328,0,0,0,0]
["(W or P)","(years)","(stems/ha)",null,null,null,4,993.3367147779262,null,2.7692383703380528,1.9172709711894818,null,1.2682710076097417E-3,339,0,0.58506159442622108,0.47439619638039693,0.11033169199334235,3.3370605248178868E-4,0,449.06346055177596,0.47439619638039693,0.11033169199334235,448.47873266340224,0,6.8853017962646344E-5,null,null,null,1.3305126870058133,null,null,0.34447607539361419,7.8271705454163842E-2,1.3012608996771759E-2,3.7297087810497998E-4,3.8259068275135033E-2]
["W",9,500,null,null,null,5,991.67784245734913,null,4.0288094406643236,3.4911014345912674,null,2.4462992602519089E-3,339,0,1.4859459823031393,1.2010057475222939,0.28392304735351703,1.0171874273284911E-3,0,429.71177976191461,1.2010057475222939,0.28392304735351703,428.22685096703879,0,2.5343405652928622E-4,null,null,null,4.5398940534049412,null,null,0.62724619475301302,0.14252261016052858,0.15850885096344766,6.4656060003641077E-3,0.26619717649342173]
[null,null,null,null,null,null,6,990.02173285697563,null,5.3668232736963652,12.636113067487784,null,7.2946482133379956E-3,339,0,4.9796655215689194,4.0276538168532889,0.94900027616078197,3.0114285548482637E-3,0,413.8675074835686,4.0276538168532889,0.94900027616078197,408.89085339055453,0,7.5882367489099058E-4,null,null,null,8.2389870652218029,null,null,2.2703304348355302,0.51586350336817777,0.53317659414701313,2.5813082779735073E-2,0.68220946351293643]
[null,null,null,null,null,null,7,988.36816926604718,null,6.7401947875039578,29.623939169251926,null,1.9117574976853905E-2,339,0,11.070738340467386,8.9572386785013709,2.1053501363532634,8.1495256127515001E-3,0,401.49386117893198,8.9572386785013709,2.1053501363532634,390.43127236407736,0,2.0063215737802652E-3,null,null,null,11.953349338595453,null,null,5.3225331505394946,1.2093836895726922,1.1364501841681767,6.1232746754191332E-2,1.22702039487334]
[null,null,null,null,null,null,8,986.71570328346115,null,8.122125065640013,55.329959065270131,null,3.8470183110698858E-2,339,0,19.883770648781869,16.090629373697844,3.7748500001712046,1.8291274912820142E-2,0,392.67601146357498,16.090629373697844,3.7748500001712046,372.81053208970593,0,4.3917597760926592E-3,null,null,null,15.507119691735461,null,null,9.9411337452570852,2.2588201270584829,1.928523490693161,0.11198444711574185,1.8490364075418999]
[null,null,null,null,null,null,9,985.05958369190694,500,9.4958497865942828,89.853158051558154,52.942224313496872,6.6000179214734986E-2,339,0,28.450549444405986,14.905029215378354,3.4909821742184,10.054538054809232,0,384.40809058936134,14.905029215378354,3.4909821742184,366.01207919976457,0,2.3193731095377523,null,null,null,18.833635402458253,20.291531467436524,17.201990645490863,9.5121294424059837,2.1613419541753256,1.690563188957354,0.10620450593712792,1.4337173511153187]
[null,null,null,null,null,null,10,499.16326070725484,null,10.850893437340687,77.463989420459669,null,5.9107982148536978E-2,339,0,35.912437299672284,21.310708916493407,4.9853049618812166,9.6164234212976609,0,375.79550681052956,21.310708916493407,4.9853049618812166,349.49949293215491,0,2.2182225985309327,null,null,null,23.494047001980473,null,null,13.91795497917399,3.1624317346551325,2.2752084634169418,0.1488766699818628,1.8047332645181875]
["Pruning",null,null,null,null,null,11,498.32567057564086,null,12.180795051480684,106.57734864490297,null,8.3643754942778037E-2,339,0,44.705361033227881,28.775796135321908,6.7249572927424381,9.2046076051635328,0,369.23985626697038,28.775796135321908,6.7249572927424381,333.73910283890604,0,2.1230303401568866,null,null,null,26.485441890185097,null,null,19.148752231029718,4.3509712328477868,2.8998725300155748,0.1964031998480589,2.1778130708752341]
["Lift","Age","Pr. Stocking","Pr. Height",null,null,12,497.48561844996465,null,13.481698136829946,139.93588814708539,null,0.11255505911113792,339,0,54.70920933734125,37.203011086379092,8.6871592311116395,8.8190390198505213,0,364.58824729058534,37.203011086379092,8.6871592311116395,318.6980769730946,0,2.0337495529218543,null,null,null,29.275292724912457,null,null,25.142281023386833,5.7128182630962137,3.5505505196051383,0.24749696590914844,2.5473643450291377]
["(1 - 5)","(years)","(stems/ha)","(m)",null,null,13,496.64101527549923,null,14.751457307852505,177.14015810666203,null,0.14580466992300814,339,0,65.795513642604845,46.488231810700405,10.847624762061004,8.459657069843443,0,361.68091126009728,46.488231810700405,10.847624762061004,304.34505468733585,0,1.9503320030247993,null,null,null,31.876251497775737,null,null,31.826772207023968,7.2316654702317482,4.2160120835444923,0.3011644837100767,2.9095755006980983]
[null,null,null,null,null,null,14,495.78935072256559,null,15.989060861943303,217.77402218784198,null,0.18342995988456939,339,0,77.836198100266316,56.527596933006109,13.182188161217409,8.1264130060427977,0,360.35988573502414,56.527596933006109,13.182188161217409,290.65010064080059,0,1.8727329403447108,null,null,null,34.302317013550017,null,null,39.127458566489572,8.8905242797684423,4.8874889493954718,0.35657127718461401,3.2619521300954375]
[null,null,null,null,null,null,15,494.92777623137198,null,17.194250937411045,261.4309522249311,null,0.22556213474638259,339,0,90.70990915745341,67.222636254171846,15.667978418517254,7.819294484764316,0,360.47528020131102,67.222636254171846,15.667978418517254,277.58466552862194,0,1.8009164398914692,null,null,null,36.567926560622226,null,null,46.971299186253376,10.672798366344789,5.5583419187673906,0.41303958889424586,3.6029850768525025]
[null,null,null,null,null,null,16,494.05319750258508,null,18.367269860867488,307.73140434007371,null,0.27242835763112994,339,0,104.30600834941922,78.483502742165328,18.284156336257492,7.5383492709964033,0,361.88920791642482,78.483502742165328,18.284156336257492,265.12154883800201,0,1.734860311766669,null,null,null,38.687405803258017,null,null,55.290101417781052,12.562993025737514,6.2237253200970395,0.47003668442506674,3.9318984488274378]
[null,null,null,null,null,null,17,493.16236327535552,null,19.508688641654871,356.33258445384979,null,0.32434278963064067,339,0,118.52656366321608,90.230580795723057,21.012277553836462,7.2837053136565615,0,364.47771907815263,90.230580795723057,21.012277553836462,253.23486072859313,0,1.6745601027906818,null,null,null,40.674591803306129,null,null,64.022275448823194,14.547113847339569,6.8802592619923688,0.52715738991700101,4.2484500255305448]
[null,null,null,null,null,null,18,492.25194229352326,null,20.619289861859063,406.9321893540473,null,0.38169203201647156,339,0,133.28677074681318,102.39482213157127,23.836362644449814,7.0555859707920776,0,368.13116646683136,102.39482213157127,23.836362644449814,241.89998169081025,0,1.6200320140364697,null,null,null,42.542563686293114,null,null,73.113506461241684,16.612819441571876,7.5257215117190919,0.58410378344279801,4.5527708953792221]
[null,null,null,null,null,null,19,491.31858509065944,null,21.699987131664159,459.26785044234816,null,0.44491899658805079,339,0,148.51428289093568,114.91719838910159,26.742764247549907,6.8543202542841737,0,372.75348236961031,114.91719838910159,26.742764247549907,231.09351973295884,0,1.5713147620165562,null,null,null,44.303460797938463,null,null,82.516654688976701,18.74939873109766,8.1587709744840833,0.64066447338668697,4.8452381628394106]
["Calibration measurement",null,null,null,null,null,20,490.3589707212779,null,22.751769449499445,513.11391325383056,null,0.51450758615898551,339,0,164.14790202813998,127.74763738926832,29.719916064364163,6.6803485745074873,0,378.26081891794553,127.74763738926832,29.719916064364163,220.79326546431304,0,1.528470517585554,null,null,null,45.968379481772075,null,null,92.191176794315737,20.947639476187536,8.7787115557402977,0.69669528639147715,5.1263769505081074]
["Age (years)",null,24.6,null,null,null,21,489.36984058737443,null,23.775662718269267,568.27689742639393,null,0.59096923146355151,339,0,180.13599792208524,140.84374074831902,32.758032472052768,6.5342247017134572,0,384.57991890308489,140.84374074831902,32.758032472052768,210.97814568271309,0,1.4915850900847056,null,null,null,47.547338110727779,null,null,102.1023101606002,23.199642930059714,9.3853001104611078,0.75210248540451441,5.3967880669914114]
["Stocking (stems/hs)",null,638,null,null,null,22,488.34802227852043,null,24.772703193814746,624.59060481868767,null,0.67483148179752328,339,0,196.43491286148134,154.16949136486107,35.848806828238359,6.4166146683819196,0,391.64647428071351,154.16949136486107,35.848806828238359,201.62817608761407,0,1.4607675153283457,null,null,null,49.049296349779162,null,null,112.22019396777362,25.498624130044707,9.9785972493276258,0.80682898814884296,5.6570972418071905]
["BA (m2/ha)",null,50.87,null,null,null,23,487.2904462800995,null,25.743919298193855,681.9114783698526,null,0.76662843285980642,339,0,213.00750466035805,167.69407452262109,38.985136898206612,6.3282932395303391,0,399.40362506775443,167.69407452262109,38.985136898206612,192.72441364692673,0,1.436149179539679,null,null,null,50.482212943241493,null,null,122.51903531871142,27.83872242516918,10.558856258324061,0.86084356566170184,5.9079215652026047]
["MTH (m)",null,30.4,null,null,null,24,486.19415791808331,null,26.690319333375047,740.11452118997886,null,0.86689265079619227,339,0,229.82189872618207,181.3908698233823,42.160890447182766,6.270138455617011,0,407.80066929865961,181.3908698233823,42.160890447182766,184.24890902809452,0,1.4178825825489436,null,null,null,51.853127194319832,null,null,132.97637602220351,30.21483487490114,11.126443619180915,0.91413270099732702,6.1498489424529597]
[null,null,null,null,null,null,25,485.05632629792137,null,27.612883375457475,799.08988252293534,null,0.97614827487169364,339,0,246.850464873291,195.23662650079606,45.370713728406329,6.2431246440886126,0,416.79199962871951,195.23662650079606,45.370713728406329,176.18465939951707,0,1.406139819423105,null,null,null,53.168251877927752,null,null,143.5724791928958,32.622476872652875,11.681784294168029,0.96669465379274044,6.3834268948240869]
["Site",null,null,null,null,null,26,483.87425142970045,null,28.512558138319168,858.74009553497513,null,1.0949050560265141,339,0,264.06900303579749,209.21080910718607,48.609879715787592,6.2483142128238187,0,426.33625065266858,209.21080910718607,48.609879715787592,168.51556182969492,0,1.4011108418998439,null,null,null,54.433068525589782,null,null,154.289832964769,35.057669379771411,12.22532553677615,1.0185352568385713,6.6091577341133689]
["Latitude (ºS)",null,45,null,null,null,27,482.64537028266625,null,29.390253947211214,918.97789081449457,null,1.2236531643913924,339,0,281.45610763413799,223.29508889199317,51.874170261902698,6.2868484802420941,0,436.3956266107599,223.29508889199317,51.874170261902698,161.22636745686401,0,1.4030015487492149,null,null,null,55.652419064617725,null,null,165.11275764264025,37.516849662671966,12.757514025020084,1.0696650163980612,6.8274978481274786]
["Elevation (m)",null,200,null,null,null,28,481.36726219022222,null,30.246843208303471,979.72448776530405,null,1.3628586568024388,339,0,298.99267670586141,237.47295324039905,55.159785708903478,6.3599377565589075,0,446.93537551460747,237.47295324039905,55.159785708903478,154.30263656530499,0,1.4120317459392278,null,null,null,56.830590286779483,null,null,176.02709871679218,39.996801539754166,13.278782245391239,1.1200971612871891,7.0388594644340063]
["Soil C%",null,null,null,null,null,29,480.03765381372563,null,31.083159933158207,1040.9082667378657,null,1.5129595332200048,339,0,316.66153408386117,251.7294073086841,58.46327591288,6.4688508622970922,0,457.92337790123997,251.7294073086841,58.46327591288,147.73069467967588,0,1.428433011796673,null,null,null,57.971389457953471,null,null,187.01998828479233,42.494601171770668,13.789541090181382,1.1698463632431522,7.2436137687648365]
["Soil N%",null,null,null,null,null,30,478.65442374312119,null,31.900000000000013,1102.4637361243992,null,1.6743623328883412,339,0,334.44713760714268,266.05074581379853,61.781487544444417,6.6149042488997205,0,469.32982312907137,266.05074581379853,61.781487544444417,141.49758977082843,0,1.4524464981721339,null,null,null,59.078210617164238,null,null,198.07965946947084,45.007574893959976,14.290176487191934,1.21892792076067,7.4420946391751199]
["Soil Organic P (mg/kg)",null,null,null,null,null,31,477.21560673935545,null,32.698121921608376,1164.3307236833086,null,1.8474392323983897,339,0,352.33535165697594,280.42437724843285,65.111523539555577,6.7994508689875026,0,481.12695144047865,280.42437724843285,65.111523539555577,135.5910506524902,0,1.4843206952612571,null,null,null,60.154091874611318,null,null,209.19530112418008,47.533266202238181,14.781048544632048,1.2673572557349904,7.6346025332058112]
["Needle Retention (years)",null,5.4,null,null,null,32,475.71939758739552,null,33.478247953027861,1226.4537362703145,null,2.0325256129217779,339,0,370.31326724769622,294.83868680663198,68.450711512428782,7.023868928635463,0,493.28884495516439,294.83868680663198,68.450711512428782,129.99944663610364,0,1.5243091848155883,null,null,null,61.201764435823812,null,null,220.35694279568742,50.0694096145169,15.262492185155866,1.3151496164950869,7.8214082552161965]
["Early survival (%)",null,null,null,null,null,33,474.16415451499614,null,34.241065418206283,1288.7814452229179,null,2.2299180657889974,339,0,388.36905706971623,309.28292769643491,71.796578733214474,7.2895506400668619,0,505.7912549297252,309.28292769643491,71.796578733214474,124.71174850007584,0,1.5726684037980172,null,null,null,62.223694266186897,null,null,231.55536226320166,52.613909661760822,15.734818593817952,1.3623199136882569,8.0027564567572469]
["M A Temperature (ºC)",null,12,null,null,null,34,472.54840213137066,null,34.987228168102419,1351.2662653339189,null,2.4398728061055479,339,0,406.49185620343223,323.74713322057511,75.146831902899379,7.5978910799577557,0,518.61145594276945,323.74713322057511,75.146831902899379,119.71749081929501,0,1.6296554380128223,null,null,null,63.222117353267215,null,null,242.7820098925452,55.164823699775184,16.198317048357048,1.4088826391824136,8.1788688029457415]
["Volume MAI Index (m3/ha/yr)",null,19.602122070312497,null,null,null,35,470.87083384545042,null,35.717358107244785,1413.8640037186362,null,2.6626044642440285,339,0,424.67166176928458,338.22204408251008,78.499340440796118,7.9502772459783904,0,531.72812021418736,338.22204408251008,78.499340440796118,115.0067356908811,0,1.6955258628402954,null,null,null,64.199069484632702,null,null,254.02894554812738,57.720347574371615,16.653256865399197,1.4548518348498014,8.3499467866827768]
["Site Index (m)",null,25.203704833984375,null,null,null,36,469.13031373177381,null,36.432046743646985,1476.5335612426531,null,2.8982852252929301,339,0,442.89924668022985,352.69904692729369,81.852122360672084,8.3480773922640736,0,545.12120717072958,352.69904692729369,81.852122360672084,110.57003788276383,0,1.7705316459296778,null,null,null,65.156411376672438,null,null,265.28878494846754,60.278803432293145,17.099889305720577,1.5002410896361618,8.5161742007759056]
[null,null,null,null,null,null,37,467.32587782113785,null,37.131856730157672,1539.236673915206,null,3.147044287089138,339,0,461.16608405468673,367.17012126550833,85.20333207592023,8.7926307132581911,0,558.77186476430279,367.17012126550833,85.20333207592023,106.3984114228742,0,1.8549191245612928,null,null,null,66.095849890626141,null,null,276.55465320234509,62.838629163718281,17.538449352774997,1.5450635511661592,8.6777192929667599]
["Wood density",null,null,null,null,null,38,465.45673480188191,null,37.817323375017757,1601.9376851312365,null,3.408967608324641,339,0,479.46427985242218,381.62779275230537,88.551249665261977,9.2852374348548405,0,572.66234005612034,381.62779275230537,88.551249665261977,102.48329763855298,0,1.9489270683891757,null,null,null,67.018955970560626,null,null,287.8201438875293,65.398369104147577,17.969157323665879,1.5893319433910233,8.8347366355575829]
["Core Density (kg/m3)",null,null,null,null,null,39,463.5222661255624,null,38.488956106529329,1664.6033421714301,null,3.6840979193761751,339,0,497.78651201271862,396.06509138350805,91.89427126717915,9.8271493620313954,0,586.77589729895726,396.06509138350805,91.89427126717915,98.816534648270078,0,2.0527848364273789,null,null,null,67.927179842487959,null,null,299.07928248794087,67.956665726611234,18.392220299349301,1.633058585250748,8.9873687430907552]
["OWD Age (years)",null,null,null,null,null,40,461.52202551764356,null,39.147239881982578,1727.2026121915737,null,3.9724349699309607,339,0,516.12597488152585,410.47551358995571,95.23090036833473,10.419560923235434,0,601.09674225924005,410.47551358995571,95.23090036833473,95.390328300949619,0,2.1667106354527665,null,null,null,68.821863928046497,null,null,310.32649333246007,70.512252129519396,18.807833377096003,1.6762554075713885,9.1357474705050947]
["Inner ring (no. from pith)",null,null,null,null,null,41,459.45573789968773,null,39.792636534827587,1789.7065142401379,null,4.2739359890276694,339,0,534.47632807091941,424.8529875074899,98.559739819758846,11.063600743670637,0,615.60995187935487,424.8529875074899,98.559739819758846,92.197224552106121,0,2.2909098854630452,null,null,null,69.704253851453601,null,null,321.55656941352561,73.063945178857082,19.216180757183412,1.7189339668469552,9.2799952217147883]
["Outer ring (no. from pith)",null,null,null,null,null,42,457.32329773446259,null,40.425586056875524,1852.0879647783734,null,4.5885163348428435,339,0,552.83164914340614,439.19184090836535,101.87948446272247,11.760323772318314,0,630.30140863171709,439.19184090836535,101.87948446272247,89.230083260629215,0,2.4255736964518952,null,null,null,70.575507854655413,null,null,332.76464463173033,75.610639201613296,19.617436680137377,1.7611054554394292,9.4202259954505418]
[null,null,null,null,null,null,43,455.12476680951272,null,41.046507814339435,1914.321634845546,null,4.9160503132920708,339,0,571.18638968701589,453.48677142605356,105.18891427995715,12.510703981005168,0,645.15773909138875,453.48677142605356,105.18891427995715,86.482053385378151,0,2.570877459537213,null,null,null,71.436704881888176,null,null,343.94616813269926,78.151300154617374,20.011766232385849,1.8027807082568372,9.5565462919502302]
["Other options",null,null,null,null,null,44,452.86037147818638,null,41.655801697971576,1976.3838174889427,null,5.256372146286826,339,0,589.53533446713095,467.73281880763676,108.4868880114373,13.315627648056889,0,660.16625637582024,467.73281880763676,108.4868880114373,83.94654955674622,0,2.7269795543980551,null,null,null,72.288851550053153,null,null,355.09688048823836,80.684960212430042,20.399326038071667,1.8439702062638692,9.6890559009533934]
["Drift factor",null,null,null,null,null,45,450.53049937997616,null,42.253849208571886,2038.2523044189511,null,5.6092770722518539,339,0,607.8735634237247,481.92533899934119,111.77233719035941,14.175887234024104,0,675.31490618468899,481.92533899934119,111.77233719035941,81.617229994988406,0,2.894020174033574,null,null,null,73.132888184155178,null,null,366.21279153495294,83.210712731843643,20.780264853739354,1.8846840773265616,9.8178485885763784]
["Mortality +",null,null,null,null,null,46,448.1356956644193,null,42.84101447984078,2099.9062710930693,null,5.9745225632025303,339,0,626.19641633941137,496.05997992046235,115.04426056636702,15.092175852581969,0,690.59221623116264,496.05997992046235,115.04426056636702,79.487975744333284,0,3.07212026704293,null,null,null,73.969694066378153,null,null,377.29015972729184,85.727707560489861,21.154724081120225,1.9249320949476514,9.943012698078002]
["Mortality x",null,null,null,null,null,47,445.67665874478467,null,43.417645241009694,2161.3261696068439,null,6.3518296443431055,339,0,644.49946004233789,510.1326588154173,118.30171889097274,16.065082335947807,0,705.98724889607183,510.1326588154173,118.30171889097274,77.552871189681838,0,3.2613805969311795,null,null,null,74.80009202210077,null,null,388.32547289326163,88.235146664161391,21.522838211574552,1.9647236754490398,10.064631677279282]
["Clearfell Removal %",null,85,null,null,null,48,443.15423560941468,null,43.98407372196818,2222.4936288944955,null,6.7408843036854096,339,0,662.77845803407354,524.13954109751933,121.54383004558184,17.095086890972379,0,721.48955696407791,524.13954109751933,121.54383004558184,75.806185820976822,0,3.4618809173605305,null,null,null,75.624852445365264,null,null,399.31543030347405,90.732280052548489,21.884735214071899,2.0040678741255755,10.182784543459647]
["Prod Thin Removal %",null,75,null,null,null,49,440.56941671994088,null,44.540617503762505,2283.3913618311262,null,7.1413389806475278,339,0,681.02934245005235,538.0770206144141,124.7697644962449,18.182557339393345,0,737.08914231972085,538.0770206144141,124.7697644962449,74.242357209061936,0,3.6736792617801113,null,null,null,76.444696849207119,null,null,410.25692598019845,93.21840198672929,22.24053687699563,2.0429733808456119,10.297546294889067]
["Crown Removal %",null,0,null,null,null,50,437.92333052669198,null,45.087580317402796,2344.0030788921927,null,7.5528141239162272,339,0,699.24818827157071,551.94170127624398,127.97874106179144,19.327745933535297,0,752.77641749402198,551.94170127624398,127.97874106179144,72.855975155986599,0,3.8968113454689721,null,null,null,77.260301012177194,null,null,421.14703318456026,95.692847454357477,22.590359112589944,2.0814485155174101,10.408988276738905]
["Forest floor removal %",null,0,null,null,null,51,435.21723763249304,null,45.625252793909851,2404.3134080711388,null,7.9748998100732855,339,0,717.43118971560148,565.73037999498911,131.17002298366188,20.530786736950528,0,768.54216996085131,565.73037999498911,131.17002298366188,71.641766982200366,0,4.131290077706951,null,null,null,78.072297780786286,null,null,431.98299002814156,98.154988900336534,22.934312231546443,2.1195012237825934,10.517178507911472]
["Density: Tree or Sheath (\"T\" or \"S\")",null,"T",null,null,null,52,432.45252463674086,null,46.153913168478866,2464.3078207879189,null,8.4071574155378244,339,0,735.57463873308814,579.44003088820875,134.34291428682266,21.791693558056732,0,784.37752908789605,579.44003088820875,134.34291428682266,70.594583912864692,0,4.3771051815343114,null,null,null,78.881279578027431,null,null,442.76218616096537,100.60423320206922,23.272501194055138,2.1571390732414955,10.622181974309351]
["Height: Top or Mean (\"T\" or \"M\")",null,"T",null,null,null,53,429.63069769215156,null,46.673827941550591,2523.9725635431682,null,8.8491213353260374,339,0,753.67490554880533,593.06779070331424,137.49675642179105,23.110358423699999,0,800.27393565065427,593.06779070331424,137.49675642179105,69.709388525549031,0,4.6342229183654986,null,null,null,79.687800660211735,null,null,453.48215049180106,103.04001887927062,23.605025842613156,2.1943692504623193,10.724060893202768]
["Mode",null,1,null,null,null,54,426.75337580692587,null,47.185252499470444,2583.294595087596,null,9.3003007429041986,339,0,771.72842117692642,606.61094542009425,140.63092517813823,24.486550578693972,0,816.2231138200458,606.61094542009425,140.63092517813823,68.981243221813273,0,4.9025859145734989,null,null,null,80.492379157789884,null,null,464.14053989938839,105.46181352893737,23.931981120985419,2.2311985589776127,10.822874952623906]
["Run NuBalM? (\"Y\" or \"N\")",null,"N",null,null,null,55,423.8222839252806,null,47.688431697293836,2642.2615288856118,null,9.7601813860605997,339,0,789.73166184652541,620.06691798984718,143.74482785996284,25.919915996715417,0,832.21704553538245,620.06691798984718,143.74482785996284,68.405299685572459,0,5.18211308705067,null,null,null,81.29549893037354,null,null,474.7351288948779,107.86911147645181,24.253457282926782,2.2676334184273665,10.918681529098382]
[null,null,null,null,null,null,56,420.83924581935645,null,48.183600406164253,2700.8615806577805,null,10.228227414228151,339,0,807.68113527069625,633.43325716946424,146.83790071380568,27.409977387426309,0,848.24794717491386,633.43325716946424,146.83790071380568,67.97678929164401,0,5.4726996646706523,null,null,null,82.097611261624195,null,null,485.26380019678345,110.26143163402678,24.56954009359821,2.3036798649688177,11.011535886501429]
["Initial litter stocks",null,"Dry matter (t/ha)","N (kg/ha)","P (kg/ha)",null,57,417.80617682544232,null,48.670984027556869,2759.0835207893729,null,10.703883233063788,339,0,825.57336869198355,646.70762740833197,149.90960659935052,28.95613468430107,0,864.30824843613902,646.70762740833197,149.90960659935052,67.691014428456484,0,5.7742173025160994,null,null,null,82.899136415873969,null,null,495.72453618022666,112.63831555780659,24.880311026019733,2.3393435530377147,11.101491358382297]
["Needle litter",null,0,0,0,null,58,414.72507645725887,null,49.150798976546369,2816.9166313928081,null,11.186575382338548,339,0,843.40489863550465,659.88779974512056,152.95943289305686,30.55766599732728,0,880.39057333769119,659.88779974512056,152.95943289305686,67.543340699513749,0,6.0865142856911989,null,null,null,83.700465075152621,null,null,506.11541116234588,114.99932569496094,25.18584745439745,2.3746297585148382,11.188599515724579]
["Branch litter",null,0,0,0,null,59,411.59802092872286,null,49.623253136125157,2874.3506678109497,null,11.675714433306709,339,0,861.17226229967389,672.97164367055871,155.98688961463503,32.21372901448018,0,896.48772325401865,672.97164367055871,155.98688961463503,67.529189968824824,0,6.4094158194990083,null,null,null,84.501959672610795,null,null,516.4345844855934,117.34404381207483,25.486222845721795,2.409543383323844,11.272910321791114]
["Stem litter",null,0,0,0,null,60,408.42715561817278,null,50.088546284470588,2931.375824346288,null,12.170696901765012,339,0,878.8719905128321,685.95711991119595,158.99150776601039,33.923362835625809,0,912.59266189331424,685.95711991119595,158.99150776601039,67.644034216107926,0,6.7427244027276805,null,null,null,85.303955636059712,null,null,526.68029436029758,119.67206959605801,25.78150695065866,2.4440889614624512,11.354472275431698]
["Coarse root litter",null,0,0,0,null,61,405.21468750547473,null,50.546870496937075,2987.9827039986485,null,12.670907172931518,339,0,896.50060218246529,698.84227408805384,161.9728378721602,35.685490222251232,0,928.69850212834092,698.84227408805384,161.9728378721602,67.883390168126851,0,7.0862202807503785,null,null,null,86.106762553424289,null,null,536.85085242743719,121.98301941870099,26.071765994430251,2.478270666447643,11.433332544002971]
["Fine root litter",null,0,0,0,null,62,401.96287761275414,null,50.998410524430845,3044.1622919913161,null,13.175719434101449,339,0,914.05460016204643,711.62523120297033,164.93044871294634,37.498920246129771,0,944.79849458891351,711.62523120297033,164.93044871294634,68.242814672996772,0,7.4396619750967306,null,null,null,86.910665270267387,null,null,546.94463900207984,124.27652525589117,26.357062868105746,2.5120923201369929,11.509537086856238]
[null,null,null,null,null,null,63,398.67403347870442,null,51.44334414971469,3099.9059328627695,null,13.684499610868325,339,0,931.5304684589637,724.30419090442888,167.86392623482681,39.36235131970804,0,960.88601792396582,724.30419090442888,167.86392623482681,68.717900784710238,0,7.8027868860997636,null,null,null,87.715924928141135,null,null,556.96009895745385,126.55223375239345,26.637457320485016,2.5455574028720762,11.583130770185461]
[null,null,null,null,null,null,64,395.35050169552136,null,51.881842523084707,3155.2053108988293,null,14.196607302374941,339,0,948.9246707055247,736.87742348379322,170.772872631122,41.274374590609497,0,976.95457064035895,736.87742348379322,170.772872631122,69.304274525443759,0,8.1753119651538793,null,null,null,88.52277995131827,null,null,566.8957382091927,128.80980542300171,26.913006150560289,2.5786690648760784,11.654157473891051]
[null,null,null,null,null,null,65,391.99466053649616,null,52.314070478762766,3210.0524336779858,null,14.711397710810928,339,0,966.23364981366194,749.34326655211601,173.65690557933468,43.233477682211301,0,992.99776442488758,749.34326655211601,173.65690557933468,69.997592293436924,0,8.5569344530412934,null,null,null,89.331446988417227,null,null,576.75012075892369,131.04891398078428,27.183763400371639,2.6114301388256669,11.722660191000367]
[null,null,null,null,null,null,66,388.6089127011752,null,52.740186833255237,3264.4396185012715,null,15.228223560009878,339,0,983.45382873277492,761.70012234714568,176.51565762389174,45.238048761737502,0,1009.0093188553998,761.70012234714568,176.51565762389174,70.793538884362391,0,8.9473326806910514,null,null,null,90.142121814535102,null,null,586.52186625612342,133.2692457830899,27.449780547935156,2.6438431535073152,11.788681120090866]
[null,null,null,null,null,null,67,385.19567820376517,null,53.160344666843137,3318.3594814774169,null,15.746436997731903,339,0,1000.5816122291623,773.94645561981451,179.34877569259541,47.286380916752307,0,1024.9830574065661,773.94645561981451,179.34877569259541,71.687826094156264,0,9.3461669286320195,null,null,null,90.954980198719312,null,null,596.20964803704749,135.47049938595407,27.711106699809559,2.6759103484598437,11.852261751084367]
[null,null,null,null,null,null,68,381.7573874291316,null,53.574691589287177,3371.8049290342419,null,16.265391475861033,339,0,1017.6133896047322,786.08079204937951,182.15592073504237,49.376676820310337,0,1040.9129046556568,786.08079204937951,182.15592073504237,72.676191871234835,0,9.7530803412850879,null,null,null,91.770178740924848,null,null,605.81219159958232,137.65238519755559,27.967788782778449,2.7076336894983779,11.913442944717364]
[null,null,null,null,null,null,69,378.29647437930981,null,53.983369990756778,3424.7691516282975,null,16.784443602510354,339,0,1034.5455382721552,798.10171713650072,184.9367674712939,51.507053664360718,0,1056.7928845937149,798.10171713650072,184.9367674712939,73.754399985920344,0,10.167699892116874,null,null,null,92.587855682002214,null,null,615.32827347305624,139.8146252214155,28.219871734056813,2.7390148850095746,11.972265005942376]
[null,null,null,null,null,null,70,374.81537013192963,null,54.386517278921495,3477.2456194269885,null,17.302954959774333,339,0,1051.3744281034142,810.0078755239374,187.6910042391705,53.675548340306349,0,1072.6171199478429,810.0078755239374,187.6910042391705,74.918240184734856,0,10.589637395547236,null,null,null,93.408131689734148,null,null,624.75672044244709,141.95695288012186,28.467398689382929,2.7700554029044517,12.028767751476053]
[null,null,null,null,null,null,71,371.31649653035367,null,54.784266103079041,3529.2280797405706,null,17.820293880686489,339,0,1068.0964264687716,821.79797069517451,190.41833292868867,55.880122844908506,0,1088.3798324208806,821.79797069517451,190.41833292868867,76.163528797017349,0,11.018490561369584,null,null,null,94.231110623470869,null,null,634.09640908698839,144.07911291049211,28.710411168324267,2.8007564881125218,12.082990571680336]
[null,null,null,null,null,null,72,367.80226012365182,null,55.176744566132975,3580.7105559856354,null,18.335837178830893,339,0,1084.707903883573,833.47076500218895,193.11846899236468,58.118669889019358,0,1104.0753437556505,833.47076500218895,193.11846899236468,77.486109761097055,0,11.453844087310468,null,null,null,95.056880279500874,null,null,643.34626559393917,146.18086132125779,28.948949256111149,2.8311191804999192,12.134972486941583]
[null,null,null,null,null,null,73,364.27504637279105,null,55.564076425177305,3631.6873479669975,null,18.848971823988879,339,0,1101.2052401810215,845.02507997471434,195.79114152037465,60.389018685932569,0,1119.6980775321147,845.02507997471434,195.79114152037465,78.881856037025784,0,11.895270785225076,null,null,null,95.885513118927662,null,null,652.50526580923042,148.26196540457261,29.183051781309402,2.8611443330941477,12.184752198698707]
[null,null,null,null,null,null,74,360.73721413762348,null,55.946381281393514,3682.1530332713537,null,19.359096557256457,339,0,1117.5848311301768,856.45979686479052,198.43609336989121,62.688940895495087,0,1135.242561607349,856.45979686479052,198.43609336989121,80.346671372667387,0,12.342332736304279,null,null,null,96.717066979497559,null,null,661.57243548786414,150.32220379290771,29.412756488655369,2.8908326304993328,12.232368135262917]
[null,null,null,null,null,null,75,357.19109045741232,null,56.323774759916638,3732.1024695733231,null,19.865623439142432,339,0,1133.8430954198184,867.77385738200451,201.05308133828947,65.016156699524487,0,1150.7034311100597,867.77385738200451,201.05308133828947,81.876492389765545,0,12.794582470557351,null,null,null,97.551585772535262,null,null,670.54685070823894,152.3613665531949,29.63810020639793,2.9201846073878825,12.277858492568811]
[null,null,null,null,null,null,76,353.63896563576242,null,56.696368680282518,3781.5307976628815,null,20.367979324397233,339,0,1149.9764819306379,878.96626457671664,203.6418763703534,67.368340983567975,0,1166.0754319035759,878.96626457671664,203.6418763703534,83.467290956505778,0,13.251564165740254,null,null,null,98.389100165887911,null,null,679.42763841608996,154.37925531042021,29.859119007524576,2.9492006669577493,12.321261269997233]
[null,null,null,null,null,null,77,350.08308863893023,null,57.064271218027507,3830.4334450124979,null,20.865607257538894,339,0,1165.9814772203681,890.03608383066182,206.20226379009736,69.743129599609048,0,1181.3534244338018,890.03608383066182,206.20226379009736,85.115076813042521,0,13.71281486082054,null,null,null,99.229628253553457,null,null,688.21397706539551,156.37568339325054,30.075848364289442,2.9778810992483851,12.362614301414803]
[null,null,null,null,null,null,78,346.52566281459036,null,57.42758705797133,3878.8061297120739,null,21.357967783462737,339,0,1181.8546131489004,900.98244391654168,208.73404354833184,72.138125684026861,0,1196.5323878814015,900.98244391654168,208.73404354833184,86.815900416527938,0,14.177865679016069,null,null,null,100.07317621246905,null,null,696.90509732536839,158.35047599467575,30.288323295508565,3.0062260992133489,12.401955281581557]
[null,null,null,null,null,null,79,342.96884193624805,null,57.786417539680819,3926.6448646108397,null,21.844540167902075,339,0,1197.5924745733262,911.80453809071969,211.23703047768174,74.550906004924755,0,1211.6074245407435,911.80453809071969,211.23703047768174,88.565855972341879,0,14.646243055412492,null,null,null,100.91973894676283,null,null,705.50028282462961,160.30347034109982,30.496578506142594,3.0342357844530454,12.439321788087083]
[null,null,null,null,null,null,80,339.4147265766199,null,58.140860795577041,3973.9459615164947,null,22.324823523056072,339,0,1213.1917070459267,922.50162518566924,213.7110545473507,76.979027312906624,0,1226.5737643515395,922.50162518566924,213.7110545473507,90.361084618519428,0,15.117469964161636,null,null,null,101.76930071962101,null,null,713.9988709056687,162.23451586376859,30.700648518744678,3.0619102125171698,12.474751298985076]
[null,null,null,null,null,null,81,335.86536081147648,null,58.491011882118038,4020.7060353138395,null,22.798337834231479,339,0,1228.6490244515699,933.07303067153532,216.15596111055325,79.420032669481259,0,1241.4267695128822,933.07303067153532,216.15596111055325,92.197777730793703,0,15.591067140286819,null,null,null,102.62183577279301,null,null,722.40025336483757,164.14347436691125,30.900567796415409,3.0892493976932234,12.508281206307158]
[null,null,null,null,null,null,82,332.32272925365965,null,58.836962904461629,4066.9220078773924,null,23.264624884018662,339,0,1243.9612165246879,943.51814765895972,218.57161113818177,81.871457727546399,0,1256.16193911339,943.51814765895972,218.57161113818177,94.072180316248364,0,16.066554291178075,null,null,null,103.47730893364746,null,null,730.70387715533104,166.03022018747095,31.096370856970555,3.1162533272044444,12.539948825647329]
[null,null,null,null,null,null,83,328.78875441527055,null,59.17880313498506,4112.5911116649504,null,23.723249071157099,339,0,1259.1251561899044,953.83643781814772,220.95788143292859,84.330836938828128,0,1270.7749137153667,953.83643781814772,220.95788143292859,95.980594464290377,0,16.543451292946393,null,null,null,104.33567620960152,null,null,738.90924503284168,167.89464034181023,31.288092378094607,3.1429219767481031,12.569791402019213]
[null,null,null,null,null,null,84,325.26529439438167,null,59.516619126014788,4157.710892891806,null,24.173798121981587,339,0,1274.137806674556,964.02743219205342,223.314664818756,86.795709663746564,0,1285.2614798353359,964.02743219205342,223.314664818756,97.919382824526366,0,17.02127936692548,null,null,null,105.19688536967125,null,null,747.01591612587072,169.73663465529725,31.475767293320946,3.1692553253127898,12.597846112198066]
[null,null,null,null,null,null,85,321.75414088106959,null,59.850494817095907,4202.2792141979508,null,24.615883693063676,339,0,1288.9962283456359,974.09073188443199,225.64187030126968,89.263626159934319,0,1299.6175742678502,974.09073188443199,225.64187030126968,99.884972082148565,0,17.499562231759622,null,null,null,106.06087651283408,null,null,755.02350641494581,171.55611587119282,31.65943087874539,3.1952533692212484,12.624150063768919]
[null,null,null,null,null,null,86,318.25701747610469,null,60.180511637110236,4246.2942567332029,null,25.049141864432894,339,0,1303.6975852281228,984.02600860635664,227.93942319521034,91.732153426555755,0,1313.8392882041771,984.02600860635664,227.93942319521034,101.87385640261017,0,17.977827226698253,null,null,null,106.92758262285012,null,null,762.93168910725456,173.35300973577492,31.839118830446502,3.2209161353533098,12.648740291109643]
[null,null,null,null,null,null,87,314.77557831427879,null,60.506748601531818,4289.7545215976561,null,25.473233523494404,339,0,1318.239151166219,993.83300506763885,230.20726521593676,94.198880882643422,0,1327.9228711022579,993.83300506763885,230.20726521593676,103.88260081868226,0,18.455606401928097,null,null,null,107.79693010916097,null,null,770.74019489545094,175.1272550571444,32.014867332648826,3.2462436935114161,12.671653748544825]
[null,null,null,null,null,null,88,311.3114069831081,null,60.82928240509063,4332.6588305868327,null,25.887844640527312,339,0,1332.6183155935789,1003.5115352022942,232.44535453239729,96.661425858887355,0,1341.8647342691254,1003.5115352022942,232.44535453239729,105.90784453443396,0,18.932437572012901,null,null,null,108.66883933346746,null,null,778.4488120915363,176.87880373564536,32.186713116727603,3.2712361678992421,12.692927300911016]
[null,null,null,null,null,null,89,307.86601572652535,null,61.148187510097905,4375.0063262027343,null,26.292686437375401,339,0,1346.8325888832514,1013.0614842198777,234.65366577970806,99.11743888366567,0,1355.6614541218376,1013.0614842198777,234.65366577970806,107.94630412225182,0,19.407865328775369,null,null,null,109.5432251215833,null,null,786.05738662884528,178.60762076431658,32.354693511209419,3.2958937476915589,12.71259771177748]
[null,null,null,null,null,null,90,304.4408449221724,null,61.463536230670925,4416.7964709030648,null,26.68749545162779,339,0,1360.8796072526202,1022.4828084770129,236.83219003003435,101.5646087455728,0,1369.3097750977406,1022.4828084770129,236.83219003003435,109.99477659069332,0,19.881442010242598,null,null,null,110.41999726016597,null,null,793.56582192715371,180.31368419824099,32.518846482978489,3.3202166966810354,12.730701629567957]
[null,null,null,null,null,null,91,301.03726282003066,null,61.775398813080258,4458.0290455715649,null,27.072033499288846,339,0,1374.7571372031698,1031.7755351658543,238.98093472102931,104.00066731628611,0,1382.8066121896386,1031.7755351658543,238.98093472102931,112.05014230275501,0,20.352728622584952,null,null,null,111.29906097794195,null,null,800.97407861784313,181.99698509209819,32.67921066994726,3.344205361994971,12.747275571829443]
[null,null,null,null,null,null,92,297.65656552937816,null,62.083843512428061,4498.7041472023402,null,27.446087539512877,339,0,1388.4630794793297,1040.939761818456,241.0999235416019,106.42339411927188,0,1396.1490530860465,1040.939761818456,241.0999235416019,114.10936772598862,0,20.821295712301591,null,null,null,112.18031741106556,null,null,808.28217412784454,183.65752740562783,32.835825405494539,3.3678601818816842,12.76235590789152]
[null,null,null,null,null,null,93,294.29997724044415,null,62.388936665854736,4538.8221858003963,null,27.809469445587585,339,0,1401.9954725349767,1049.9756556281286,243.18919627527276,108.83062063157529,0,1409.3343599012271,1049.9756556281286,243.18919627527276,116.16950799782583,0,21.286724186244413,null,null,null,113.06366405228088,null,null,815.49018212275723,185.2953278770957,32.98873073501494,3.3911816925728568,12.7759788401568]
[null,null,null,null,null,null,94,290.96865066663787,null,62.69074276245744,4578.3838805090409,null,28.162015686843255,339,0,1415.3524955003043,1058.8834525907594,245.24880860181435,111.22023430773059,0,1422.3599704840128,1058.8834525907594,245.24880860181435,118.22770929143914,0,21.748606077419979,null,null,null,113.948995183593,null,null,822.59823181105946,186.91041586519654,33.137967424958291,3.4141705342342212,12.788180384257949]
[null,null,null,null,null,null,95,287.66366769286043,null,62.989324510093986,4617.390254982588,null,28.503586926618048,339,0,1428.5324706457468,1067.6634564708161,247.27883185827562,113.59018231665507,0,1435.2234992985532,1067.6634564708161,247.27883185827562,120.28121096946147,0,22.206545254863148,null,null,null,114.83620229219473,null,null,829.6065071127216,188.50283316014685,33.283576964766837,3.4368274560223409,12.798996348309757]
[null,null,null,null,null,null,96,284.38604021516005,null,63.284742899235489,4655.8426320298213,null,28.834067541791566,339,0,1441.5338653434119,1076.3160375983243,249.27935276085344,115.93847498423416,0,1447.9227378740682,1076.3160375983243,249.27935276085344,122.32734751489038,0,22.660158076233042,null,null,null,115.72517446944218,null,null,836.51524569679805,190.07263376500671,33.425601562142852,3.4591533202704783,12.808462311477228]
[null,null,null,null,null,null,97,281.13671115685742,null,63.577057264019778,4693.742627559639,null,29.153365069731336,339,0,1454.355293529969,1084.8416315044369,251.25047308938127,118.26318893615071,0,1460.4556548243199,1084.8416315044369,251.25047308938127,124.36355023050169,0,23.10907398213881,null,null,null,116.61579879271909,null,null,843.3247378936403,191.61988364851359,33.564084132099524,3.4811491058310806,12.816613602071374]
[null,null,null,null,null,null,98,277.91655564624449,null,63.86632534065096,4731.092143865847,null,29.461409588731907,339,0,1466.9955166782734,1093.2407374044496,253.19230933648916,120.56246993733461,0,1472.8203954410046,1093.2407374044496,253.19230933648916,126.38734870006573,0,23.552936031554847,null,null,null,117.50796069008275,null,null,850.03532548837677,193.14466047093703,33.699068280260953,3.5028159106062406,12.823485275373685]
[null,null,null,null,null,null,99,274.72638234103897,null,64.152603323279692,4767.893362292325,null,29.758153038202458,339,0,1479.4534442879492,1101.5139165380488,255.10499232370645,122.83453542619398,0,1485.0152808683392,1101.5139165380488,255.10499232370645,128.39637200658387,0,23.991401378029497,null,null,null,118.40154428763381,null,null,856.64740040306219,194.64705328463754,33.830598280887571,3.5241549533012031,12.829112091379436]
[null,null,null,null,null,null,100,271.56693488495142,null,64.435945917492646,4804.1487353238408,null,30.043568485002769,339,4039.6759762110287,1491.7281339079918,1109.6617903774763,256.98866678698386,125.07767674353177,0,1497.0388068690991,1109.6617903774763,256.98866678698386,130.38834970463887,0,24.424141686726973,null,null,null,119.29643273960829,null,null,863.16140327563448,196.12716221117753,33.958719050108641,3.5451675744388194,12.833528492637789]

{"sheet":"Batch runs","index":9,"n_rows":56,"n_cols":41,"rows_kept":56,"cut":false,"hidden":false,"merged":[]}
[null,null,null,null,null,"Age 10",null,null,null,null,null,"Age 20",null,null,null,null,null,"Age 30",null,null,null,null,null,"Age 40",null,null,null,null,null,"Age 50",null,null,null,null,null,"Age 60"]
["300 Index","SI","Plant stocking","Thin age","Thin density","Age","Total","AGL","BGL","DWL","FL","Age","Total","AGL","BGL","DWL","FL","Age","Total","AGL","BGL","DWL","FL","Age","Total","AGL","BGL","DWL","FL","Age","Total","AGL","BGL","DWL","FL","Age","Total","AGL","BGL","DWL","FL"]
[5,15,400,null,null,10,33.367380474167454,24.210851256623418,5.3524407225795416,4.8557728059674156E-2,3.7555307669048212,20,135.22900446684054,103.54956600407753,20.748294425827986,0.83117412834784243,10.099969908587171,30,250.21354710118123,197.4008113652433,38.568706652473232,2.9834532998837422,11.26057578358097,40,360.08189356308657,286.67796027435497,55.936231001716642,6.2191733869865375,11.248528900028411,50,454.12858073506345,362.12045177515188,71.519052604210557,9.9027487125860514,10.586327643114977,60,528.73817242131634,420.90875777544744,84.80947117678221,13.459817152358777,9.5601263167278852]
[5,20,400,null,null,10,38.013506404760996,27.37734893813214,5.9760958543753038,5.7702106887491923E-2,4.6023595053660644,20,143.26677889916172,109.81040686353781,21.959422975404614,0.83766015533589022,10.65928890488342,30,259.10577389082459,204.83080661260047,39.931875036472952,2.8395018215241601,11.503590420227013,40,364.65151968405462,291.21306958521353,56.687081882419022,5.7171377357550544,11.034230480666979,50,450.75402543551769,360.84848143805755,71.071159612841882,8.879763858798805,9.9546205258194487,60,515.868808333723,412.57955408969065,82.817282127455925,11.847957324947926,8.6240147916284098]
[5,25,400,null,null,10,42.02902721857253,30.157322139273852,6.5401633771088274,6.5258442230843511E-2,5.2662832599590121,20,150.41946045231546,115.3745994806235,23.024231077207919,0.84988186025268508,11.170748034231353,30,265.16903946335827,209.97507199695059,40.851675316957795,2.7464440515777548,11.595848097872164,40,364.02218134666191,291.44525667676896,56.61875049063633,5.3512234714615836,10.606950707794995,50,440.13980743024024,353.48550632215915,69.457759020623996,8.0965973150280988,9.0999447724290263,60,494.57235890504995,397.0448297217776,79.435059605277573,10.576010395533649,7.5164591824610891]
[10,18,400,null,null,10,81.395739426079331,58.486978758807908,12.683595521742101,0.13875800910752825,10.086407136421785,20,280.41723894437325,214.39303782565344,42.890968924036848,2.2808382014929687,20.852393993189988,30,486.71633966310799,381.3420694470567,75.730350641157543,8.0653561239393721,21.578563450954345,40,661.59852827995076,519.10073801173485,105.45167725163076,16.431352154695528,20.614760861889621,50,795.13495976655315,621.02203015014004,130.25670101961526,25.303674086907041,18.552554509890804,60,890.95048454531354,691.82604185769389,150.07931500408264,33.046764132423746,15.998363551113265]
[10,23,400,null,null,10,90.42886662196247,64.689233569972373,13.93119258471776,0.15681978615556044,11.651620681116782,20,296.38612851227361,226.84707405305107,45.280490914008332,2.2408729394256093,22.017690605788598,30,499.03925888231953,391.99938417996373,77.768178626208893,7.5048886612104901,21.766807414936384,40,662.30327082815973,521.74095117988236,105.8522562609532,14.823728821658849,19.88633456566534,50,780.89957902217589,613.09442646325454,128.26453589343907,22.395756623526587,17.144860041955695,60,861.40498829658111,672.93845405102002,145.38506154186959,28.890464951501304,14.19100775219025]
[10,28,400,null,null,10,99.686935479850248,71.077419713210261,15.240208381993929,0.17338187550192158,13.195925509144134,20,312.52616799975283,239.37724554843976,47.681848372668668,2.240998212690597,23.22607586595381,30,508.191330900612,400.00358455579959,79.304046453566585,7.1419102093595361,21.74178968188637,40,655.6223714272711,518.14929993722001,105.06758246304986,13.634921272985178,18.770567754016167,50,756.05237360898457,596.04497855565444,124.53686393669247,20.106325939108039,15.364205177529659,60,819.67654512689478,643.37380692056661,138.67131153652932,25.487630804798204,12.14379586500068]
[15,22,400,null,null,10,140.41334500178004,100.1801097691566,21.466574289776283,0.27188770427647219,18.494773238570694,20,434.70409033211598,331.48309197599474,66.637300572590277,4.1850392956269395,32.398658487904036,30,711.58059030598463,553.03978843096888,112.55353978572323,14.347824444629127,31.639437644663388,40,928.85701668489901,720.36409494361988,151.53440840493013,28.251715794582875,28.706797541766147,50,1082.5060049057447,833.89511624968964,182.12008576291933,41.940671435652867,24.550131457482912,60,1181.4628582589432,903.58596716491036,204.9819272206492,52.775422378549472,20.119541494834316]
[15,27,400,null,null,10,154.9198470081476,110.21290821057748,23.515550485971222,0.29853291671315668,20.892855394885729,20,457.62873718757311,349.24410246305064,70.131420749323851,4.0997738268775015,34.153440148321138,30,724.05604210765057,564.25173442865639,114.84224556987068,13.366951294681602,31.595110814441849,40,921.18969967104761,717.55675476975159,150.83256439056913,25.582092698293373,27.218287812433413,50,1052.1669356721216,815.00495166547898,177.65290477337564,37.319377225485809,22.189702007781285,60,1130.5122082141163,869.92736779175323,196.71898245377417,46.445823353782352,17.420034614806596]
[15,32,400,null,null,10,172.72431416201493,122.59017688619576,26.044891945953356,0.33122896623548581,23.758016363630311,20,483.7757097093243,369.3477356357414,74.108081568077438,4.1195065281248811,36.200385977380598,30,733.4656474516504,572.83697994040381,116.7034922306178,12.729134670143857,31.196040610484879,40,904.14239885309485,706.77478322997604,148.71079391686683,23.514524660663373,25.142297045588645,50,1008.9326128718727,784.90632773033281,171.16735778937482,33.487858010434984,19.371069341730209,60,1066.2681750136671,824.3823302972944,186.33698701360561,41.007127214923841,14.541730487843404]
[20,24,400,null,null,10,200.72404545878436,142.6667943543639,30.351879242870606,0.43160065930783087,27.273771202242024,20,583.03799305609778,442.68628152736517,89.9125030104111,6.5728310524272517,43.866377465894246,30,922.82385721322726,711.46063296096418,147.85013909864534,22.192471418590337,41.320613735027457,40,1177.7876870054138,903.85101712754772,195.07282134968943,42.619000742805198,36.244847785371434,50,1346.3213518796174,1024.4070697897662,230.47976752007949,61.462241618712739,29.972272951059047,60,1443.7727247178955,1089.316964375741,255.63738592350279,75.065253165885949,23.753121252765755]
[20,29,400,null,null,10,222.280483799834,157.62154262150787,33.413503532478188,0.47059402914875292,30.774843616699219,20,613.12153439130486,465.8370761613885,94.617330549842379,6.4199291589573511,46.247198521116616,30,936.66645740758599,724.36579286023016,150.58109281830562,20.65606835982188,41.0635033692283,40,1163.9561244343492,897.62605514126687,193.62538625402877,38.639854927123039,34.064828111930566,50,1303.7897152420494,997.94715511888933,224.16985877071389,54.868633436047539,26.804067916398672,60,1377.2887693309319,1045.7763548060989,244.75348262980327,66.403362883147892,20.355569011881929]
[20,34,400,null,null,10,250.96633856421195,177.55631016466828,37.484351925670929,0.52537801149675856,35.400298462376,20,649.47409999114893,493.53089086864122,100.29765441013578,6.4629090149237465,49.182645697448194,30,946.91328404185845,734.10525738459171,152.88997556499427,19.653987905239738,40.264063187032797,40,1137.7524182537711,880.82904900148219,190.39126135354323,35.479780440514283,31.052327458231431,50,1244.8858374594186,957.21111004475142,215.38480708020188,49.231723439685929,23.058196894779282,60,1294.910044172773,987.96637745842202,231.42009154539983,58.722684934326942,16.800890234624305]
[25,25,400,null,null,10,260.62681026961025,184.70898134334465,39.13483096165433,0.61635241968807353,36.16664554492322,20,726.12454808426889,548.77835131737993,112.66988832054697,9.4714345841194092,55.204873862222655,30,1126.580441768635,862.07323164277329,182.11198480704022,31.632895055750087,50.762330263071412,40,1416.054446081203,1076.1046725210438,236.99707291989029,59.45044025679239,43.502260383476631,50,1595.7824875236329,1200.3690845999581,276.69752210693059,83.588855978322712,35.127024838421477,60,1688.6229722785788,1258.1988826860713,303.77495980421611,99.475490124628934,27.173639663662357]
[25,30,400,null,null,10,289.61499005320877,204.82686025278804,43.234067103920147,0.66955396594027938,40.884508730560299,20,763.46307340049214,577.42987588038682,118.60638765620095,9.2137217358658461,58.213088128038528,30,1142.5684932283345,877.44301580339345,185.40377491368616,29.395503591531735,50.326198919723154,40,1397.957818542576,1068.1831190065047,235.10263030813968,53.953342972343847,40.718726255587796,50,1544.3452975002231,1169.1331399293315,269.05905752202494,74.874234422613085,31.278865626253314,60,1611.0372251889617,1208.3800895184129,290.96857128042882,88.478395627910729,23.210168762209218]
[25,35,400,null,null,10,329.91998756460777,232.79240874077999,48.931363502351047,0.7504458031551926,47.445769518321512,20,810.08859253824278,612.77857930079938,126.01214959744046,9.2671197766976334,62.030743863305382,30,1154.2171158675224,888.88878493272148,188.25335912027433,27.927061230054488,49.147910584472065,40,1364.1370063018255,1046.7739933031808,231.00619497311527,49.512775297598346,36.844042727931118,50,1472.4708734063756,1120.1054358103565,258.4041465175552,67.249904773181655,26.711386305282318,60,1514.0521325730338,1141.2652794252342,275.24419413602391,78.467039340514916,19.075619671260934]
[30,26,400,null,null,10,323.06062462144348,228.37089735516255,48.279581405108019,0.83196381406560593,45.578182047107319,20,869.92050406713395,654.63887577953176,135.68681091556721,12.84001210380109,66.754805268233881,30,1327.1956419482046,1008.9311118487178,215.99148756901701,42.276428660728193,59.996613869741473,40,1644.7044115764616,1239.1682165436489,277.53971700759286,77.728043591066168,50.268434434153512,50,1828.8174056616845,1361.9698102359155,320.49610692050686,106.68806853637336,39.663419968888881,60,1911.5596561666509,1408.9650733832154,348.62075952985725,123.99236362570956,29.981459627868691]
[30,31,400,null,null,10,360.17619723463292,254.08133136931369,53.497821148357204,0.9024240859967132,51.694620630965296,20,915.27895103627361,689.38720036177835,142.96754249477388,12.474658916177505,70.449549263543858,30,1345.3412212205315,1026.8258110329805,219.85980206291015,39.313112383684832,59.342495740955833,40,1622.1159974456011,1229.3757836788488,275.17626506524783,70.717069449478146,46.846879252026312,50,1768.5988972327443,1325.9376012680591,311.55336166523659,95.957811602602874,35.150122696845735,60,1823.5840188876311,1353.1760279674993,334.01020556589577,110.8881692503339,25.509616103902236]
[30,36,400,null,null,10,414.3482511515474,291.53698587078674,61.115345434945759,1.0188359462129635,60.677083899601918,20,973.91026960454587,733.68145587948663,152.37285283303814,12.571634328757433,75.284326563263704,30,1358.4140854709708,1040.0308343292916,223.30700413847478,37.378988507401637,57.697258495802778,40,1580.2005700078043,1203.001297756198,270.20066650401316,64.961447970102938,42.037157777490286,50,1683.8924586694732,1268.6679440890657,299.09351271303092,86.353109501503781,29.777892365872731,60,1713.1057413235637,1277.4651140655601,316.10658569729463,98.658266285006547,20.875775275702509]
[5,15,650,null,null,10,53.782784584770148,39.009027320253338,8.6086941577865286,8.3838545534724376E-2,6.0812245611955582,20,203.02543483381268,155.16523891119681,31.004271214145803,1.6034987606111712,15.252425947858901,30,353.31190183546306,277.37918416752052,54.712330573223447,5.6755945699080961,15.544792524810992,40,486.48588179431931,383.13836671117355,76.851145916055927,11.493840538134949,15.002528628954888,50,593.46531545078653,465.67710884102917,96.105063807110014,17.774150815278173,13.908991987369284,60,674.89276457567928,526.78749575630081,112.19625491246417,23.474795903521098,12.434218003393184]
[5,20,650,null,null,10,61.355103087016076,44.172005500716487,9.630125199331026,9.9141973748647083E-2,7.4538304132199098,20,219.88557283884441,168.24380473692369,33.579881349078619,1.6039759124768886,16.457910840365223,30,374.28273354372135,294.48124791655977,58.036244865253011,5.4490013051524917,16.316239456756062,40,502.43195602729821,397.06299863263058,79.646162204785213,10.7240284516323,14.998766738250136,50,600.06926758750694,472.99686539796568,97.565910475656182,16.232800679544084,13.273691034341049,60,670.55015804254742,526.20410533479776,111.87409365596275,21.105746421880202,11.366212629906638]
[5,25,650,null,null,10,67.912127766206709,48.714165498069399,10.555001195200244,0.11141754319960935,8.5315435297374531,20,234.29053503478997,179.41590691743576,35.772012923162528,1.6092308053852447,17.493384388806444,30,390.17109120201587,307.47081795774415,60.564662008387387,5.2858619368248441,16.849749299059503,40,510.07852724539964,404.18326248037869,81.088818055358445,10.137854972866226,14.668591736796238,50,595.37308946516293,470.95600107072232,97.134698673221251,15.001927676247275,12.280462044972106,60,652.82070860974045,514.4096063091248,109.26767231176203,19.14269058394332,10.000739404910398]
[10,18,650,null,null,10,128.41924164660395,92.120354600272989,19.824635403435298,0.25401808660031588,16.220233556295355,20,391.1297076173384,297.62586695207938,59.931502225259443,4.3506244312081241,29.221714008791434,30,637.66556668843918,493.46377654483518,101.06744139608585,14.793795246177162,28.34055350134097,40,841.05090167198682,647.97489684436152,137.50144090413767,29.037987445586811,26.536576477900869,50,993.1702802298496,758.90209795129067,167.47571680786254,43.148933942474564,23.643531528221775,60,1097.5519751053685,831.96375935996355,190.98357056521047,54.418359629310061,20.186285550884481]
[10,23,650,null,null,10,143.67230422068349,102.63604879885138,21.986720102461817,0.28441563143157322,18.765119687938707,20,420.95575604984327,320.56982266658628,64.528661867039816,4.3069552090361025,31.55031630718106,30,663.49779738892823,514.96785140569239,105.57249669595876,13.952422787390772,29.005026499886348,40,853.64823866185338,660.93634153476614,140.22343017976212,26.634005915058566,25.854461032266553,50,988.59922243522703,760.16860077824253,167.45008490766645,38.937753177080857,22.042783572237195,60,1075.6665886182934,821.09512193251715,187.84762559146731,48.641136663494038,18.08270443081496]
[10,28,650,null,null,10,159.1646523069484,113.35721019804616,24.214879050540887,0.31146643908805105,21.281096619273306,20,450.78348091257629,343.37739866925745,69.125962471118598,4.3249006392066196,33.955219132993641,30,684.56163030032189,532.47792753187787,109.31580050383705,13.41844045030769,29.349461814299325,40,855.30096310147974,664.69911905093147,141.17927828685671,24.824471448038974,24.598094315652553,50,968.10639790074447,747.91147777986032,164.81841616585751,35.501066624948052,19.875437330078597,60,1035.0229258237798,794.17290779907364,181.60544819243717,43.671169209243871,15.573400623025211]
[15,22,650,null,null,10,215.62182458178745,153.25367004126238,32.439874421565541,0.51246465383983986,29.415815465119703,20,583.93154837986742,441.50292803215825,90.412798917433733,7.865146580717278,44.150674849558143,30,912.06705297939823,698.18912527410555,147.16899204451963,25.807391970838822,40.901543689934144,40,1166.7281053573149,886.70655888668296,194.66606574823797,48.819686203863583,36.535794518530352,50,1339.8605363892289,1007.9341371172391,231.23805201455002,69.725411188546985,30.962936068892869,60,1442.2932972464114,1074.8691916976977,257.84973341677545,84.477385111544237,25.096987020393868]
[15,27,650,null,null,10,240.80468341339849,170.78904664154112,36.096403532597435,0.55847756860807318,33.360755670651884,20,623.05608811341244,471.34622642562584,96.617565058592859,7.775599737666048,47.316696891527606,30,939.17993612777695,721.39216792807019,152.19218492467843,24.353189124952909,41.242394150075384,40,1169.793897569346,893.84020166491609,196.18878364421235,44.895242917284229,34.869669342933285,50,1316.4040576368,996.70946567369276,228.33980797966922,63.176968605524543,28.177815377913401,60,1395.5747575686869,1047.1813604421241,250.56634371045627,75.901099610704392,21.925953805402152]
[15,32,650,null,null,10,270.89623727783004,191.77619273477242,40.454349345706106,0.61437770137803183,38.051317495973507,20,666.63388273163594,504.3286162430548,103.51661206421863,7.8678339205831191,50.920820503779453,30,961.70836357550024,740.61915827597136,156.59156922882661,23.43848551901991,41.0591505516824,40,1159.2722190634529,889.44291664436378,195.67040168196073,41.798193253614201,32.360707483514254,50,1273.9693330334314,969.2337913707745,222.4894897645232,57.54011330180353,24.705938596330423,60,1328.5109974654122,1001.8908103481149,240.05372763947398,68.154334009048924,18.412125468774562]
[20,24,650,null,null,10,299.31564166661457,211.39766151476189,44.400097774631746,0.82418906682268367,42.693693310398231,20,764.91165848318485,574.72860048926634,119.4489114568084,12.17242244214995,58.561724094960248,30,1169.1022279543552,886.46924889129878,190.62032025729124,39.203034334357497,52.80962447140773,40,1466.8401531064064,1101.2143533125472,247.74853383912748,72.121627811644132,45.755638143087708,50,1652.2107745137566,1225.3983805539042,289.56803676196535,99.757002788339548,37.487354409547343,60,1745.7357127330124,1281.1734968684111,318.27451979261446,116.96524283738873,29.322453234598068]
[20,29,650,null,null,10,336.23062196167007,237.12074910866596,49.705755849895212,0.89562547277461402,48.508491530334283,20,814.20749605616425,612.24070540234163,127.38246201187293,12.005392926806914,62.578935715142812,30,1198.9352138896541,912.71603113847243,196.38831377968151,36.957894505822011,52.872974465678226,40,1463.4525791664375,1105.2345961684334,248.57758075107742,66.403046583340142,43.237355663586825,50,1615.6367642152011,1206.4634487081173,284.7303089574454,90.685250833928592,33.757755715709877,60,1682.7062905074933,1243.4651940775755,308.22761880075751,105.63299985035928,25.380477778801055]
[20,34,650,null,null,10,383.95025538910193,270.29121593407552,56.563503418476344,0.99474210056107726,56.10079393598901,20,872.23277372428061,655.96427732839925,136.70645114913373,12.182761752549407,67.379283494198233,30,1223.626866387943,934.33484363671209,201.58288875582326,35.546302355237891,52.162831640169621,40,1442.7042901887228,1094.4451883380632,246.934415225614,61.766096739349756,39.558589885695859,50,1555.5866621416692,1167.4248648792402,276.38030983118722,82.605350595595255,29.176136835646584,60,1595.8598607404288,1185.1990523761724,294.5317576305651,95.027750719334591,21.101300014356756]
[25,25,650,null,null,10,378.32017543257291,265.86235851696574,55.764295966631401,1.1806065673244808,55.512914381651278,20,938.45210874841223,701.19346459439146,147.40289525467733,17.30156440383432,72.554184495509048,30,1415.3293702758674,1063.736816414335,232.2829159046411,54.966604227273216,64.343033729618028,40,1750.8367019073301,1299.3547160072355,298.21844513524769,98.682900308068341,54.580640456778546,50,1942.7467541944077,1421.9258026842103,344.53355457907514,132.67883700901564,43.608559922106608,60,2023.1271045283463,1463.9237678519701,374.82367497258059,151.17517555830736,33.204486145488232]
[25,30,650,null,null,10,426.2210798536284,299.01706688772924,62.556199955852485,1.2828570313803926,63.364955978666238,20,997.8505755132087,746.40259085780679,157.04149302820653,17.001884086260407,77.404607540934933,30,1448.6970433918314,1093.8485343019847,238.91874495156233,51.744930513571084,64.184833624713136,40,1743.6469186500624,1302.5522981784547,298.76170300879414,90.978029769422605,51.35488769339085,50,1897.7449707604669,1399.0481108203735,338.48205660269815,121.07932094307003,39.135482394325308,60,1949.9399836727018,1420.9215212801284,362.98900487065902,137.34094263778269,28.688514884131735]
[25,35,650,null,null,10,491.02710960354239,343.7004903498908,71.774515271847449,1.43549464970537,74.116609332098733,20,1070.0547656415367,800.69643763416821,168.74547668818235,17.246947875984191,83.365903443201987,30,1476.1346760032641,1118.4285533807915,244.99989382561392,49.706556128202557,62.999672668656046,40,1714.9171157935332,1287.3252862464897,296.34570260722717,84.607614345591017,46.63851259422524,50,1824.0584550064566,1351.73075761317,328.25492746081716,110.45750245698547,33.615267475484124,60,1848.3697514745359,1353.6926424784808,346.91363613383413,123.97039478048504,23.793078081735871]
[30,26,650,null,null,10,458.77000069694321,321.12104370146864,67.461246042104918,1.590771335170496,68.596939618199187,20,1113.5236586260175,827.93159278358462,175.63713774580489,23.188596204281353,86.766331892346628,30,1657.8626943266177,1236.3341222008301,273.42384749199562,72.474715209673079,75.63000942411891,40,2022.4885946827217,1485.8177616649734,346.89937128441358,126.98220317695039,62.789258556384269,50,2212.2676021705092,1600.6584078068906,396.42610012259991,166.24624084482278,48.936853396195808,60,2273.2435824417812,1625.0435159891742,427.28558117769751,184.59918579925849,36.315299475650818]
[30,31,650,null,null,10,517.81492204785923,361.60375370268548,75.787076482123183,1.7298615230989272,78.694230339951702,20,1183.7519052704224,881.38598539136547,187.09009086400843,22.761193461487384,92.514635553561149,30,1694.6402806132321,1270.2336662498305,280.92594466129441,68.277207790932891,75.203461911174259,40,2011.2386950055052,1487.8987228038736,347.1298695823703,117.38252310343404,58.827579515827253,50,2159.0081746786295,1573.6855815976573,389.19429297500039,152.3780461114965,43.750253994475322,60,2190.5923589117861,1576.8478505667661,413.79272453863859,168.65764782145027,31.294135984930918]
[30,36,650,null,null,10,601.95153616713276,419.07389855452709,87.655596470937894,1.9547127683766843,93.267328373291051,20,1272.1161289252182,947.68229939420576,201.49315775133454,23.140430200489732,99.800241579188182,30,1724.7434658040195,1297.7063629414552,287.95181652016447,65.648970346343361,73.43631599605672,40,1973.9781172570329,1467.7530380225603,343.92957966546754,109.29860530653717,52.996894262467954,50,2071.9292431379995,1518.0910255631773,377.18730507363392,139.32617114167115,37.324741359517262,60,2075.5978031936565,1501.3354643305465,395.60184090967158,152.77730799405697,25.883189959381749]
[5,15,900,null,null,10,73.233655920530055,53.08082091410467,11.673095361502693,0.12317699995704318,8.3565626449656509,20,254.33093600412624,193.9742797727921,38.763408412312096,2.4560731562668625,19.137174662755175,30,423.35256332709389,330.31949392039024,66.154450635418641,8.4028846730252198,18.47573409825981,40,569.29551896373493,443.62954880045373,91.410256828913361,16.599428319482481,17.656285014885317,50,685.92430382587293,531.10325334372374,113.30979068821114,25.158218462639596,16.353041331298517,60,773.88819405445656,595.11445691676442,131.54703649216526,32.622170914367203,14.604529731159602]
[5,20,900,null,null,10,83.773183760942743,60.273549042623145,13.107653077050191,0.14508357300456429,10.24689806826483,20,280.34371576847946,214.0320158991523,42.749458070108318,2.4759883281573445,21.086253471061486,30,453.88725104234317,354.89541588802189,71.169030485563809,8.1810681080963921,19.641736560661066,40,594.21064625968029,464.78928512607365,95.922100923100416,15.712220360824572,17.787039849681616,50,700.66686190421296,545.26053837637323,116.38463734857226,23.317857252531127,15.703828926736398,60,776.67595120009457,600.7838126174081,132.66605727485685,29.786724394103022,13.439356913726606]
[5,25,900,null,null,10,92.93519430889674,66.627588781118035,14.409849193467091,0.1621329885655379,11.735623345746083,20,303.03068911142913,231.51248145357368,46.240368903923425,2.4903155098421044,22.787523244089925,30,478.41232212527814,374.62239836463448,75.22325280943916,8.0244223555328738,20.542248595671616,40,609.05910177994201,477.76024632148221,98.763126968296376,15.03329099182209,17.502437498341418,50,701.37309555158981,547.87928797915845,117.08754146781919,21.815095913553733,14.591170191058412,60,762.5295208292531,592.40965569651019,130.88307183697532,27.359064068961786,11.877729226805855]
[10,18,900,null,null,10,168.90573471732199,120.80709537547972,25.719847496644725,0.38761801018986486,21.9911738350077,20,465.16007801482704,352.04161533768792,71.707131006764044,6.4347966313533087,34.976535039021805,30,737.29076970477036,564.8500907834956,118.35039253611441,21.132216309962484,32.958070075197874,40,963.43314393626099,732.37960859966449,159.73356512121802,40.500355897760159,30.819614317618168,50,1130.7040866845277,850.6165696280043,193.6625469027563,58.933439524042278,27.49153062972487,60,1241.5138205015983,925.30219481085385,219.98844393085525,72.813704309794048,23.40947745009511]
[10,23,900,null,null,10,190.87047087786698,136.02424738426259,28.901904023059824,0.43254414620939069,25.511775324335172,20,505.76221847829504,382.96586398420214,78.109466702900548,6.444289434787204,38.242598356405175,30,773.86335315765405,594.89810869990413,124.83399167713625,20.171504857814845,33.959747922798826,40,985.36018965769392,753.30654398063041,164.29457762506021,37.604984733729893,30.154083318273337,50,1133.7656104266471,858.92628486136812,195.2140300364367,53.877075762629062,25.748219766213239,60,1225.9901185940018,920.69637320000675,218.16671093435053,66.014007538143986,21.113026921500534]
[10,28,900,null,null,10,213.10190118419442,151.46633314604514,32.156172152627917,0.47141387063219137,29.007982014889169,20,546.79190438946887,414.03454235422879,84.568084141822226,6.5343336473686042,41.654944246049297,30,804.85727605453451,620.27062515617081,130.42389240606934,19.600726833208316,34.562031659086117,40,994.11689710835674,763.1805519061769,166.73383692206841,35.416743079611123,28.785765200500144,50,1117.3850890082356,850.83534063330546,193.59256918009117,49.657728911215614,23.299450283623102,60,1187.1795048512201,896.43576849201884,212.50047972722203,59.962177079036422,18.281079552943037]
[15,22,900,null,null,10,275.12542624351465,194.45121922290403,40.726864892301634,0.78632125798806252,39.161020870320918,20,682.00906396437063,512.02009080222092,106.48640123944016,11.434924428351035,52.067647494358589,30,1047.0529598799601,792.72108485852675,170.77058364198481,36.296663942050628,47.264627437397671,40,1331.1046599621102,997.0710170962285,224.66515285226413,67.065158821209735,42.30333119240796,50,1519.5438489458168,1124.0552789335034,265.87248226251529,93.718846140724395,35.897241609073802,60,1623.8660479052146,1188.4493337270849,295.36758304755563,111.07683442021187,28.972296710362318]
[15,27,900,null,null,10,310.91732826004528,219.43499258324388,45.942792473863008,0.85797740647331655,44.681565796465094,20,734.00047104734949,551.41586701593712,114.85159490650564,11.420544545414616,56.31246457949203,30,1085.4737057235463,825.08171402201629,177.91854372607247,34.604003302666101,47.869444672791523,40,1342.3475863943036,1011.6165473042599,227.91269602676451,62.324965439785537,40.493377623493728,50,1501.6223357829526,1118.6582602179735,264.25271231882232,85.892703629398653,32.818659616758126,60,1581.1822080726852,1165.5898746192727,289.00557571939584,101.08011976052509,25.506637973491568]
[15,32,900,null,null,10,353.23074670768813,248.94836178128779,52.118515693069995,0.9430337131577945,51.220835520172542,20,791.72436325343688,594.83920732677063,124.11682603410996,11.659400235095003,61.10892965746131,30,1118.5941279069077,852.78325389913562,184.36932268732645,33.604784360986905,47.836766959458906,40,1337.4045603427485,1012.4246301549471,228.7536823060197,58.557243565263256,37.669004316518503,50,1460.6682225241993,1093.7108884916986,259.07864956666577,78.992964086468277,28.885720379366749,60,1513.2416724709224,1121.2862494837509,278.65923844667952,91.733979586525834,21.562204953966152]
[20,24,900,null,null,10,372.44322156596769,261.05052068216037,54.491739669154299,1.2565555061559515,55.644405708497089,20,884.36769840886416,659.44638169641519,139.174083306277,17.443287555247505,68.303945850924393,30,1335.6604310606817,1000.7620740072235,219.71118084031963,54.414913568807791,60.772262644330809,40,1667.3489674032348,1232.2782629819615,284.42311290559343,97.768737215278122,52.87885430040189,50,1865.8655347891588,1359.120411046549,331.26349179165203,132.14921670866673,43.332415242291084,60,1955.15038866347,1407.470618612221,362.69518223493066,151.32112483965273,33.663462976665429]
[20,29,900,null,null,10,422.60878939498144,295.80347306207022,61.672752885685107,1.3719213000917827,63.760642147134341,20,948.49762577049671,707.99337622579844,149.59648043330512,17.368410661382921,73.539358450010312,30,1377.3362192324685,1036.7567639472511,227.75572710693061,51.782065774516539,61.041662403770417,40,1671.650581537059,1243.6717751293595,286.97001159057976,90.902259362434947,50.106535454684639,50,1834.1743397905618,1345.8479892499106,327.63305671918732,121.45829143726323,39.235002384200683,60,1895.8218663978453,1374.542649453382,353.50187088795701,138.37351511047453,29.4038309460317]
[20,34,900,null,null,10,486.91949507736439,340.20166231902579,70.909923068351873,1.5281506178052242,74.279759072181477,20,1023.445148812138,764.19025410740005,161.75824650366775,17.773784152169107,79.722864048901087,30,1413.2446810141116,1067.4258537507656,235.20496998186195,50.221539742330037,60.392317539154028,40,1655.5149991291021,1237.6273818232653,286.65114731351889,85.282690603806898,45.953779388511144,50,1774.2176132457425,1308.6389358196986,319.82085353232526,111.67867179471416,34.079152099004524,60,1807.1032836658021,1316.8218953952653,339.83986005593886,125.78941988098603,24.652108333612016]
[25,25,900,null,null,10,461.51442290931953,321.55505988395453,67.3233829058277,1.7821274797570799,70.853852639780229,20,1077.3151002934544,798.54245797598037,170.36452141798085,24.491002379339132,83.917118520154119,30,1611.1027114434869,1195.4190540890716,266.37943567875868,75.447750830621047,73.856470845035759,40,1983.731092621304,1447.6062678704686,340.90988389470323,132.22770784995589,62.987233006176183,50,2184.9267857933451,1568.8133763501128,392.42022166167192,173.46178638681155,50.231401394749071,60,2254.0253850975041,1598.3147888436426,425.14269165937333,192.69421321213468,37.873691382353563]
[25,30,900,null,null,10,524.50333183281919,364.67851265628246,76.225530582831993,1.9488008028482089,81.650487790856644,20,1153.2399430732237,856.07266594436521,182.77252061791148,24.287176393545284,90.107580117401682,30,1656.8866695401964,1235.9268664606195,275.44167860921942,71.657715044507768,73.860409425849596,40,1984.3687878015321,1458.6064833087933,343.24922309749559,123.06895406373836,59.444127331505051,50,2145.2760705560568,1552.1837413210806,387.66926758763844,160.04701641937865,45.376045227959104,60,2185.4924647077564,1560.846510874587,414.30055166300338,177.2799951945849,33.065406975581006]
[25,35,900,null,null,10,609.53684713922121,422.775296377068,88.237023064962457,2.1916314678424498,96.332896229348222,20,1245.2205778691173,925.00722765263424,197.74990777655924,24.838014619260022,97.625427820663703,30,1696.413649841295,1270.3758692776548,283.98779068232983,69.384295020407095,72.665694860903216,40,1959.9661847579521,1448.2114439858535,342.20518727995733,115.40931924413755,54.140234248003622,50,2071.3687601961947,1506.7733914881003,377.99247107251983,147.38118686991388,39.221710765660376,60,2082.2538930680844,1494.5202062482242,398.31125841696468,161.72541859625045,27.697009806645291]
[30,26,900,null,null,10,551.73499721360679,382.81296399358553,80.496851979543791,2.3787322752554325,86.046448965222126,20,1272.279823336555,938.11799163924491,201.87493180405539,32.51320800646026,99.773691886794282,30,1882.7653198099965,1384.9419395524631,312.49711323859634,98.626597326601924,86.699669692335078,40,2285.9583465199075,1649.6420303309192,395.35989353574905,168.57351568399906,72.38290696924021,50,2479.626897628189,1758.3783044027468,450.04479779383621,215.02080226838439,56.182993163221639,60,2521.8026411702353,1765.23246546771,482.93657101558847,232.45422562669532,41.179379060241729]
[30,31,900,null,null,10,628.19798810197631,434.72832878295532,91.211192218125575,2.6045733308012884,99.653893770094072,20,1361.2098186785586,1005.6282128350991,216.40483755143654,32.193128891870067,106.98363940015291,30,1932.7867299494476,1430.1057878886725,322.59200292298453,93.699075701777872,86.38986343601276,40,2282.9424682956637,1660.1071169725967,397.49311101595589,157.28930039913919,68.052939907972018,50,2432.4055746631352,1738.2862644543245,444.23751509049737,199.26898086660776,50.612814251705707,60,2444.8009694265579,1723.2278347986144,470.59340177678035,215.08545782440231,35.894275026760617]
[30,36,900,null,null,10,735.75919827907001,507.3264106538133,106.31333999061816,2.9603893915913875,119.15905824304713,20,1470.7407999051316,1087.2925461269704,234.44679831824439,32.986607358097245,116.01484810181941,30,1974.9622996590526,1467.4080183502826,332.24200216741139,90.779222569374454,84.533056571984247,40,2249.3168045765624,1644.4361982193068,395.69823007427317,147.65734822349222,61.525028059490595,50,2344.7182525414091,1684.4765650665781,432.81294277681201,183.92054123367075,43.508203464348185,60,2328.3748249253467,1648.8502984453,452.57518435374959,196.92745950728542,30.021882619011841]

{"sheet":"LP1OUT","index":10,"n_rows":208,"n_cols":27,"rows_kept":208,"cut":false,"hidden":true,"merged":[]}
[]
["AGE","X1","X2","X3","X4","X5","X6","X7","X8","X9","X10","X11","X12","X13","X14","X15","X16","SPH","BA","HT","GCL","VOL","DENS","LAI","PRNHT","EXT","CSHRUB"]
[0,0,0,1.3975000000000001E-3,0,0,0,0,7.0687499999999993E-4,0,0,0,0,0,3.5750000000000002E-4,0,2.3562499999999999E-4,325,0,0.2,0,0,0,2.3926282280697432E-3,-1,0,0]
[1,1.4080569164562462E-2,1.5107991713675162E-2,3.8285146607201772E-3,2.5155000000000004E-3,0,2.6151543280775822E-3,0,3.5166276309333928E-3,1.0866532247879503E-3,-1.1180000000000001E-3,0,9.915671736006394E-6,0,2.9587675245808633E-3,5.3625000000000005E-4,7.5881112372673987E-4,322.58850000000001,1.0860476971666852E-2,0.37885773264388439,0.17885773264388438,1.0860476971666852E-2,0.32380047765007741,1.0860381977263987E-2,0,0,9.2100000000000001E-2]
[2,9.1276543044432362E-2,9.2781328412002012E-2,2.491710733072585E-2,6.8913263892963188E-3,2.2639500000000003E-3,1.9453453551978257E-2,7.5087562820451048E-19,2.2029800998778489E-2,8.1622084010749257E-3,-3.4883999592499912E-3,0,7.0043264391438518E-5,5.2606579378214132E-6,1.882276331681448E-2,4.6955512868712959E-3,4.1301989669367354E-3,320.19489333000001,5.8781145350327663E-2,0.92832623252620261,0.72832623252620265,5.8781145350327663E-2,0.37477665444393538,5.8279816677265325E-2,0,0,0.19060000000000002]
[3,0.22354226552671799,0.21899026949353881,5.902631860409039E-2,4.4850793195306535E-2,6.2021937503666871E-3,6.0196574818454113E-2,5.5143008845428744E-15,6.9152474616680476E-2,2.5754139565130611E-2,-1.9093419841294403E-2,0,2.7557395582397036E-4,2.2216876570346638E-5,4.0040594648373451E-2,3.0488009592919942E-2,1.2251740448664172E-2,317.81904722149142,0.17031664960952522,1.8027903589538594,1.6027903589538595,0.17031664960952522,0.40602298586322716,0.18799523289146089,0,0,0.29550000000000004]
[4,0.38835739842437855,0.37519202577653776,9.7544427884992291E-2,0.10624737348736271,4.036571387577588E-2,0.12996271214037247,8.6260569514752532E-13,0.15645514268569793,5.7214213798140193E-2,-4.8098079245259641E-2,0,7.5442113881761346E-4,6.0860810083872822E-5,6.4980534815466423E-2,7.4695136577161744E-2,2.6001298620511364E-2,315.46082989093134,0.36521351537127128,2.8331490666844705,2.6331490666844708,0.36521351537127128,0.42839362756509075,0.41610000848762962,0,0,0.40680000000000005]
[5,2.2020293243592399,2.2010637021713579,0.52845450370801383,0.17557997019298613,9.5622636138626441E-2,0.52000456473132584,1.0401366099721838E-10,0.69652150844607141,0.2434093466816919,-5.6176619061071763E-2,0,2.5767986123620421E-3,2.1334097339998997E-4,0.44174990782385726,0.13332446778023727,0.10200284525034506,313.12010927629177,1.5623688866918377,3.9272717586859458,3.7272717586859461,1.5623688866918377,0.44581117454334818,1.3426524240548505,0,0,0.52449999999999997]
[6,3.683464401631833,3.4236146330581096,0.78916284742690956,0.95121810667442497,0.15802197317368752,1.1634760809833191,4.337084444474457E-8,1.6860784987811412,0.57050058364794132,-0.34360742100370334,0,7.50708587422475E-3,6.2522309051078198E-4,0.55658760261904761,0.72662060627029978,0.22634843129512661,310.79673399564433,3.6649533548423863,5.0371093276046501,4.707791064530114,3.6649533548423863,0.46005455882634344,3.1273116105907111,0,0,0.64860000000000007]
[7,4.8962573031323799,4.5546029377279496,0.9354015956413233,1.4204931253684374,0.85609629600698245,2.0050281020935135,1.4428102875633689E-6,3.1219718257684059,1.026969626242952,-0.58629894589364651,0,1.6865139208716573E-2,1.3890891119926138E-3,0.73313465525951937,1.1836592949383153,0.39050511343372307,308.49050054716633,6.6129666699320167,6.1373318115305562,5.6158051977787489,6.6129666699320167,0.47209852727119533,5.223032866713619,0,0,0.77910000000000013]
[8,5.8598455022018889,4.6457344396984919,0.99529109903416535,1.683722872154382,1.2784438128315938,2.9911243551680808,1.5625811955091565E-5,4.9788476540186295,1.5972166587889147,-0.10527891561535657,0,3.1624668342782221E-2,2.5593143781247134E-3,0.81948955444925031,1.6678584444596705,0.58908764243377942,306.20114896732827,10.318174865212773,7.2145858865667645,6.4889060528399929,10.318174865212773,0.48253181585481492,6.3725481030186124,0,0,0.91600000000000004]
[9,6.6397552735098344,4.9159287629897754,1.0073920249202666,1.7915239782614978,1.5153505849389439,4.0791890911883391,9.1269437720680296E-5,7.2233865786728515,2.2662366513742191,0.58681901809425785,0,5.244592710070696E-2,4.159503242623791E-3,0.91067815319928258,2.0298063850145169,0.81968980412908543,303.92837950566843,14.689599734072369,8.2620500674225923,7.325517816567551,14.689599734072369,0.49173474495144237,6.9135517249483218,0,0,1.0592999999999999]
[10,7.2919326796929589,5.2135288846514776,0.99842215881258034,1.8133056448564799,1.612371580435348,5.2380492670894565,3.6234394248910781E-4,9.8201242625826932,3.0208808705242385,1.2440076022189621,0,7.9724162448987307E-2,6.1913224659207238E-3,0.97412883677596274,2.340324294605892,1.0811992818353693,301.67187227046389,19.641541348893693,9.2765662192211682,8.1260976294104825,19.641541348893693,0.49996708955510816,7.0783118336018518,0,0,1.2090000000000001]
[11,7.8538433162995034,5.5925111766213451,0.98319857468678395,1.7971598858626447,1.6319750803708319,6.445960297735124,1.1080084699240009E-3,12.734092034751885,3.8500045466470718,1.7484215795090048,0,0.11363551574741998,8.6419121286874911E-3,1.0353770786452703,2.5845489165747724,1.3726241670615158,299.43130307431744,25.096051765305784,10.257068090666188,8.8920808542019607,25.096051765305784,0.50741416035634024,7.0598859390127755,0,0,1.3651000000000002]
[12,8.3484608525644681,5.9809233361827285,0.96864130658527614,1.7697574344362113,1.6174438972763803,7.6881088103783961,2.8129861554381692E-3,15.932054480239561,4.7442319670872042,2.0840974102995338,0,0.15418004572811764,1.1489457402292565E-2,1.0867915800359402,2.7936490979237965,1.6926204826971212,297.20635454255091,30.983388036788615,11.203691007062872,9.6253375732158055,30.983388036788615,0.51421279239450457,6.9743474436972095,0,0,1.5276000000000003]
[13,8.7895967888693782,6.3626516304777017,0.95734330315992744,1.7435543518534971,1.5927816909925903,8.9543349682444493,6.2217145306342585E-3,19.383061022343405,5.6956291754750392,2.2817803279760898,0,0.20122164293218933,1.4707149560930055E-2,1.1349022084943132,2.9711389370573329,2.0394381044493919,294.99672326497847,37.24167834588966,12.117253670841265,10.327887501194931,37.24167834588966,0.52046690383605387,6.8803702763839656,0,0,1.6965000000000003]
[14,9.1857787143394667,6.7125260121196479,0.94981027732318879,1.7232179456878693,1.5691989166681475,10.237341075521421,1.2383686034215444E-2,23.058638228957129,6.6974020620742234,2.3832666822833835,0,0.2545236361374682,1.8265893468164332E-2,1.17787400108044,3.1285000025289893,2.4110327488429899,292.80212401777624,43.816284068903819,12.998950342643127,11.001750385868441,43.816284068903819,0.5262572744118601,6.8025967763056281,0,0,1.8718000000000001]
[15,9.5426149894226242,7.0270609060830029,0.9456671107057506,1.7096584991817398,1.5508961511190824,11.531401950766991,2.2688260976191865E-2,26.932788558254831,7.7436553736734233,2.4251438529430569,0,0.31377910611249499,2.2136092397327826E-2,1.2174186360464931,3.2684910028345753,2.8052082029442182,290.62229192972558,50.659066640668911,13.850165480014155,11.648869372435103,50.659066640668911,0.53164794269291349,6.7481836097229664,0,0,2.0535000000000001]
[16,9.8641244736224856,7.3026227048292096,0.94424839128336535,1.7022007992703512,1.538692649263566,12.831488673714814,3.8885986846169895E-2,30.981886310982976,8.8292121537024677,2.434163390926523,0,0.37863561657971467,2.6288776595822506E-2,1.2531772252327995,3.3950036354303359,3.2197354418138131,288.45698325334371,57.727655521683708,14.67236140107139,12.271074346909987,57.727655521683708,0.53669053473591244,6.7163615637347913,0,0,2.2416]
[16,0,0,0.39769120028771515,0.71691970591812615,0.64805461381599072,5.4042666942669797,1.6377697781626125E-2,13.048710135948538,3.7186189687106275,4.8566397107219732,7.4497302685123783,20.175484078558824,5.1368819615876626,0.52780344608127505,4.1203774145818599,1.3560631548691418,80,24.313285387768904,14.67236140107139,12.271074346909987,24.313285387768904,0.53669053473591244,2.8287449748446498,-1,0,2.2416]
[17,3.9676453418866462,2.8667225564718821,0.3677869969593891,0.71584416051788724,0.64522773532631361,5.9241257726527596,1.4270515376289251E-2,14.687396952027907,4.1560275574015648,3.3431109951424185,5.7122345729995976,16.047988171527358,3.3692660534961831,0.48335787065228408,2.7694863281212054,1.5247813930628729,79.406206177604062,27.127232849019542,16.514055395714418,14.112768341553016,27.127232849019542,0.54142628677877669,2.8734165847667859,0,0,2.4361000000000002]
[18,4.8701248338614622,3.8511880941817465,0.44655723663489433,0.66201659452690031,0.64425974446609857,6.5513558494414603,1.2249104724099819E-2,16.723209198095873,4.6950325896893483,2.4474021103374506,4.3799738568907456,12.785824579323556,2.212571349992289,0.67398431643162937,2.0543902434766048,1.7354599865367883,78.81678909847372,30.634532667009058,17.328126158509498,14.926839104348096,30.634532667009058,0.54589405295891558,2.9150833221732984,0,0,2.637]
[19,5.0111826852311641,3.7714310837804534,0.44707247229652786,0.80380302594280983,0.59581493507421035,7.1867896604849193,1.0602193902340155E-2,18.8276613211784,5.2502586314496229,1.8355318353097516,3.3584354322081769,10.210352698421573,1.4560038682575216,0.60392890446440217,1.9970837915162143,1.9542261265942915,78.231702617010995,34.224651698928426,18.115226165931478,15.713939111770076,34.224651698928426,0.55011988103790976,3.0644543328760312,0,0,2.8443000000000001]
[20,5.1362792436877971,4.034672137649685,0.45128272083072385,0.80473045013375022,0.72342272334852886,7.8292728115589112,9.2972610348997353E-3,20.991646598059365,5.8196842502335171,1.4302624649360709,2.57514974308959,8.1792675911456652,0.96146646234980571,0.66142149916775872,1.864493576624386,2.1800715486369588,77.650912206993979,37.882261519482455,18.876795926846508,16.475508872685104,37.882261519482455,0.55412865431129499,3.2781616507513132,0,0,3.0579999999999998]
[21,5.2468487563335149,3.9316917015024169,0.45502836411434955,0.812308897495303,0.72425740512037518,8.4777916120551424,8.3119373777049074E-3,23.206935804178265,6.4014892161842045,1.309135597874453,1.9745492605687009,6.5797754861413607,0.638529358837711,0.65257972457217583,1.8870891655313433,2.4120698205014937,77.074384016459263,41.593843974747891,19.614196521417771,17.212909467256367,41.593843974747891,0.55794159871993243,3.2976790498391106,0,0,3.2781000000000002]
[22,5.3441790385967938,4.039660834937945,0.45847150685519411,0.81905105540582923,0.7310780077457727,9.1314354029787914,7.6329175459898457E-3,25.466094102376783,6.9940307704614506,1.2343687900335769,1.5140264339481413,5.3224694652711975,0.42797581151629671,0.67455679107725031,1.8846723863133086,2.6493741057106077,76.502084841250635,45.347468951326618,20.328708022706881,17.927420968545476,45.347468951326618,0.56157696760784226,3.324939677934331,0,0,3.5046000000000004]
[23,5.429432328212874,4.0822204619359495,0.46157316092364709,0.82524871233934949,0.73714594986524629,9.7893718552923517,7.2549741164933713E-3,27.762403183721492,7.5958234932834499,1.1938251372139681,1.1609110435834424,4.3364765165002437,0.29102773026615436,0.67897027142714905,1.9164779320462635,2.891212989130695,75.933982094589595,49.132598942040339,21.021530696123396,18.620243641961991,49.132598942040339,0.56505057297033345,3.3495600887576096,0,0,3.7375000000000003]
[24,5.5036610917803497,4.1397659811144196,0.46431710091811834,0.83083168966256471,0.74272384110541456,10.450830591595784,7.1800511033442514E-3,30.089789827252652,8.2055220761158516,1.1734754776438339,0.89015252369111519,3.5656119745931667,0.20229057090268115,0.69018958081437609,1.93836481452293,3.136885331712123,75.370043774708407,52.939918449076394,21.693787855852381,19.292500801690977,52.939918449076394,0.56837620284958346,3.371825622721135,0,0,3.9768000000000008]
[25,5.5678205542986472,4.1765117450478,0.46669619703892407,0.83577078165261298,0.74774852069630826,11.11509213139391,7.4164166644854314E-3,32.442761143754389,8.8219064522840736,1.1650913514041672,0.68254283548531713,2.9653321923165525,0.14513360734682443,0.69619366478799649,1.9656994821925704,3.3857547599931705,74.810238431955739,56.761185602090109,22.346529654612901,19.945242600451497,56.761185602090109,0.57156595302970126,3.3915802826610895,0,0,4.2225000000000001]
[26,5.6227790295259421,4.211491594181811,0.46871081014616672,0.84005315467006336,0.75219370348735171,11.781480242346971,7.9778604066992227E-3,34.816346302453518,9.4438688638648181,1.1636286557771403,0.52335381844515527,2.5003197178204064,0.10866489976486876,0.70314334291989855,1.9878262486344287,3.6372441569594844,74.254535136329551,60.589103266996517,22.980737340386685,20.579450286225281,60.589103266996517,0.57463049335833838,3.4087650704357237,0,0,4.4746000000000006]
[27,5.6693267060963368,4.2363482481193584,0.4703669079563999,0.8436794582631002,0.75604783920305707,12.449356480078672,8.8829248658247179E-3,37.206044314117356,10.070402537909663,1.1660044756087327,0.40129235125055629,2.1425696657678048,8.5750475413507429E-2,0.70809618568745103,2.0088716137243736,3.8908303659776955,73.702903446065378,64.417207075751577,23.597327681732821,21.196040627571417,64.417207075751577,0.57757928359676969,3.4233747746910947,0,0,4.7331000000000003]
[28,5.7081832909636763,4.2562902542762204,0.47167454396623315,0.84666043432151983,0.75931151243679018,13.118116147689276,1.015416420807594E-2,39.607777351075725,10.70059171634948,1.1703353244705859,0.30769919984652894,1.8698732349838012,7.17172644343681E-2,0.71265003522596593,2.0264026531188759,4.1460392210551893,73.155313377675853,68.239768064227945,24.197157373600465,21.795870319439061,68.239768064227945,0.58042074987412751,3.4354458710906277,0,0,4.9980000000000002]
[29,5.740004761659085,4.2696358932956242,0.4726466412358678,0.84901417913921962,0.76199439088936782,13.78718519146952,1.1817426002880995E-2,42.017849063623643,11.333602836908335,1.1754740485198534,0.23593471764698357,1.6646159285487794,6.3503761908429171E-2,0.71612213731706587,2.0416483263360092,4.4024409552571395,72.611735377673114,72.051707888291162,24.781027308208969,22.379740254047565,72.051707888291162,0.58316243008101964,3.4450452855731339,0,0,5.2693000000000003]
[30,5.7653893905277425,4.2780535498727525,0.47329803956212418,0.85076395422456208,0.7641127612252977,14.456017729764838,1.3901154136155443E-2,44.432907368979272,11.968676701884158,1.1807269908215365,0.18090781847637555,1.5128251494301554,5.9103863886110428E-2,0.7189604105747649,2.0541744026168836,4.659646001692213,72.07214029609068,75.848524861603281,25.349686643449033,22.948399589287629,75.848524861603281,0.58581109454737068,3.4522614327592462,0,0,5.5470000000000006]
[31,5.7848831521227826,4.2814527895363481,0.47364476043162984,0.85193647121182359,0.76568755880210593,15.124094025391486,1.6435712643680447E-2,46.84991122424541,12.605121501471581,1.1856807656722528,0.13871480684267015,1.4034154076168515,5.7202676035863084E-2,0.72103859359449296,2.0644443291182517,4.9173011794353378,71.53649936184172,79.62622930726809,25.903836632718765,23.50254957855736,79.62622930726809,0.58837284688512892,3.4571971738207461,0,0,5.8311000000000002]
[32,5.7989845941335876,4.2805486657712342,0.47370344781212825,0.85256056877693376,0.76674282409064121,15.790918782853931,1.9452731521712129E-2,49.266100937876381,13.242306581138287,1.1900957873913334,0.10636244358842922,1.3275901214254326,5.6938027866078655E-2,0.72250940115274132,2.0724911683685003,5.1750862444583472,71.004784159896232,83.381286934269568,26.444134200622766,23.975291833621785,83.381286934269568,0.59085320878668401,3.4599643779865641,0,0,6.1216000000000008]
[33,5.8081492336456737,4.2755881608517212,0.47349094863349062,0.85266620606183086,0.76730451189924043,16.456019695477558,2.2984476484542309E-2,51.678971619028687,13.879656860355102,1.1938405554615379,8.155560075812901E-2,1.2783675109939765,5.774430055203493E-2,0.72337862483767501,2.0785598625459922,5.4327107794393923,70.476966610223784,87.110569138814895,26.971195262153454,24.418537895421206,87.110569138814895,0.59325719174989833,3.4606797839164813,0,0,6.4185000000000008]
[34,5.8127935289443098,4.2669944598849936,0.47302400295770919,0.85228370754028315,0.76739958545564779,17.118946194421902,2.7063245247736911E-2,54.086249407689884,14.516647824079794,1.1968508972407697,6.2534441581247241E-2,1.2502048293152344,5.9250155064773172E-2,0.72371871153951273,2.0827766712785887,5.6899113938717916,69.953018948425125,90.81130929248107,27.485597791257923,24.851366843172002,90.81130929248107,0.59558935807754154,3.4594618955031473,0,0,6.7218]
[35,5.8132984694718974,4.2550513527743457,0.47231901951014049,0.85144320532387652,0.76705533678625482,17.77926836772566,3.1720793274875272E-2,56.485870169042663,15.152801019756829,1.1991045489580201,4.7949574860910359E-2,1.2387005226043257,6.1211555376642787E-2,0.72356255464428898,2.085310869522992,5.9464492056900795,69.432913707962456,94.481064216611102,27.987884649692472,25.274271879312497,94.481064216611102,0.59785387302095661,3.4564286901714176,0,0,7.0315000000000012]
[36,5.8100128212243565,4.2400667464341995,0.4713919171418588,0.85017423511825285,0.76629888479148889,18.436576027091935,3.6987792081013098E-2,58.875960372455744,15.787680001892561,1.2006052043888822,3.6766327022443847E-2,1.2403581482277426,6.3467903883534862E-2,0.7229571325185753,2.0862930493374696,6.2021075767217395,68.916623703890423,98.117680158985848,28.478566189873192,25.687713519023255,98.117680158985848,0.60005454956798365,3.4516959590731013,0,0,7.3475999999999999]
[37,5.8032560608192636,4.2222959093222991,0.47025801686213536,0.84850545085534579,0.76515681160642757,19.090477905606225,4.2893323176948508E-2,61.254819908619197,16.420886673972493,1.2013724381298119,2.8191340729139064E-2,1.2523992353160596,6.5913311576029893E-2,0.7219371793606626,2.0858563624598485,6.4566900760554127,68.404122017987603,101.71926268746169,28.958122646786663,26.092122324258849,101.71926268746169,0.6021948870867081,3.4453761347358975,0,0,7.6700999999999997]
[38,5.7933210282127039,4.201984234686269,0.46893197238839068,0.8464644303518436,0.76365490576981121,19.740600972611311,4.9464410597615076E-2,63.620906627781586,17.052057983953176,1.2014352966329778,2.1616292854634685E-2,1.2726149331620287,6.8477779203970884E-2,0.72053879850114977,2.0841168230217209,6.7100186475188055,67.89538198518828,105.28414999877843,29.427006334431098,26.487901368016573,105.28414999877843,0.60427810480988597,3.4375774919911977,0,0,7.9990000000000006]
[39,5.7804763252017413,4.1793497125025736,0.46742772980453917,0.84407755029910325,0.76181798731665928,20.38658985355352,5.6725594712874347E-2,65.97282240802835,17.680862935033428,1.2008281957879912,1.6574739075618284E-2,1.2992484002642968,7.1114868826588129E-2,0.7187930658626549,2.0811842728021506,6.9619319596526754,67.39037718121692,108.81088921145124,29.885643662057632,26.875428458596449,108.81088921145124,0.60630717096543474,3.4284036326658245,0,0,8.3343000000000007]
[40,5.764968484387575,4.1545950859668137,0.46575850901890248,0.84136991364817049,0.75966979526919298,21.028106343405813,6.4698549692530222E-2,68.309300585402625,18.30699987808439,1.1995882810782075,1.2709023571815891E-2,1.3309015570707015,7.3793625855098799E-2,0.71672960252373485,2.0771580497390145,7.2122839187202716,66.889081411331702,112.29821527164283,30.334436984904961,27.255058150144759,112.29821527164283,0.60828482821535867,3.4179531842851691,0,0,8.6760000000000002]
[41,5.7470239309653923,4.1279047648871421,0.46393680135983073,0.83836531623402455,0.75723292228335348,21.664829002647632,7.3401746608386054E-2,70.629194597706501,18.93019405613056,1.1977537237716445,9.7449063549102568E-3,1.366461148948567,7.6493284837808484E-2,0.71437512967505312,2.072130267660329,7.4609423273261841,66.391468700088069,115.74503215182877,30.773766303324315,27.627123562696234,115.74503215182877,0.61021361595077805,3.4063196586866376,0,0,9.0241000000000007]
[42,5.7268507576651171,4.099449011233923,0.4619743789438247,0.83508624244769536,0.75452878461062212,22.296452824985664,8.2850163720763093E-2,72.931467711385594,19.550195374744913,1.195362622208646,7.4721082488638244E-3,1.4050401146479126,7.9199798501068855E-2,0.71175450200592016,2.0661852229895374,7.7077876731007615,65.897513282038574,119.1503960654193,31.203990823281725,27.991938032210609,119.1503960654193,0.61209588989819819,3.393591428755137,0,0,9.3786000000000005]
[43,5.7046403312194283,4.0693841831656767,0.45988231245766392,0.83155388209888426,0.7515776182029259,22.922688966165389,9.3055045028567152E-2,75.215183716258963,20.166776375230178,1.1924522983801311,5.7293933516976295E-3,1.4459310865652442,8.1903561068402048E-2,0.70889047405519023,2.0594006600438579,7.9527120336178179,65.407189593290468,122.51350045743779,31.625450390268764,28.349796608701144,122.51350045743779,0.6139338394170637,3.3798517911153101,0,0,9.7394999999999996]
[44,5.6805687469978547,4.0378546820927008,0.45767099478468098,0.82778816242379505,0.74839849388899582,23.543264523434932,0.10402370767272787,77.479498486306866,20.779730390082275,1.1890588554521277,4.3931307049075961E-3,1.4885695076550411,8.4597913958611104E-2,0.70580407467055384,2.0518480279038371,8.1956180852559655,64.920472263848168,125.83366256292871,32.038466807698001,28.700977418445099,125.83366256292871,0.61572950280740502,3.3651790901210044,0,0,10.106800000000002]
[45,5.6547981468230919,4.0049938129851563,0.45535016851606325,0.82380779061242582,0.74500934618141557,24.157922355517282,0.1157593982830995,79.723652316499042,21.388869862524533,1.1852169092481082,3.3685237172070594E-3,1.5325043716859876,8.7278164112251311E-2,0.70251465425466053,2.0435931653996726,8.4364182050930392,64.437336110672874,129.11031135179695,32.4433450499331,29.045742904413931,129.11031135179695,0.61748478089615766,3.3496468843091081,0,0,10.480500000000001]
[46,5.6274779135004902,3.9709249809122982,0.45292895586199783,0.81963030332891385,0.74142701155118329,24.766420933340164,0.12826119785819973,81.946962955950752,21.994024813909686,1.180959436666831,2.5828851440069171E-3,1.5773750070761803,8.994093827948689E-2,0.69904007454346417,2.0346967007738339,8.6750336561496351,63.957756131396778,132.34297670196449,32.84037437922327,29.384340957436109,132.34297670196449,0.61920144912936914,3.3333241410078438,0,0,10.860600000000002]
[47,5.5987457542640531,3.9357625367336579,0.45041588984687159,0.81527212055159604,0.73766727299602253,25.368534212269537,0.14152397427435015,84.148819266734236,22.595041444553196,1.176317703171367,1.9804805390127985E-3,1.6228926522494203,9.2583757557508389E-2,0.69539680796849601,2.0252145281866367,8.9113938473863552,63.481707498634094,135.53127966268352,33.229829374987162,29.717005949178585,135.53127966268352,0.62088116836325669,3.3162754482876551,0,0,11.2471]
[48,5.5687286841007921,3.8996126367629715,0.44781894595562277,0.8107486017243688,0.73374490849643648,25.964051517181822,0.15553838104382936,86.328675445595707,23.191780855114622,1.1713212438675897,1.5185743642180014E-3,1.668825830152846,9.5204756382766667E-2,0.6916000648390066,2.0151981854823298,9.1454356608214553,63.009165554835938,138.67492368702347,33.611970883126588,30.043959676781071,138.67492368702347,0.62252549451861661,3.2985612361470333,0,0,11.64]
[49,5.5375439188197699,3.8625739526415446,0.44514557361914991,0.80607410272012103,0.72967374155193188,26.552777432382562,0.17029090048822701,88.486045752792364,23.784117877015159,1.1659978807981068,1.1643982630647827E-3,1.7149887353794708,9.7802496323923321E-2,0.6876638908380277,2.0046952262900284,9.3771028389862305,62.540105807640188,141.77368672739709,33.987046892346775,30.365412227877691,141.77368672739709,0.62413588723931279,3.2802380009127243,0,0,12.039300000000001]
[50,5.5052996867272572,3.82473832969404,0.44240272709551648,0.80126203251446992,0.72546669244810891,27.134531689119147,0.18576392907018374,90.620499698384904,24.371940001590737,1.1603737644609029,8.9282642126417826E-4,1.7612320104374257,0.10037584214108497,0.68360126505335406,1.993749544876255,9.6063454266861008,62.074503925671578,144.82741410083418,34.355293343815383,30.681562773773706,144.82741410083418,0.62571371767565753,3.2613585284377011,0,0,12.445]
[51,5.4720959668666982,3.7861913590930287,0.43959689543364128,0.79632490877192974,0.721135829263023,27.709149044226482,0.20193590224044389,92.731657641710228,24.955146398752049,1.1544734311854055,6.8459310168435901E-4,1.807435416962929,0.10292387878908879,0.67942418476715405,1.9824016791206336,9.8331192616979237,61.612335734751049,147.83601204185209,34.716934879905423,30.992600297695176,147.83601204185209,0.62726027549673136,3.2419721129149921,0,0,12.857099999999999]
[52,5.4380251609753021,3.7470128939751151,0.43673413130603783,0.79127441178055435,0.71669241789473681,28.27647914427185,0.21878145581328157,94.819186764511016,25.533647016873505,1.1483198704774293,5.2492590240576804E-4,1.8535020101126634,0.10544585538648878,0.67514374510382447,1.9706890831286352,10.057385509618957,61.153577214476712,150.79944187045345,35.072185537233722,31.29870426428074,150.79944187045345,0.62877677522153486,3.2221247690690209,0,0,13.275600000000001]
[53,5.4031727055724001,3.7072775057988983,0.43382007857224736,0.78612143635086817,0.71214697060249899,28.836386370410867,0.2362716205865836,96.882797382391189,26.107361756476145,1.1419345981627655,4.0249777910200836E-4,1.8993535055570283,0.10794114698235975,0.6707702105825839,1.9586463775574816,10.279110238599131,60.698204495142107,153.7177147112082,35.421249388722224,31.600045235824428,153.7177147112082,0.63026436194687363,3.2018594362060355,0,0,13.700500000000002]
[54,5.3676176299473486,3.6670548929129039,0.43085999849255641,0.78087614143004525,0.70750929271578133,29.388749660017346,0.25437404667716496,98.922239562973317,26.676219711019524,1.1353377323683282,3.0862348655224023E-4,1.9449265928417554,0.11040922810461032,0.66631308104508213,1.946305577101467,10.498264030144584,60.246193854960282,156.59088670673103,35.76432113897198,31.896785440196343,156.59088670673103,0.63172411653967064,3.1812161731517277,0,0,14.131800000000002]
[55,5.3314330652273281,3.6264102443644228,0.42785879455451559,0.77554799728660151,0.70278852728704078,29.933462301990385,0.27305325385008816,100.93730002241605,27.240158468785086,1.1285480702410824,2.3664343357164512E-4,1.9901699998842923,0.11284965413845463,0.66178115162136297,1.9336962985763275,10.71482162258396,59.797521717564948,159.41905467529372,36.101586676843255,32.189079294853109,159.41905467529372,0.63315706035270458,3.1602323435159576,0,0,14.5695]
[56,5.2946867091692145,3.5854045654686315,0.4248210359058327,0.7701458301981281,0.69799319755794142,30.470431703458761,0.29227090398454714,102.92779927485242,27.799123470427091,1.1215831639243545,1.8145124105160598E-4,2.0350421537945862,0.1152620479371167,0.65718256771277728,1.9208459507486817,10.928761584145507,59.352164649762479,162.20235216793239,36.433223588777338,32.477073890894303,162.20235216793239,0.63456415951532286,3.1389427910322785,0,0,15.0136]
[57,5.2574412508708299,3.5440949690712129,0.42175097941248518,0.7646778646304988,0.69313124717831531,30.999579126386944,0.3119860917393017,104.89358901189627,28.353067417299112,1.1144593947630301,1.3913148732774757E-4,2.0795093152508475,0.1176460899541189,0.65252487523868496,1.9077799079285329,11.140066012909978,58.910099359510696,164.94094588535515,36.759401636072788,32.760909440718081,164.94094588535515,0.63594632884428981,3.1173800049478793,0,0,15.464100000000002]
[58,5.2197547591505273,3.5025349369425696,0.41865259037546637,0.75915176294247333,0.68821007816744895,31.520839393324444,0.33215564945681036,106.83454969165123,28.901949726136706,1.1071920450377519,1.0668194195776129E-4,2.1235440890593615,0.12000151076847526,0.6478150666842456,1.8945216686637232,11.348720261184162,58.471302694102633,167.63503241928427,37.080283199036693,33.040719692470503,167.63503241928427,0.63730443541442761,3.0955742756047497,0,0,15.921000000000001]
[59,5.1816810379827825,3.4607745548106168,0.41552956195274809,0.7535746626758395,0.68323658664822595,32.034160562226049,0.35273446237602391,108.75058831869822,29.445736026100924,1.0997953667704681,8.1800582732715336E-5,2.1671242336616099,0.1223280852560627,0.64305962328044541,1.8810930009849556,11.554712682089152,58.035751638535181,170.28483528668792,37.396023690668386,33.316632314165652,170.28483528668792,0.63863930182395889,3.0735538404720142,0,0,16.384300000000003]
[60,5.1432699520367002,3.4188607243828288,0.41238533334048877,0.74795321151494654,0.67821719640825551,32.539503570896436,0.37367579030653342,110.64163639835621,29.98439769456704,1.0922826473234253,6.2722286570871715E-5,2.2102317083126226,0.12462562791120968,0.63826455369224078,1.8675140753934467,11.758034396378857,57.603423314044448,172.89060222872322,37.706771942294793,33.588769250070129,172.89060222872322,0.63995170918535171,3.0513450209689896,0,0,16.854000000000003]
[61,5.1045677250594217,3.3768373552221602,0.40922310677218543,0.74229360001287981,0.67315789036345186,33.036841852173133,0.394931592047921,112.50764805013111,30.517911428382579,1.0846662716425759,4.8093608887032477E-5,2.2528519093103383,0.12689398898759413,0.63343542951588439,1.8538035867272153,11.958679077701118,57.174294976791096,175.45260274918243,38.012670563361915,33.857247051693776,175.45260274918243,0.64124239986890341,3.02897235047491,0,0,17.330100000000002]
[62,5.0656172135769442,3.3347455390756098,0.40604586339718174,0.73660159218993382,0.66806424001159181,33.526160921454057,0.41645284901344459,114.34859826671635,31.046258847623914,1.076957781093373,3.6876768087294292E-5,2.2949730566881938,0.12913305123603436,0.62857741787718802,1.8399788659028899,12.156642754689365,56.748344016680591,177.97112586986458,38.313856277392745,34.122177185503659,177.97112586986458,0.64251208002319393,3.0064586939528364,0,0,17.8126]
[63,5.02645815813867,3.2926237089194652,0.40285637810055536,0.73088255411492709,0.66294143297094044,34.007457938597092,0.4381898847315131,116.16448130620215,31.569426129154294,1.0691679289064009,2.8276023697002217E-5,2.3365857007400921,0.13134272708849309,0.62369531138422596,1.8260559824491693,12.351923628429063,56.325547956304369,180.44647808261868,38.610460235945887,34.383666319277225,180.44647808261868,0.64376142189383945,2.9838253596315543,0,0,18.301500000000001]
[64,4.9871274141265385,3.2505077847437809,0.39965723332712816,0.7251414805809997,0.65779429870343442,34.480741246570545,0.46009267714643748,117.95530920631421,32.08740366753355,1.0613067322999354,2.1681225269545955E-5,2.3776823240556739,0.13352295618495902,0.61879355567124761,1.8120498386519401,12.544521903983492,55.905884449989429,182.87898147987755,38.902608312250749,34.641816588831361,182.87898147987755,0.6449910659596112,2.9610922031954683,0,0,18.796800000000001]
[65,4.9476591639389493,3.208431307823612,0.39645083196975262,0.7193830199888307,0.65262733252289973,34.946029889512708,0.48211116091529582,119.72111041053924,32.600185761050632,1.053383521380532,1.6624527346065099E-5,2.4182570197482924,0.13567370317138835,0.61387627474172435,1.7979742560598027,12.734439634788059,55.489331282944732,185.26897204732958,39.190421376051141,34.896725846702921,185.26897204732958,0.64620162290291538,2.9382777249288332,0,0,19.298500000000001]
[66,4.9080851121912286,3.1664255650174153,0.39323940938077123,0.71361149754555475,0.64744471798994763,35.403353113070665,0.50419551719456901,121.46192849692743,33.10777032084988,1.0454069849465195,1.2747199756660898E-5,2.458305230526741,0.13779495571782741,0.60894729430316508,1.7838420550212919,12.921680578834252,55.075866370494019,187.61679810400909,39.474015551058578,35.148487894212138,187.61679810400909,0.64739367542981197,2.9153991602505585,0,0,19.806600000000003]
[67,4.8684346654298754,3.1245197044340474,0.3900250445642961,0.70783093688538823,0.64225034779099932,35.852749850036233,0.52629644872243286,123.17782100120623,33.610158601303517,1.0373852133353867,9.7741787332483808E-6,2.4978235364112962,0.13988672271999772,0.60401016326849466,1.7696651278649678,13.106250065665272,54.6654677573854,189.92281887654593,39.753502456299003,35.397192698211079,189.92281887654593,0.64856777995315329,2.892472564061439,0,0,20.321100000000001]
[68,4.8287350976881651,3.0827408436008499,0.3868096706018857,0.70204508021573309,0.63704784319684937,36.294268194380763,0.54836543832328999,124.86885832658639,34.107354949943471,1.0293257384623924,7.4945534496362202E-6,2.5368094813926376,0.14194903265712025,0.59906817357724562,1.7554545062779265,13.288154873294557,54.258113617169144,192.18740319560149,40.028989432528896,35.64292659370242,192.18740319560149,0.64972446815101259,2.8695128893089268,0,0,20.842000000000002]
[69,4.7890117031174739,3.0411141711397169,0.38359508436442397,0.69625740708339423,0.63184057219415979,36.727964866821004,0.57035498928560469,126.53512273332845,34.599366575414614,1.0212355712033521,5.7466036730420021E-6,2.5752614313151874,0.14398193208530444,0.59412437848425215,1.7412204233792732,13.467403114240165,53.853782251635636,194.41092830368731,40.300579754799891,35.885772473409659,194.41092830368731,0.65086424841133017,2.8465340601558671,0,0,21.369300000000003]
[70,4.7492879367917009,2.9996630427748512,0.38038295555807417,0.69047115185596319,0.62663166637505485,37.153904675025245,0.59221884638572786,128.17670740174754,35.086203332043731,1.0131212362748558,4.4063270743132483E-6,2.6131784568401577,0.14598548425034835,0.58918160944159936,1.7269723709484293,13.644004129940416,53.452452090306387,196.59377876459362,40.568372832162403,36.125809965284766,196.59377876459362,0.65198760717260329,2.8235490401180785,0,0,21.903000000000002]
[71,4.7095855446812411,2.9584090723814933,0.37717483514960704,0.68468932000453353,0.62142403667036694,37.572159971500604,0.61391219664455754,129.79371556288524,35.567877519738225,1.0049888047611137,3.3786423060472018E-6,2.6505602365932459,0.14795976780699505,0.58424249169246689,1.712719152217645,13.817968392881475,53.054101689971517,198.73634546557892,40.83246439541842,36.363115598854762,198.73634546557892,0.65309501016946836,2.8005698955170955,0,0,22.443100000000001]
[72,4.6699246837222841,2.9173722186802467,0.37397216321540383,0.67891470326929271,0.61622038800408019,37.982810112096097,0.63539184920655534,131.3862596915844,36.04440369803968,0.99684392443572056,2.5906437810205191E-6,2.6874069765942989,0.14990487563398908,0.57930945868649386,1.6984689306031699,13.989307415827435,52.658709734267809,200.83902470431499,41.092946673760501,36.59776296123124,200.83902470431499,0.65418690359116038,2.7776078545720404,0,0,22.989599999999999]
[73,4.6303240327871649,2.8765708680440865,0.37077627625252529,0.67314989378772694,0.61102323294236349,38.385940917912876,0.65661639401654215,132.95446075714571,36.515798513253863,0.98869184801841814,1.9864296342137046E-6,2.7237193428547153,0.1518209137359719,0.5743847654089137,1.6842292747192622,14.15803366759582,52.266255033291891,202.90221735331241,41.349908561067402,36.829822843537599,202.90221735331241,0.6552637151600611,2.7546733624349184,0,0,23.542500000000004]
[74,4.5908008953287105,2.8360219138488967,0.36758841399132341,0.66739729725454555,0.60583490440895427,38.781644143245721,0.67754633923744667,134.49844752716405,36.982080537671216,0.98053745950234483,1.5231359558541865E-6,2.7594984046548325,0.15370800022452552,0.56947050071875804,1.6700071999786164,14.324160494870627,51.87671652324368,204.92632809523826,41.603435772565774,37.05936337844539,204.92632809523826,0.65632585513686026,2.7317761324556105,0,0,24.101800000000001]
[75,4.5513712943649356,2.7957408326648876,0.36440972574310077,0.66165914518438218,0.60065756752909105,39.170016951986874,0.69814422759718275,136.018355920506,37.443270119971451,0.97238529868092871,1.1678959576809564E-6,2.7947455865113948,0.15556626437163507,0.56456859877036281,1.6558092070678729,14.487702049587806,51.490073266095692,206.9117647231285,41.853610992512444,37.286450169454525,206.9117647231285,0.65737371725824312,2.7089251939406047,0,0,24.6675]
[76,4.512050060439984,2.7557417575733263,0.36124127631667952,0.65593750633758141,0.59549323066594395,39.55116140471651,0.71837473207488145,137.51432840573227,37.89938924598161,0.96423958399514742,8.9550835086326035E-7,2.8294626272422874,0.15739584572970838,0.55968084959761866,1.6416413175481233,14.648673221468124,51.106304449284082,208.85893750004871,42.100514013500529,37.511146412499784,208.85893750004871,0.65840767961246671,2.686128936655714,0,0,25.239599999999999]
[77,4.4728509131186858,2.7160375487938504,0.35808405153339334,0.65023429737002314,0.59034375570382325,39.925183958483707,0.73820473153307187,138.98651344157039,38.350461409023467,0.95610423381716569,6.866495266052692E-7,2.8636515448500326,0.15919689331282938,0.55480890892341017,1.6275091068195271,14.807089575307694,50.72538938541792,210.76825857324081,42.34422186794712,37.733513010419387,210.76825857324081,0.65942810545769792,2.6633951523013435,0,0,25.818100000000001]
[78,4.4337865365417706,2.6766398617997842,0.35493896336962477,0.64455129276010803,0.58521086763302088,40.292194981056262,0.7576033670735467,140.43506495632511,38.796511489148742,0.94798288627737737,5.2650270869359445E-7,2.8973146061973054,0.16096956483451913,0.54995430725977346,1.6134177346584881,14.962967292669335,50.347307512003368,212.64014143824113,42.584808952277299,37.953608680778331,212.64014143824113,0.66043534398754544,2.6407310731767315,0,0,26.403000000000002]
[79,4.3948686495105012,2.6375592130321754,0.35180685475283752,0.63889013406532458,0.5800961634840972,40.652308281188525,0.77654208003947234,141.86014186336516,39.237565640616296,0.93987891773654497,4.03706827895401E-7,2.9304543006478654,0.16271402599772991,0.54511845835210526,1.5993719735257343,15.1163231176472,49.972038391179744,214.47500044885075,42.822347144280954,38.171490057500222,214.47500044885075,0.66142973104782343,2.6181434082320019,0,0,26.994299999999999]
[80,4.356108070526739,2.5988050433038383,0.34868850403506824,0.63325233855510754,0.57500112065879216,41.005640656228302,0.79499463270544324,143.26190761005307,39.673651187016141,0.93179545999692537,3.0955054968998255E-7,2.9630733170056702,0.16443044983316366,0.54030266701903329,1.5853762348205103,15.267174306403671,49.599561709464886,216.27325036919822,43.056905914083323,38.387211786726127,216.27325036919822,0.6624115898082259,2.5956383766936035,0,0,27.591999999999999]
[81,4.3175147781960899,2.5603857789724165,0.34558462916768834,0.62763930726312278,0.56992710469959684,41.352311458162028,0.81293711279204683,144.64052975770082,40.104796523493384,0.92373541634192236,2.3735427838291943E-7,2.9951745232122859,0.16611901608234281,0.53550813643716044,1.5714345932423948,15.415538580202524,49.229857277507378,218.03530596446774,43.288552429137539,38.600826617286089,218.03530596446774,0.66338123139227856,2.5732217394346049,0,0,28.196100000000001]
[82,4.2790979673443719,2.5223088909183415,0.34249589159751931,0.622052332501839,0.56487537653681053,41.692442178980571,0.8303479230119033,145.99617959032003,40.531031025566698,0.91570147648580213,1.819962959946233E-7,3.0267609483652489,0.1677799106222308,0.5307359749105155,1.5575508094120902,15.56143408168403,48.862905029843489,219.76158162715703,43.517351653617766,38.812385486139931,219.76158162715703,0.66433895546863209,2.5508988282497671,0,0,28.8066]
[83,4.240866101177577,2.4845809513685078,0.33942289990386409,0.61649260487553481,0.5598470992516551,42.026156056042154,0.84720775690256522,147.32903175011171,40.952384964075101,0.90769613050989806,1.3954941946454554E-7,3.0578357667006335,0.16941332492837985,0.52598720216558992,1.5437283508835766,15.704879334147922,48.498685024656886,221.45249103599474,43.743366442564032,39.021937599116406,221.45249103599474,0.6652850508065179,2.5286745731834896,0,0,29.423500000000004]
[84,4.2028269597989834,2.4472076885989962,0.33636621319548765,0.61096121982695539,0.55484334438798133,42.35357769791495,0.86349956222984214,148.63926389780423,41.36888942582388,0.89972168185813139,1.0700240005690557E-7,3.0884022832487741,0.17101945557387177,0.52126275520935506,1.5299704116725017,15.845893203629167,48.13717744353945,223.1084468449007,43.966657631104702,39.229530507255468,223.1084468449007,0.66621979579793522,2.5065535280468119,0,0,30.046800000000001]
[85,4.1649876853472225,2.4101940395232146,0.33332634428315272,0.60545918375187779,0.54986509784425985,42.674832730999256,0.87920849325365347,149.92705639608877,41.780576239531669,0.89178025945678674,8.2046300599960367E-8,3.1184639209247695,0.17259850376155725,0.51656349378015476,1.5162799304168333,15.984494863567653,47.778362591251565,224.72986039958229,44.18728411905937,39.435210179035558,224.72986039958229,0.66714345894893567,2.4845398942513608,0,0,30.676500000000001]
[86,4.1273548240190312,2.3735442001958669,0.33030376264413236,0.59998741970967484,0.54491326537669005,42.990047467062041,0.89432185314099577,151.19259201453951,42.187477906711941,0.88387382902050571,6.2910695821393609E-8,3.1480242088571551,0.17415067488726299,0.51189020542520736,1.5026596072703122,16.12070376188878,47.422220895480599,226.31714147956851,44.405302951203694,39.639021068747155,226.31714147956851,0.66805629934217292,2.4626375430783742,0,0,31.312600000000003]
[87,4.089934365208693,2.3372616742416374,0.3272988971929654,0.59454677275943824,0.5399886777387074,43.29934859166341,0.90882902778787633,152.43605565452791,42.589627537149511,0.8760042036025355,4.8238075571853673E-8,3.1770867717918856,0.17567617813179967,0.50724361023064601,1.4891119196275611,16.254539590326011,47.068732906596345,227.87069806366489,44.620769393457955,39.841006181254748,227.87069806366489,0.66895856707271217,2.4408500364910077,0,0,31.955100000000002]
[88,4.0527317779715499,2.3013493192219725,0.32431213887126892,0.58913801494733775,0.53509209548349446,43.602862873315622,0.92272141227629101,153.65763409274916,42.987058788657087,0.86817305344120488,3.6987540902139719E-8,3.2056553204370575,0.17717522607985281,0.50262436522942466,1.4756391367671984,16.386022255828895,46.71787929740232,229.39093611697436,44.833737005243087,40.041207133371977,229.39093611697436,0.66985050365893195,2.4191806465918306,0,0,32.604000000000006]
[89,4.0157520450214985,2.2658093909715005,0.32134384307013097,0.58376184996828406,0.53022421345260395,43.900716893093119,0.93599233114646319,154.85751574208825,43.37980581082185,0.86038191515302942,2.8360961041027006E-8,3.2337336426347791,0.17864803436387006,0.49803306851321005,1.4622433334923923,16.515171853912655,46.369640862882051,230.87825939778907,45.044257708231299,40.239664212058671,230.87825939778907,0.67073234243020807,2.3976323738189649,0,0,33.259300000000003]
[90,3.9789996944337318,2.2306435859125493,0.31839433189570698,0.57841891752623575,0.52538566497145567,44.193036794302564,0.94863695360890909,156.03589042864323,43.767903192471998,0.85263220031756748,2.174635273263383E-8,3.2613255952654567,0.18009482133128316,0.49347026306683184,1.4489264028461633,16.642008643815675,46.023998519939482,232.33306928279043,45.252381851702822,40.436416429633617,232.33306928279043,0.67160430889293665,2.3762079639679787,0,0,33.921000000000006]
[91,3.9424788292216704,2.195853081380549,0.31546389628894056,0.57310979741227253,0.5205770257736122,44.479948051728201,0.960652204758627,157.19294918381058,44.151385912613314,0.84492520349605449,1.6674465173730448E-8,3.2884350968042879,0.1815158077335105,0.48893644034723815,1.4356900679664062,16.766553025341338,45.680933307132825,233.755764609122,45.458158274706179,40.631501576183389,233.755764609122,0.67246662107633148,2.3549099241207951,0,0,34.589100000000002]
[92,3.9061931549456244,2.1614385739899129,0.3125527980096392,0.56783501332009301,0.5157988176710453,44.761575259887515,0.97203667378612035,158.32888405042019,44.530289294604245,0.83726210972434922,1.2785490617592625E-8,3.3150661204615197,0.18291121643528019,0.48443204362512204,1.4225358931447323,16.888825517269936,45.340426384401219,235.14674153201747,45.661634365206403,40.824956269335239,235.14674153201747,0.67331948985932344,2.3337405375551827,0,0,35.263600000000004]
[93,3.8701460054901116,2.1274003160718991,0.30966127149371314,0.56259503641735065,0.51105151198808374,45.038041939665028,0.98279052010823398,159.44388790197831,44.904648963354219,0.82964400151573692,9.8035390418448701E-9,3.3412226878479374,0.18428127214292944,0.47995747110545373,1.4094652941471546,17.008846737234599,45.002459032783698,236.50639339676917,45.862856116392841,41.016816001550005,236.50639339676917,0.674163119279787,2.3127018777050048,0,0,35.944500000000005]
[94,3.8343403671404257,2.0937381502235128,0.306789525592148,0.55739028868868368,0.5063355327756156,45.309470362637121,0.99291537826785969,160.53815427414528,45.274500805345212,0.8220718654076018,7.5170660727505993E-9,3.3669088631151043,0.18562620115042811,0.47551307884297234,1.3964795478488148,17.126637382962912,44.667012654130033,237.8351106239185,46.061868180307883,41.207115185081079,237.8351106239185,0.67499770682722893,2.2917958212352518,0,0,36.631799999999998]
[95,3.7987789010905448,2.0604515420205951,0.30393774520063116,0.55222114606586636,0.50165125981981529,45.575981392358351,1.0024142623770411,161.61187720764153,45.639880931292168,0.81454659808387309,5.7638656918598386E-9,3.392128747526872,0.18694623110199238,0.47109918346906887,1.3835798012318894,17.242218214793493,44.334068770803093,239.13328060664554,46.258713918946398,41.395887194734797,239.13328060664554,0.67582344371998848,2.2710240602922052,0,0,37.325500000000005]
[96,3.7634639644661689,2.0275396109129398,0.30110609278485539,0.54708794136113603,0.49699903145927976,45.837694341845207,1.0112914708018361,162.66525110182175,46.000825641267781,0.80706901210124304,4.4195630838245978E-9,3.416886474423789,0.1882415907701917,0.46671606473733174,1.3707670797949101,17.355610039382103,44.003609025372413,240.4012876193984,46.453435452967014,41.583164408559504,240.4012876193984,0.6766405151679229,2.2503881139831812,0,0,38.025600000000004]
[97,3.7283976300030144,1.9950011593958834,0.29829470981161427,0.54199096701273974,0.49237914722502246,46.094726846472895,1.0195524917149517,163.69847057822619,46.357371392133494,0.79963984124758702,3.3887912897572361E-9,3.4411862045472885,0.18951250984858353,0.46236396791010559,1.3580422954075544,17.46683369451965,43.675615180298713,241.63951273690057,46.646073708146517,41.768978246581177,241.63951273690057,0.677449100621481,2.2298893391384729,0,0,38.732100000000003]
[98,3.6935817044405272,1.9628347004638975,0.29550371808897474,0.53693047766090563,0.48779187031146576,46.347194751483919,1.0272039100684576,164.7117303534522,46.709554767125894,0.79225974555706657,2.5984257239284793E-9,3.4650321216933175,0.1907592187578758,0.45804310598600428,1.3454062536607845,17.575910034988393,43.350069117609294,242.84833376272184,46.836668459701023,41.953359207696437,242.84833376272184,0.67824937400800112,2.2095289404015137,0,0,39.445]
[99,3.6590177457380477,1.9310384834381722,0.29273322102321947,0.53190669256015455,0.48323742989481505,46.595212013302415,1.0342533164701333,165.70522512074231,47.05741244746001,0.78492931600407423,1.9923965996905414E-9,3.4884284286700726,0.19198194846484284,0.45375366178825416,1.3328596607361829,17.68285991938863,43.026952838564043,244.02812516667038,47.025258374589363,42.136336904826244,244.02812516667038,0.67904150395601415,2.1893079796942514,0,0,40.164300000000004]
[100,3.6247070791975986,1.8996105182130263,0.28998330479822726,0.52691979784179499,0.47871602330413909,46.838890613848669,1.0407092183805668,166.67914943972912,47.400981185821024,0.77764907890026347,1.5277112498935893E-9,3.5113793435359328,0.19318093031314196,0.44949578991953776,1.320403129835749,17.787704197873115,42.706248463312065,245.17925803032509,47.211881051907106,42.317940098427094,245.17925803032509,0.67982565400827399,2.1692273850963293,0,0,40.89]
[100,0,0,0,0,0,0,0,0,0,2.0732682048444246,47.879599833756949,31.181407389176272,47.594162116134164,0,1.7698989197552868,0,0,0,0,0,0,0.67982565400827399,0,-1,156.79682559196189,40.89]
[0,0,0,1.3975000000000001E-3,0,0,0,0,7.0687499999999993E-4,0,2.0732682048444246,47.879599833756949,31.181407389176272,47.594162116134164,3.5750000000000002E-4,1.7698989197552868,2.3562499999999999E-4,325,0,0.2,0,0,0,2.3926282280697432E-3,-1,0,40.89]
[1,1.4080569164562462E-2,1.5107991713675162E-2,3.8285146607201772E-3,2.5155000000000004E-3,0,2.6151543280775822E-3,0,3.5166276309333928E-3,1.0866532247879503E-3,1.2545968156893572,36.712672224894767,24.706439275234256,31.164753015443214,2.9587675245808633E-3,0.85008773148253769,7.5881112372673987E-4,322.58850000000001,1.0860476971666852E-2,0.37885773264388439,0.17885773264388438,1.0860476971666852E-2,0.32380047765007741,1.0860381977263987E-2,0,0,34.246298944606913]
[2,9.1276543044432362E-2,9.2781328412002012E-2,2.491710733072585E-2,6.8913263892963188E-3,2.2639500000000003E-3,1.9453453551978257E-2,7.5087562820451048E-19,2.2029800998778489E-2,8.1622084010749257E-3,0.75705946097709176,28.150199804767265,19.57608353362847,20.406748174708127,1.882276331681448E-2,0.41248026239848939,4.1301989669367354E-3,320.19489333000001,5.8781145350327663E-2,0.92832623252620261,0.72832623252620265,5.8781145350327663E-2,0.37477665444393538,5.8279816677265325E-2,0,0,28.718584973044457]
[3,0.22354226552671799,0.21899026949353881,5.902631860409039E-2,4.4850793195306535E-2,6.2021937503666871E-3,6.0196574818454113E-2,5.5143008845428744E-15,6.9152474616680476E-2,2.5754139565130611E-2,0.4415470389218677,21.58474720102155,15.511230176005295,13.362398493492002,4.0040594648373451E-2,0.22622467092649662,1.2251740448664172E-2,317.81904722149142,0.17031664960952522,1.8027903589538594,1.6027903589538595,0.17031664960952522,0.40602298586322716,0.18799523289146089,0,0,24.124076039572437]
[4,0.38835739842437855,0.37519202577653776,9.7544427884992291E-2,0.10624737348736271,4.036571387577588E-2,0.12996271214037247,8.6260569514752532E-13,0.15645514268569793,5.7214213798140193E-2,0.23089768571330729,16.550550794069562,12.290780313553807,8.7497717044214767,6.4980534815466423E-2,0.16864873401727853,2.6001298620511364E-2,315.46082989093134,0.36521351537127128,2.8331490666844705,2.6331490666844708,0.36521351537127128,0.42839362756509075,0.41610000848762962,0,0,20.310099746203242]
[5,2.2020293243592399,2.2010637021713579,0.52845450370801383,0.17557997019298613,9.5622636138626441E-2,0.52000456473132584,1.0401366099721838E-10,0.69652150844607141,0.2434093466816919,0.11280253894388453,12.690476707279325,9.7405162299013437,5.7295415878353495,0.44174990782385726,0.17842219455149333,0.10200284525034506,313.12010927629177,1.5623688866918377,3.9272717586859458,3.7272717586859461,1.5623688866918377,0.44581117454334818,1.3426524240548505,0,0,17.1491333867931]
[6,3.683464401631833,3.4236146330581096,0.78916284742690956,0.95121810667442497,0.15802197317368752,1.1634760809833191,4.337084444474457E-8,1.6860784987811412,0.57050058364794132,-0.24126193972263638,9.7306851634029208,7.7233138056938522,3.7522008747884819,0.55658760261904761,0.74826751512050271,0.22634843129512661,310.79673399564433,3.6649533548423863,5.0371093276046501,4.707791064530114,3.6649533548423863,0.46005455882634344,3.1273116105907111,0,0,14.534661043621561]
[7,4.8962573031323799,4.5546029377279496,0.9354015956413233,1.4204931253684374,0.85609629600698245,2.0050281020935135,1.4428102875633689E-6,3.1219718257684059,1.026969626242952,-0.52431143416544868,7.4612038565073915,6.1304453024130616,2.457928366316402,0.73313465525951937,1.1940498111864128,0.39050511343372307,308.49050054716633,6.6129666699320167,6.1373318115305562,5.6158051977787489,6.6129666699320167,0.47209852727119533,5.223032866713619,0,0,12.377713143575612]
[8,5.8598455022018889,4.6457344396984919,0.99529109903416535,1.683722872154382,1.2784438128315938,2.9911243551680808,1.5625811955091565E-5,4.9788476540186295,1.5972166587889147,-6.7734985368928691E-2,5.7210321836055122,4.8756887784400611,1.6111061706081717,0.81948955444925031,1.6728458922587572,0.58908764243377942,306.20114896732827,10.318174865212773,7.2145858865667645,6.4889060528399929,10.318174865212773,0.48253181585481492,6.3725481030186124,0,0,10.603976052511959]
[9,6.6397552735098344,4.9159287629897754,1.0073920249202666,1.7915239782614978,1.5153505849389439,4.0791890911883391,9.1269437720680296E-5,7.2233865786728515,2.2662366513742191,0.60955822247673419,4.3867196065557108,3.8906154572821383,1.0574392177978522,0.91067815319928258,2.0322003599580789,0.81968980412908543,303.92837950566843,14.689599734072369,8.2620500674225923,7.325517816567551,14.689599734072369,0.49173474495144237,6.9135517249483218,0,0,9.1513778055290054]
[10,7.2919326796929589,5.2135288846514776,0.99842215881258034,1.8133056448564799,1.612371580435348,5.2380492670894565,3.6234394248910781E-4,9.8201242625826932,3.0208808705242385,1.2577800392694818,3.3636078751112288,3.1208782445565646,0.69588099659430835,0.97412883677596274,2.341473402578802,1.0811992818353693,301.67187227046389,19.641541348893693,9.2765662192211682,8.1260976294104825,19.641541348893693,0.49996708955510816,7.0783118336018518,0,0,7.9680715393806754]
[11,7.8538433162995034,5.5925111766213451,0.98319857468678395,1.7971598858626447,1.6319750803708319,6.445960297735124,1.1080084699240009E-3,12.734092034751885,3.8500045466470718,1.7567631212410761,2.5791158205330329,2.5232784662198022,0.4602520969884471,1.0353770786452703,2.585100488401769,1.3726241670615158,299.43130307431744,25.096051765305784,10.257068090666188,8.8920808542019607,25.096051765305784,0.50741416035634024,7.0598859390127755,0,0,7.0107511136424074]
[12,8.3484608525644681,5.9809233361827285,0.96864130658527614,1.7697574344362113,1.6174438972763803,7.6881088103783961,2.8129861554381692E-3,15.932054480239561,4.7442319670872042,2.0891496256926883,1.97759033237601,2.063448366896941,0.30720471416152317,1.0867915800359402,2.7939138524007543,1.6926204826971212,297.20635454255091,30.983388036788615,11.203691007062872,9.6253375732158055,30.983388036788615,0.51421279239450457,6.9743474436972095,0,0,6.2432441992463756]
[13,8.7895967888693782,6.3626516304777017,0.95734330315992744,1.7435543518534971,1.5927816909925903,8.9543349682444493,6.2217145306342585E-3,19.383061022343405,5.6956291754750392,2.2848402995255563,1.5163582385760359,1.7140206746327977,0.20834209405921042,1.1349022084943132,2.9712660192062725,2.0394381044493919,294.99672326497847,37.24167834588966,12.117253670841265,10.327887501194931,37.24167834588966,0.52046690383605387,6.8803702763839656,0,0,5.6353371272448607]
[14,9.1857787143394667,6.7125260121196479,0.94981027732318879,1.7232179456878693,1.5691989166681475,10.237341075521421,1.2383686034215444E-2,23.058638228957129,6.6974020620742234,2.3851200129818793,1.1626990029501378,1.4531822452706664,0.14505844432183868,1.17787400108044,3.1285610019604806,2.4110327488429899,292.80212401777624,43.816284068903819,12.998950342643127,11.001750385868441,43.816284068903819,0.5262572744118601,6.8025967763056281,0,0,5.1617933199883819]
[15,9.5426149894226242,7.0270609060830029,0.9456671107057506,1.7096584991817398,1.5508961511190824,11.531401950766991,2.2688260976191865E-2,26.932788558254831,7.7436553736734233,2.4262663583724247,0.89152347846953495,1.2635301511233969,0.10516010954276805,1.2174186360464931,3.268520282561691,2.8052082029442182,290.62229192972558,50.659066640668911,13.850165480014155,11.648869372435103,50.659066640668911,0.53164794269291349,6.7481836097229664,0,0,4.8015334159283682]
[16,9.8641244736224856,7.3026227048292096,0.94424839128336535,1.7022007992703512,1.538692649263566,12.831488673714814,3.8885986846169895E-2,30.981886310982976,8.8292121537024677,2.4348432579572599,0.68359404338158258,1.1311660206716645,8.0653069896627252E-2,1.2531772252327995,3.3950176896993511,3.2197354418138131,288.45698325334371,57.727655521683708,14.67236140107139,12.271074346909987,57.727655521683708,0.53669053473591244,6.7163615637347913,0,0,4.5369504522877282]
[16,0,0,0.39769120028771515,0.71691970591812615,0.64805461381599072,5.4042666942669797,1.6377697781626125E-2,13.048710135948538,3.7186189687106275,4.8573195777527101,8.1333243118939613,20.928014482650774,5.1912462548884672,0.52780344608127505,4.120391468850876,1.3560631548691418,80,24.313285387768904,14.67236140107139,12.271074346909987,24.313285387768904,0.53669053473591244,2.8287449748446498,-1,0,4.5369504522877282]
[17,3.9676453418866462,2.8667225564718821,0.3677869969593891,0.71584416051788724,0.64522773532631361,5.9241257726527596,1.4270515376289251E-2,14.687396952027907,4.1560275574015648,3.3435227697026031,6.2363944268140923,16.644251805094925,3.4048639020189611,0.48335787065228408,2.7694930741703327,1.5247813930628729,79.406206177604062,27.127232849019542,16.514055395714418,14.112768341553016,27.127232849019542,0.54142628677877669,2.8734165847667859,0,0,4.3533378575453296]
[18,4.8701248338614622,3.8511880941817465,0.44655723663489433,0.66201659452690031,0.64425974446609857,6.5513558494414603,1.2249104724099819E-2,16.723209198095873,4.6950325896893483,2.4476515095298654,4.7818842524110741,13.258271033024258,2.2358808927548339,0.67398431643162937,2.0543934815801856,1.7354599865367883,78.81678909847372,30.634532667009058,17.328126158509498,14.926839104348096,30.634532667009058,0.54589405295891558,2.9150833221732984,0,0,4.2384116705975821]
[19,5.0111826852311641,3.7714310837804534,0.44707247229652786,0.80380302594280983,0.59581493507421035,7.1867896604849193,1.0602193902340155E-2,18.8276613211784,5.2502586314496229,1.8356828887336185,3.6666085302655391,10.584693240169667,1.4712670037094084,0.60392890446440217,1.9970853458059332,1.9542261265942915,78.231702617010995,34.224651698928426,18.115226165931478,15.713939111770076,34.224651698928426,0.55011988103790976,3.0644543328760312,0,0,4.1819114646565207]
[20,5.1362792436877971,4.034672137649685,0.45128272083072385,0.80473045013375022,0.72342272334852886,7.8292728115589112,9.2972610348997353E-3,20.991646598059365,5.8196842502335171,1.4303539533512537,2.8114478319790797,8.4758744131433801,0.97146079412181208,0.66142149916775872,1.8644943226834512,2.1800715486369588,77.650912206993979,37.882261519482455,18.876795926846508,16.475508872685104,37.882261519482455,0.55412865431129499,3.2781616507513132,0,0,4.1752670108697929]
[21,5.2468487563335149,3.9316917015024169,0.45502836411434955,0.812308897495303,0.72425740512037518,8.4777916120551424,8.3119373777049074E-3,23.206935804178265,6.4014892161842045,1.3091910095950112,2.1557357014514542,6.8147903911387093,0.64507366737010963,0.65257972457217583,1.8870895236396947,2.4120698205014937,77.074384016459263,41.593843974747891,19.614196521417771,17.212909467256367,41.593843974747891,0.55794159871993243,3.2976790498391106,0,0,4.2113198523720516]
[22,5.3441790385967938,4.039660834937945,0.45847150685519411,0.81905105540582923,0.7310780077457727,9.1314354029787914,7.6329175459898457E-3,25.466094102376783,6.9940307704614506,1.2344023512092632,1.6529548802764247,5.5086823284781623,0.43226103789703219,0.67455679107725031,1.8846725582053172,2.6493741057106077,76.502084841250635,45.347468951326618,20.328708022706881,17.927420968545476,45.347468951326618,0.56157696760784226,3.324939677934331,0,0,4.2840907433840005]
[23,5.429432328212874,4.0822204619359495,0.46157316092364709,0.82524871233934949,0.73714594986524629,9.7893718552923517,7.2549741164933713E-3,27.762403183721492,7.5958234932834499,1.1938454641863505,1.267437299660632,4.4840213304095009,0.29383370511334284,0.67897027142714905,1.9164780145544276,2.891212989130695,75.933982094589595,49.132598942040339,21.021530696123396,18.620243641961991,49.132598942040339,0.56505057297033345,3.3495600887576096,0,0,4.3885853980194831]
[24,5.5036610917803497,4.1397659811144196,0.46431710091811834,0.83083168966256471,0.74272384110541456,10.450830591595784,7.1800511033442514E-3,30.089789827252652,8.2055220761158516,1.1734877890661184,0.9718337310588876,3.6825183565509043,0.20412792887248415,0.69018958081437609,1.9383648541268488,3.136885331712123,75.370043774708407,52.939918449076394,21.693787855852381,19.292500801690977,52.939918449076394,0.56837620284958346,3.371825622721135,0,0,4.5206322380505259]
[25,5.5678205542986472,4.1765117450478,0.46669619703892407,0.83577078165261298,0.74774852069630826,11.11509213139391,7.4164166644854314E-3,32.442761143754389,8.8219064522840736,1.1650988080541698,0.74517358852917326,3.057962368737758,0.1463367130384457,0.69619366478799649,1.9656995012024514,3.3857547599931705,74.810238431955739,56.761185602090109,22.346529654612901,19.945242600451497,56.761185602090109,0.57156595302970126,3.3915802826610895,0,0,4.6767468684487277]
[26,5.6227790295259421,4.211491594181811,0.46871081014616672,0.84005315467006336,0.75219370348735171,11.781480242346971,7.9778604066992227E-3,34.816346302453518,9.4438688638648181,1.163633172040816,0.57137724210953378,2.5737147664065949,0.10945269578992244,0.70314334291989855,1.9878262577591714,3.6372441569594844,74.254535136329551,60.589103266996517,22.980737340386685,20.579450286225281,60.589103266996517,0.57463049335833838,3.4087650704357237,0,0,4.8540188778420781]
[27,5.6693267060963368,4.2363482481193584,0.4703669079563999,0.8436794582631002,0.75604783920305707,12.449356480078672,8.8829248658247179E-3,37.206044314117356,10.070402537909663,1.1660072109708028,0.43811530336855942,2.2007238587650644,8.6266325834141747E-2,0.70809618568745103,2.0088716181042501,3.8908303659776955,73.702903446065378,64.417207075751577,23.597327681732821,21.196040627571417,64.417207075751577,0.57757928359676969,3.4233747746910947,0,0,5.0500172863085799]
[28,5.7081832909636763,4.2562902542762204,0.47167454396623315,0.84666043432151983,0.75931151243679018,13.118116147689276,1.015416420807594E-2,39.607777351075725,10.70059171634948,1.1703369811953019,0.33593395903739676,1.915951413666265,7.2055044326632053E-2,0.71265003522596593,2.0264026552212169,4.1460392210551893,73.155313377675853,68.239768064227945,24.197157373600465,21.795870319439061,68.239768064227945,0.58042074987412751,3.4354458710906277,0,0,5.2627115687348542]
[29,5.740004761659085,4.2696358932956242,0.4726466412358678,0.84901417913921962,0.76199439088936782,13.78718519146952,1.1817426002880995E-2,42.017849063623643,11.333602836908335,1.1754750519470833,0.25758430250404707,1.7011257387836685,6.3724940860803686E-2,0.71612213731706587,2.0416483273451327,4.4024409552571395,72.611735377673114,72.051707888291162,24.781027308208969,22.379740254047565,72.051707888291162,0.58316243008101964,3.4450452855731339,0,0,5.4904056879801715]
[30,5.7653893905277425,4.2780535498727525,0.47329803956212418,0.85076395422456208,0.7641127612252977,14.456017729764838,1.3901154136155443E-2,44.432907368979272,11.968676701884158,1.1807275985665626,0.19750808488257143,1.5417535116506635,5.9248692308683487E-2,0.7189604105747649,2.0541744031012623,4.659646001692213,72.07214029609068,75.848524861603281,25.349686643449033,22.948399589287629,75.848524861603281,0.58581109454737068,3.4522614327592462,0,0,5.7316829947434327]
[31,5.7848831521227826,4.2814527895363481,0.47364476043162984,0.85193647121182359,0.76568755880210593,15.124094025391486,1.6435712643680447E-2,46.84991122424541,12.605121501471581,1.1856811337647319,0.15144340402252632,1.426336648110214,5.7297509978061545E-2,0.72103859359449296,2.0644443293507533,4.9173011794353378,71.53649936184172,79.62622930726809,25.903836632718765,23.50254957855736,79.62622930726809,0.58837284688512892,3.4571971738207461,0,0,5.9853602040634133]
[32,5.7989845941335876,4.2805486657712342,0.47370344781212825,0.85256056877693376,0.76674282409064121,15.790918782853931,1.9452731521712129E-2,49.266100937876381,13.242306581138287,1.1900960103336322,0.1161223584116378,1.3457516496083901,5.700012532204151E-2,0.72250940115274132,2.0724911684801013,5.1750862444583472,71.004784159896232,83.381286934269568,26.444134200622766,23.975291833621785,83.381286934269568,0.59085320878668401,3.4599643779865641,0,0,6.2504489532603937]
[33,5.8081492336456737,4.2755881608517212,0.47349094863349062,0.85266620606183086,0.76730451189924043,16.456019695477558,2.2984476484542309E-2,51.678971619028687,13.879656860355102,1.1938406904908347,8.9039217060091588E-2,1.2927577053656936,5.7784962091012075E-2,0.72337862483767501,2.0785598625995605,5.4327107794393923,70.476966610223784,87.110569138814895,26.971195262153454,24.418537895421206,87.110569138814895,0.59325719174989833,3.4606797839164813,0,0,6.5261236924299304]
[34,5.8127935289443098,4.2669944598849936,0.47302400295770919,0.85228370754028315,0.76739958545564779,17.118946194421902,2.7063245247736911E-2,54.086249407689884,14.516647824079794,1.1968509790238637,6.8272658970381039E-2,1.2616068265463989,5.9276780322222992E-2,0.72371871153951273,2.0827766713043014,5.6899113938717916,69.953018948425125,90.81130929248107,27.485597791257923,24.851366843172002,90.81130929248107,0.59558935807754154,3.4594618955031473,0,0,6.8116948643288096]
[35,5.8132984694718974,4.2550513527743457,0.47231901951014049,0.85144320532387652,0.76705533678625482,17.77926836772566,3.1720793274875272E-2,56.485870169042663,15.152801019756829,1.1991045984915261,5.2349471578800919E-2,1.2477348370479862,6.1228989648736319E-2,0.72356255464428898,2.0853108695353342,5.9464492056900795,69.432913707962456,94.481064216611102,27.987884649692472,25.274271879312497,94.481064216611102,0.59785387302095661,3.4564286901714176,0,0,7.1065865023327124]
[36,5.8100128212243565,4.2400667464341995,0.4713919171418588,0.85017423511825285,0.76629888479148889,18.436576027091935,3.6987792081013098E-2,58.875960372455744,15.787680001892561,1.2006052343898042,4.0140038719871617E-2,1.2475164412716881,6.3479319879943694E-2,0.7229571325185753,2.0862930493433938,6.2021075767217395,68.916623703890423,98.117680158985848,28.478566189873192,25.687713519023255,98.117680158985848,0.60005454956798365,3.4516959590731013,0,0,7.4103175186775774]
[37,5.8032560608192636,4.2222959093222991,0.47025801686213536,0.84850545085534579,0.76515681160642757,19.090477905606225,4.2893323176948508E-2,61.254819908619197,16.420886673972493,1.201372456300448,3.0778203864148691E-2,1.258071072357215,6.5920786793423961E-2,0.7219371793606626,2.085856362462692,6.4566900760554127,68.404122017987603,101.71926268746169,28.958122646786663,26.092122324258849,101.71926268746169,0.6021948870867081,3.4453761347358975,0,0,7.7224860750850102]
[38,5.7933210282127039,4.201984234686269,0.46893197238839068,0.8464644303518436,0.76365490576981121,19.740600972611311,4.9464410597615076E-2,63.620906627781586,17.052057983953176,1.2014353076383735,2.3599823600422457E-2,1.2771089843588614,6.8482673991345319E-2,0.72053879850114977,2.084116823023086,6.7100186475188055,67.89538198518828,105.28414999877843,29.427006334431098,26.487901368016573,105.28414999877843,0.60427810480988597,3.4375774919911977,0,0,8.0427565280112638]
[39,5.7804763252017413,4.1793497125025736,0.46742772980453917,0.84407755029910325,0.76181798731665928,20.38658985355352,5.6725594712874347E-2,65.97282240802835,17.680862935033428,1.200828202453621,1.809565224888934E-2,1.3028092388450256,7.1118073943199189E-2,0.7187930658626549,2.0811842728028056,6.9619319596526754,67.39037718121692,108.81088921145124,29.885643662057632,26.875428458596449,108.81088921145124,0.60630717096543474,3.4284036326658245,0,0,8.370848524402593]
[40,5.764968484387575,4.1545950859668137,0.46575850901890248,0.84136991364817049,0.75966979526919298,21.028106343405813,6.4698549692530222E-2,68.309300585402625,18.30699987808439,1.1995882851153745,1.3875215165035051E-2,1.3337229693872643,7.3795724571897842E-2,0.71672960252373485,2.0771580497393289,7.2122839187202716,66.889081411331702,112.29821527164283,30.334436984904961,27.255058150144759,112.29821527164283,0.60828482821535867,3.4179531842851691,0,0,8.7065278937045232]
[41,5.7470239309653923,4.1279047648871421,0.46393680135983073,0.83836531623402455,0.75723292228335348,21.664829002647632,7.3401746608386054E-2,70.629194597706501,18.93019405613056,1.1977537262168323,1.0639107849115254E-2,1.3686966806301022,7.6494659081786806E-2,0.71437512967505312,2.07213026766048,7.4609423273261841,66.391468700088069,115.74503215182877,30.773766303324315,27.627123562696234,115.74503215182877,0.61021361595077805,3.4063196586866376,0,0,9.049599040228518]
[42,5.7268507576651171,4.099449011233923,0.4619743789438247,0.83508624244769536,0.75452878461062212,22.296452824985664,8.2850163720763093E-2,72.931467711385594,19.550195374744913,1.1953626236896211,8.1577557161305377E-3,1.4068114267917666,7.9200698358788013E-2,0.71175450200592016,2.0661852229896098,7.7077876731007615,65.897513282038574,119.1503960654193,31.203990823281725,27.991938032210609,119.1503960654193,0.61209588989819819,3.393591428755137,0,0,9.3998985887224578]
[43,5.7046403312194283,4.0693841831656767,0.45988231245766392,0.83155388209888426,0.7515776182029259,22.922688966165389,9.3055045028567152E-2,75.215183716258963,20.166776375230178,1.192452299277112,6.2551277106937739E-3,1.4473345767223642,8.1904150297045231E-2,0.70889047405519023,2.0594006600438926,7.9527120336178179,65.407189593290468,122.51350045743779,31.625450390268764,28.349796608701144,122.51350045743779,0.6139338394170637,3.3798517911153101,0,0,9.7572900767049688]
[44,5.6805687469978547,4.0378546820927008,0.45767099478468098,0.82778816242379505,0.74839849388899582,23.543264523434932,0.10402370767272787,77.479498486306866,20.779730390082275,1.1890588559954014,4.7962483848006223E-3,1.4896815559340346,8.4598299786710976E-2,0.70580407467055384,2.051848027903854,8.1956180852559655,64.920472263848168,125.83366256292871,32.038466807698001,28.700977418445099,125.83366256292871,0.61572950280740502,3.3651790901210044,0,0,10.121659521130383]
[45,5.6547981468230919,4.0049938129851563,0.45535016851606325,0.82380779061242582,0.74500934618141557,24.157922355517282,0.1157593982830995,79.723652316499042,21.388869862524533,1.1852169095771523,3.6776225254961485E-3,1.5333854974769585,8.7278416753266599E-2,0.70251465425466053,2.0435931653996806,8.4364182050930392,64.437336110672874,129.11031135179695,32.4433450499331,29.045742904413931,129.11031135179695,0.61748478089615766,3.3496468843091081,0,0,10.492911715356046]
[46,5.6274779135004902,3.9709249809122982,0.45292895586199783,0.81963030332891385,0.74142701155118329,24.766420933340164,0.12826119785819973,81.946962955950752,21.994024813909686,1.1809594368661229,2.8198930403390467E-3,1.5780731626096944,8.9941103709331505E-2,0.69904007454346417,2.0346967007738375,8.6750336561496351,63.957756131396778,132.34297670196449,32.84037437922327,29.384340957436109,132.34297670196449,0.61920144912936914,3.3333241410078438,0,0,10.870967136109421]
[47,5.5987457542640531,3.9357625367336579,0.45041588984687159,0.81527212055159604,0.73766727299602253,25.368534212269537,0.14152397427435015,84.148819266734236,22.595041444553196,1.176317703292072,2.1622112394147396E-3,1.6234458322311789,9.2583865881303157E-2,0.69539680796849601,2.0252145281866385,8.9113938473863552,63.481707498634094,135.53127966268352,33.229829374987162,29.717005949178585,135.53127966268352,0.62088116836325669,3.3162754482876551,0,0,11.255759359969845]
[48,5.5687286841007921,3.8996126367629715,0.44781894595562277,0.8107486017243688,0.73374490849643648,25.964051517181822,0.15553838104382936,86.328675445595707,23.191780855114622,1.171321243940697,1.6579201327754304E-3,1.669264139494431,9.520482731340521E-2,0.6916000648390066,2.0151981854823307,9.1454356608214553,63.009165554835938,138.67492368702347,33.611970883126588,30.043959676781071,138.67492368702347,0.62252549451861661,3.2985612361470333,0,0,11.6472329054327]
[49,5.5375439188197699,3.8625739526415446,0.44514557361914991,0.80607410272012103,0.72967374155193188,26.552777432382562,0.17029090048822701,88.486045752792364,23.784117877015159,1.1659978808423856,1.271244509581825E-3,1.7153360275542706,9.7802542769447998E-2,0.6876638908380277,2.0046952262900284,9.3771028389862305,62.540105807640188,141.77368672739709,33.987046892346775,30.365412227877691,141.77368672739709,0.62413588723931279,3.2802380009127243,0,0,12.045341430449888]
[50,5.5052996867272572,3.82473832969404,0.44240272709551648,0.80126203251446992,0.72546669244810891,27.134531689119147,0.18576392907018374,90.620499698384904,24.371940001590737,1.1603737644877212,9.7475298791177339E-4,1.7615071856236104,0.10037587255370789,0.68360126505335406,1.993749544876255,9.6063454266861008,62.074503925671578,144.82741410083418,34.355293343815383,30.681562773773706,144.82741410083418,0.62571371767565753,3.2613585284377011,0,0,12.450046226889103]
[51,5.4720959668666982,3.7861913590930287,0.43959689543364128,0.79632490877192974,0.721135829263023,27.709149044226482,0.20193590224044389,92.731657641710228,24.955146398752049,1.1544734312016485,7.4741198902442368E-4,1.8076534506204265,0.1029238987033354,0.67942418476715405,1.9824016791206336,9.8331192616979237,61.612335734751049,147.83601204185209,34.716934879905423,30.992600297695176,147.83601204185209,0.62726027549673136,3.2419721129149921,0,0,12.861314963000492]
[52,5.4380251609753021,3.7470128939751151,0.43673413130603783,0.79127441178055435,0.71669241789473681,28.27647914427185,0.21878145581328157,94.819186764511016,25.533647016873505,1.1483198704872672,5.7309358192806823E-4,1.8536747679708876,0.10544586842637749,0.67514374510382447,1.9706890831286352,10.057385509618957,61.153577214476712,150.79944187045345,35.072185537233722,31.29870426428074,150.79944187045345,0.62877677522153486,3.2221247690690209,0,0,13.279120633036513]
[53,5.4031727055724001,3.7072775057988983,0.43382007857224736,0.78612143635086817,0.71214697060249899,28.836386370410867,0.2362716205865836,96.882797382391189,26.107361756476145,1.1419345981687239,4.3943134237897663E-4,1.8994903893662567,0.10794115552090508,0.6707702105825839,1.9586463775574816,10.279110238599131,60.698204495142107,153.7177147112082,35.421249388722224,31.600045235824428,153.7177147112082,0.63026436194687363,3.2018594362060355,0,0,13.703440679900709]
[54,5.3676176299473486,3.6670548929129039,0.43085999849255641,0.78087614143004525,0.70750929271578133,29.388749660017346,0.25437404667716496,98.922239562973317,26.676219711019524,1.1353377323719371,3.3694305913414732E-4,1.9450350520309432,0.11040923369566696,0.66631308104508213,1.946305577101467,10.498264030144584,60.246193854960282,156.59088670673103,35.76432113897198,31.896785440196343,156.59088670673103,0.63172411653967064,3.1812161731517277,0,0,14.134256262322358]
[55,5.3314330652273281,3.6264102443644228,0.42785879455451559,0.77554799728660151,0.70278852728704078,29.933462301990385,0.27305325385008816,100.93730002241605,27.240158468785086,1.1285480702432682,2.5835805084828433E-4,1.9902559369705379,0.11284965779948974,0.66178115162136297,1.9336962985763275,10.71482162258396,59.797521717564948,159.41905467529372,36.101586676843255,32.189079294853109,159.41905467529372,0.63315706035270458,3.1602323435159576,0,0,14.571551642749277]
[56,5.2946867091692145,3.5854045654686315,0.4248210359058327,0.7701458301981281,0.69799319755794142,30.470431703458761,0.29227090398454714,102.92779927485242,27.799123470427091,1.1215831639256784,1.9810137240889095E-4,2.035110245607255,0.11526205033436984,0.65718256771277728,1.9208459507486817,10.928761584145507,59.352164649762479,162.20235216793239,36.433223588777338,32.477073890894303,162.20235216793239,0.63456415951532286,3.1389427910322785,0,0,15.015313676072928]
[57,5.2574412508708299,3.5440949690712129,0.42175097941248518,0.7646778646304988,0.69313124717831531,30.999579126386944,0.3119860917393017,104.89358901189627,28.353067417299112,1.1144593947638319,1.5189831948891522E-4,2.0795632674518711,0.11764609152384509,0.65252487523868496,1.9077799079285329,11.140066012909978,58.910099359510696,164.94094588535515,36.759401636072788,32.760909440718081,164.94094588535515,0.63594632884428981,3.1173800049478793,0,0,15.465531382575726]
[58,5.2197547591505273,3.5025349369425696,0.41865259037546637,0.75915176294247333,0.68821007816744895,31.520839393324444,0.33215564945681036,106.83454969165123,28.901949726136706,1.1071920450382375,1.1647117424271324E-4,2.1235868378111018,0.12000151179633511,0.6478150666842456,1.8945216686637232,11.348720261184162,58.471302694102633,167.63503241928427,37.080283199036693,33.040719692470503,167.63503241928427,0.63730443541442761,3.0955742756047497,0,0,15.922195591226638]
[59,5.1816810379827825,3.4607745548106168,0.41552956195274809,0.7535746626758395,0.68323658664822595,32.034160562226049,0.35273446237602391,108.75058831869822,29.445736026100924,1.0997953667707623,8.9306678804082566E-5,2.1671581054173616,0.12232808592910741,0.64305962328044541,1.8810930009849556,11.554712682089152,58.035751638535181,170.28483528668792,37.396023690668386,33.316632314165652,170.28483528668792,0.63863930182395889,3.0735538404720142,0,0,16.385298641736636]
[60,5.1432699520367002,3.4188607243828288,0.41238533334048877,0.74795321151494654,0.67821719640825551,32.539503570896436,0.37367579030653342,110.64163639835621,29.98439769456704,1.0922826473236034,6.8477740787562736E-5,2.2102585464258073,0.1246256283519207,0.63826455369224078,1.8675140753934467,11.758034396378857,57.603423314044448,172.89060222872322,37.706771942294793,33.588769250070129,172.89060222872322,0.63995170918535171,3.0513450209689896,0,0,16.854834135694485]
[61,5.1045677250594217,3.3768373552221602,0.40922310677218543,0.74229360001287981,0.67315789036345186,33.036841852173133,0.394931592047921,112.50764805013111,30.517911428382579,1.0846662716426838,5.2506722298514933E-5,2.2528731743526524,0.1268939892761726,0.63343542951588439,1.8538035867272153,11.958679077701118,57.174294976791096,175.45260274918243,38.012670563361915,33.857247051693776,175.45260274918243,0.64124239986890341,3.02897235047491,0,0,17.330796728697877]
[62,5.0656172135769442,3.3347455390756098,0.40604586339718174,0.73660159218993382,0.66806424001159181,33.526160921454057,0.41645284901344459,114.34859826671635,31.046258847623914,1.0769577810934385,4.0260613957551842E-5,2.2949899059361831,0.12913305142499612,0.62857741787718802,1.8399788659028899,12.156642754689365,56.748344016680591,177.97112586986458,38.313856277392745,34.122177185503659,177.97112586986458,0.64251208002319393,3.0064586939528364,0,0,17.813181956726773]
[63,5.02645815813867,3.2926237089194652,0.40285637810055536,0.73088255411492709,0.66294143297094044,34.007457938597092,0.4381898847315131,116.16448130620215,31.569426129154294,1.0691679289064406,3.0870657418371424E-5,2.3365990511559351,0.13134272721222562,0.62369531138422596,1.8260559824491693,12.351923628429063,56.325547956304369,180.44647808261868,38.610460235945887,34.383666319277225,180.44647808261868,0.64376142189383945,2.9838253596315543,0,0,18.301986091118202]
[64,4.9871274141265385,3.2505077847437809,0.39965723332712816,0.7251414805809997,0.65779429870343442,34.480741246570545,0.46009267714643748,117.95530920631421,32.08740366753355,1.0613067322999594,2.3670714272942505E-5,2.3776929021896827,0.13352295626597932,0.61879355567124761,1.8120498386519401,12.544521903983492,55.905884449989429,182.87898147987755,38.902608312250749,34.641816588831361,182.87898147987755,0.6449910659596112,2.9610922031954683,0,0,18.797206017431066]
[65,4.9476591639389493,3.208431307823612,0.39645083196975262,0.7193830199888307,0.65262733252289973,34.946029889512708,0.48211116091529582,119.72111041053924,32.600185761050632,1.0533835213805467,1.8150009136437843E-5,2.4182654012789073,0.13567370322444061,0.61387627474172435,1.7979742560598027,12.734439634788059,55.489331282944732,185.26897204732958,39.190421376051141,34.896725846702921,185.26897204732958,0.64620162290291538,2.9382777249288332,0,0,19.298839134265485]
[66,4.9080851121912286,3.1664255650174153,0.39323940938077123,0.71361149754555475,0.64744471798994763,35.403353113070665,0.50419551719456901,121.46192849692743,33.10777032084988,1.0454069849465284,1.391689443141703E-5,2.4583118715898427,0.13779495575256612,0.60894729430316508,1.7838420550212919,12.921680578834252,55.075866370494019,187.61679810400909,39.474015551058578,35.148487894212138,187.61679810400909,0.64739367542981197,2.9153991602505585,0,0,19.80688326874963]
[67,4.8684346654298754,3.1245197044340474,0.3900250445642961,0.70783093688538823,0.64225034779099932,35.852749850036233,0.52629644872243286,123.17782100120623,33.610158601303517,1.037385213335392,1.067106628758526E-5,2.4978287984238263,0.13988672274274472,0.60401016326849466,1.7696651278649678,13.106250065665272,54.6654677573854,189.92281887654593,39.753502456299003,35.397192698211079,189.92281887654593,0.64856777995315329,2.892472564061439,0,0,20.321336605948389]
[68,4.8287350976881651,3.0827408436008499,0.3868096706018857,0.70204508021573309,0.63704784319684937,36.294268194380763,0.54836543832328999,124.86885832658639,34.107354949943471,1.0293257384623955,8.1822605089951933E-6,2.53681365072147,0.14194903267201503,0.59906817357724562,1.7554545062779265,13.288154873294557,54.258113617169144,192.18740319560149,40.028989432528896,35.64292659370242,192.18740319560149,0.64972446815101259,2.8695128893089268,0,0,20.842197629900532]
[69,4.7890117031174739,3.0411141711397169,0.38359508436442397,0.69625740708339423,0.63184057219415979,36.727964866821004,0.57035498928560469,126.53512273332845,34.599366575414614,1.0212355712033541,6.2739172668200295E-6,2.5752647348616557,0.14398193209505758,0.59412437848425215,1.7412204233792732,13.467403114240165,53.853782251635636,194.41092830368731,40.300579754799891,35.885772473409659,194.41092830368731,0.65086424841133017,2.8465340601558671,0,0,21.369465074368797]
[70,4.7492879367917009,2.9996630427748512,0.38038295555807417,0.69047115185596319,0.62663166637505485,37.153904675025245,0.59221884638572786,128.17670740174754,35.086203332043731,1.0131212362748572,4.8106556650976502E-6,2.6131810743883794,0.14598548425673474,0.58918160944159936,1.7269723709484293,13.644004129940416,53.452452090306387,196.59377876459362,40.568372832162403,36.125809965284766,196.59377876459362,0.65198760717260329,2.8235490401180785,0,0,21.903137881702925]
[71,4.7095855446812411,2.9584090723814933,0.37717483514960704,0.68468932000453353,0.62142403667036694,37.572159971500604,0.61391219664455754,129.79371556288524,35.567877519738225,1.0049888047611146,3.6886696052761269E-6,2.6505623105942502,0.14795976781117687,0.58424249169246689,1.712719152217645,13.817968392881475,53.054101689971517,198.73634546557892,40.83246439541842,36.363115598854762,198.73634546557892,0.65309501016946836,2.8005698955170955,0,0,22.443215168479149]
[72,4.6699246837222841,2.9173722186802467,0.37397216321540383,0.67891470326929271,0.61622038800408019,37.982810112096097,0.63539184920655534,131.3862596915844,36.04440369803968,0.99684392443572112,2.8283636169606722E-6,2.6874086199184335,0.14990487563672733,0.57930945868649386,1.6984689306031699,13.989307415827435,52.658709734267809,200.83902470431499,41.092946673760501,36.59776296123124,200.83902470431499,0.65418690359116038,2.7776078545720404,0,0,22.989696196799926]
[73,4.6303240327871649,2.8765708680440865,0.37077627625252529,0.67314989378772694,0.61102323294236349,38.385940917912876,0.65661639401654215,132.95446075714571,36.515798513253863,0.98869184801841858,2.1687062290166858E-6,2.7237206449342253,0.15182091373776491,0.5743847654089137,1.6842292747192622,14.15803366759582,52.266255033291891,202.90221735331241,41.349908561067402,36.829822843537599,202.90221735331241,0.6552637151600611,2.7546733624349184,0,0,23.542580350321415]
[74,4.5908008953287105,2.8360219138488967,0.36758841399132341,0.66739729725454555,0.60583490440895427,38.781644143245721,0.67754633923744667,134.49844752716405,36.982080537671216,0.98053745950234505,1.6629003002201934E-6,2.7594994363509016,0.15370800022569958,0.56947050071875804,1.6700071999786164,14.324160494870627,51.87671652324368,204.92632809523826,41.603435772565774,37.05936337844539,204.92632809523826,0.65632585513686026,2.7317761324556105,0,0,24.101867114229954]
[75,4.5513712943649356,2.7957408326648876,0.36440972574310077,0.66165914518438218,0.60065756752909105,39.170016951986874,0.69814422759718275,136.018355920506,37.443270119971451,0.97238529868092882,1.2750631558457767E-6,2.7947464039705219,0.15556626437240387,0.56456859877036281,1.6558092070678729,14.487702049587806,51.490073266095692,206.9117647231285,41.853610992512444,37.286450169454525,206.9117647231285,0.65737371725824312,2.7089251939406047,0,0,24.667556058517043]
[76,4.512050060439984,2.7557417575733263,0.36124127631667952,0.65593750633758141,0.59549323066594395,39.55116140471651,0.71837473207488145,137.51432840573227,37.89938924598161,0.96423958399514753,9.7768101381671089E-7,2.829463274951864,0.15739584573021179,0.55968084959761866,1.6416413175481233,14.648673221468124,51.106304449284082,208.85893750004871,42.100514013500529,37.511146412499784,208.85893750004871,0.65840767961246671,2.686128936655714,0,0,25.23964682400938]
[77,4.4728509131186858,2.7160375487938504,0.35808405153339334,0.65023429737002314,0.59034375570382325,39.925183958483707,0.73820473153307187,138.98651344157039,38.350461409023467,0.95610423381716592,7.4965711337147769E-7,2.8636520580594169,0.159196893313159,0.55480890892341017,1.6275091068195271,14.807089575307694,50.72538938541792,210.76825857324081,42.34422186794712,37.733513010419387,210.76825857324081,0.65942810545769792,2.6633951523013435,0,0,25.818139110700216]
[78,4.4337865365417706,2.6766398617997842,0.35493896336962477,0.64455129276010803,0.58521086763302088,40.292194981056262,0.7576033670735467,140.43506495632511,38.796511489148742,0.94798288627737737,5.7481507739886818E-7,2.897315012836148,0.16096956483473496,0.54995430725977346,1.6134177346584881,14.962967292669335,50.347307512003368,212.64014143824113,42.584808952277299,37.953608680778331,212.64014143824113,0.66043534398754544,2.6407310731767315,0,0,26.40303266800284]
[79,4.3948686495105012,2.6375592130321754,0.35180685475283752,0.63889013406532458,0.5800961634840972,40.652308281188525,0.77654208003947234,141.86014186336516,39.237565640616296,0.93987891773654497,4.4075133459226915E-7,2.9304546228460815,0.16271402599787124,0.54511845835210526,1.5993719735257343,15.1163231176472,49.972038391179744,214.47500044885075,42.822347144280954,38.171490057500222,214.47500044885075,0.66142973104782343,2.6181434082320019,0,0,26.994327286609636]
[80,4.356108070526739,2.5988050433038383,0.34868850403506824,0.63325233855510754,0.57500112065879216,41.005640656228302,0.79499463270544324,143.26190761005307,39.673651187016141,0.93179545999692537,3.3795519043086413E-7,2.9630735722977861,0.16443044983325619,0.54030266701903329,1.5853762348205103,15.267174306403671,49.599561709464886,216.27325036919822,43.056905914083323,38.387211786726127,216.27325036919822,0.6624115898082259,2.5956383766936035,0,0,27.592022791692202]
[81,4.3175147781960899,2.5603857789724165,0.34558462916768834,0.62763930726312278,0.56992710469959684,41.352311458162028,0.81293711279204683,144.64052975770082,40.104796523493384,0.92373541634192236,2.591341234277115E-7,2.9951747254916938,0.1661190160824034,0.53550813643716044,1.5714345932423948,15.415538580202524,49.229857277507378,218.03530596446774,43.288552429137539,38.600826617286089,218.03530596446774,0.66338123139227856,2.5732217394346049,0,0,28.196119037221564]
[82,4.2790979673443719,2.5223088909183415,0.34249589159751931,0.622052332501839,0.56487537653681053,41.692442178980571,0.8303479230119033,145.99617959032003,40.531031025566698,0.91570147648580213,1.9869644209055418E-7,3.0267611086403079,0.16777991062227046,0.5307359749105155,1.5575508094120902,15.56143408168403,48.862905029843489,219.76158162715703,43.517351653617766,38.812385486139931,219.76158162715703,0.66433895546863209,2.5508988282497671,0,0,28.806615901224077]
[83,4.240866101177577,2.4845809513685078,0.33942289990386409,0.61649260487553481,0.5598470992516551,42.026156056042154,0.84720775690256522,147.32903175011171,40.952384964075101,0.90769613050989806,1.5235460145972803E-7,3.0578358936937602,0.16941332492840583,0.52598720216558992,1.5437283508835766,15.704879334147922,48.498685024656886,221.45249103599474,43.743366442564032,39.021937599116406,221.45249103599474,0.6652850508065179,2.5286745731834896,0,0,29.423513281818799]
[84,4.2028269597989834,2.4472076885989962,0.33636621319548765,0.61096121982695539,0.55484334438798133,42.35357769791495,0.86349956222984214,148.63926389780423,41.36888942582388,0.89972168185813139,1.1682103786928367E-7,3.0884023838711316,0.17101945557388876,0.52126275520935506,1.5299704116725017,15.845893203629167,48.13717744353945,223.1084468449007,43.966657631104702,39.229530507255468,223.1084468449007,0.66621979579793522,2.5065535280468119,0,0,30.046811093907596]
[85,4.1649876853472225,2.4101940395232146,0.33332634428315272,0.60545918375187779,0.54986509784425985,42.674832730999256,0.87920849325365347,149.92705639608877,41.780576239531669,0.89178025945678674,8.9574943966913717E-8,3.1184640006523821,0.17259850376156838,0.51656349378015476,1.5162799304168333,15.984494863567653,47.778362591251565,224.72986039958229,44.18728411905937,39.435210179035558,224.72986039958229,0.66714345894893567,2.4845398942513608,0,0,30.676509266410545]
[86,4.1273548240190312,2.3735442001958669,0.33030376264413236,0.59998741970967484,0.54491326537669005,42.990047467062041,0.89432185314099577,151.19259201453951,42.187477906711941,0.88387382902050571,6.8683438642736417E-8,3.1480242720289229,0.17415067488727026,0.51189020542520736,1.5026596072703122,16.12070376188878,47.422220895480599,226.31714147956851,44.405302951203694,39.639021068747155,226.31714147956851,0.66805629934217292,2.4626375430783742,0,0,31.312607739956693]
[87,4.089934365208693,2.3372616742416374,0.3272988971929654,0.59454677275943824,0.5399886777387074,43.29934859166341,0.90882902778787633,152.43605565452791,42.589627537149511,0.8760042036025355,5.2664445378084843E-8,3.1770868218457138,0.17567617813180444,0.50724361023064601,1.4891119196275611,16.254539590326011,47.068732906596345,227.87069806366489,44.620769393457955,39.841006181254748,227.87069806366489,0.66895856707271217,2.4408500364910077,0,0,31.955106464955264]
[88,4.0527317779715499,2.3013493192219725,0.32431213887126892,0.58913801494733775,0.53509209548349446,43.602862873315622,0.92272141227629101,153.65763409274916,42.987058788657087,0.86817305344120488,4.0381551386909149E-8,3.2056553600969533,0.17717522607985595,0.50262436522942466,1.4756391367671984,16.386022255828895,46.71787929740232,229.39093611697436,44.833737005243087,40.041207133371977,229.39093611697436,0.66985050365893195,2.4191806465918306,0,0,32.604005399984551]
[89,4.0157520450214985,2.2658093909715005,0.32134384307013097,0.58376184996828406,0.53022421345260395,43.900716893093119,0.93599233114646319,154.85751574208825,43.37980581082185,0.86038191515302942,3.0963388690544373E-8,3.2337336740590956,0.17864803436387211,0.49803306851321005,1.4622433334923923,16.515171853912655,46.369640862882051,230.87825939778907,45.044257708231299,40.239664212058671,230.87825939778907,0.67073234243020807,2.3976323738189649,0,0,33.259304510446235]
[90,3.9789996944337318,2.2306435859125493,0.31839433189570698,0.57841891752623575,0.52538566497145567,44.193036794302564,0.94863695360890909,156.03589042864323,43.767903192471998,0.85263220031756748,2.3741817891437719E-8,3.2613256201643539,0.18009482133128452,0.49347026306683184,1.4489264028461633,16.642008643815675,46.023998519939482,232.33306928279043,45.252381851702822,40.436416429633617,232.33306928279043,0.67160430889293665,2.3762079639679787,0,0,33.921003767441384]
[91,3.9424788292216704,2.195853081380549,0.31546389628894056,0.57310979741227253,0.5205770257736122,44.479948051728201,0.960652204758627,157.19294918381058,44.151385912613314,0.84492520349605449,1.8204529304711644E-8,3.2884351165328023,0.18151580773351139,0.48893644034723815,1.4356900679664062,16.766553025341338,45.680933307132825,233.755764609122,45.458158274706179,40.631501576183389,233.755764609122,0.67246662107633148,2.3549099241207951,0,0,34.589103146831562]
[92,3.9061931549456244,2.1614385739899129,0.3125527980096392,0.56783501332009301,0.5157988176710453,44.761575259887515,0.97203667378612035,158.32888405042019,44.530289294604245,0.83726210972434922,1.3958698896668032E-8,3.3150661360933076,0.18291121643528077,0.48443204362512204,1.4225358931447323,16.888825517269936,45.340426384401219,235.14674153201747,45.661634365206403,40.824956269335239,235.14674153201747,0.67331948985932344,2.3337405375551827,0,0,35.263602628454663]
[93,3.8701460054901116,2.1274003160718991,0.30966127149371314,0.56259503641735065,0.51105151198808374,45.038041939665028,0.98279052010823398,159.44388790197831,44.904648963354219,0.82964400151573692,1.0703120724874332E-8,3.3412227002337049,0.18428127214292983,0.47995747110545373,1.4094652941471546,17.008846737234599,45.002459032783698,236.50639339676917,45.862856116392841,41.016816001550005,236.50639339676917,0.674163119279787,2.3127018777050048,0,0,35.94450219546988]
[94,3.8343403671404257,2.0937381502235128,0.306789525592148,0.55739028868868368,0.5063355327756156,45.309470362637121,0.99291537826785969,160.53815427414528,45.274500805345212,0.8220718654076018,8.2068389109374207E-9,3.3669088729289043,0.18562620115042835,0.47551307884297234,1.3964795478488148,17.126637382962912,44.667012654130033,237.8351106239185,46.061868180307883,41.207115185081079,237.8351106239185,0.67499770682722893,2.2917958212352518,0,0,36.631801833810592]
[95,3.7987789010905448,2.0604515420205951,0.30393774520063116,0.55222114606586636,0.50165125981981529,45.575981392358351,1.0024142623770411,161.61187720764153,45.639880931292168,0.81454659808387309,6.2927632642270618E-9,3.3921287553027861,0.18694623110199254,0.47109918346906887,1.3835798012318894,17.242218214793493,44.334068770803093,239.13328060664554,46.258713918946398,41.395887194734797,239.13328060664554,0.67582344371998848,2.2710240602922052,0,0,37.325501531727362]
[96,3.7634639644661689,2.0275396109129398,0.30110609278485539,0.54708794136113603,0.49699903145927976,45.837694341845207,1.0112914708018361,162.66525110182175,46.000825641267781,0.80706901210124304,4.825106222912626E-9,3.4168864805849948,0.18824159077019181,0.46671606473733174,1.3707670797949101,17.355610039382103,44.003609025372413,240.4012876193984,46.453435452967014,41.583164408559504,240.4012876193984,0.6766405151679229,2.2503881139831812,0,0,38.025601279406239]
[97,3.7283976300030144,1.9950011593958834,0.29829470981161427,0.54199096701273974,0.49237914722502246,46.094726846472895,1.0195524917149517,163.69847057822619,46.357371392133494,0.79963984124758702,3.6997498689869794E-9,3.4411862094290884,0.18951250984858359,0.46236396791010559,1.3580422954075544,17.46683369451965,43.675615180298713,241.63951273690057,46.646073708146517,41.768978246581177,241.63951273690057,0.677449100621481,2.2298893391384729,0,0,38.732101068649918]
[98,3.6935817044405272,1.9628347004638975,0.29550371808897474,0.53693047766090563,0.48779187031146576,46.347194751483919,1.0272039100684576,164.7117303534522,46.709554767125894,0.79225974555706657,2.8368596380467785E-9,3.465032125561387,0.19075921875787583,0.45804310598600428,1.3454062536607845,17.575910034988393,43.350069117609294,242.84833376272184,46.836668459701023,41.953359207696437,242.84833376272184,0.67824937400800112,2.2095289404015137,0,0,39.445000892611446]
[99,3.6590177457380477,1.9310384834381722,0.29273322102321947,0.53190669256015455,0.48323742989481505,46.595212013302415,1.0342533164701333,165.70522512074231,47.05741244746001,0.78492931600407423,2.175220728687381E-9,3.4884284317349179,0.19198194846484284,0.45375366178825416,1.3328596607361829,17.68285991938863,43.026952838564043,244.02812516667038,47.025258374589363,42.136336904826244,244.02812516667038,0.67904150395601415,2.1893079796942514,0,0,40.164300745571751]
[100,3.6247070791975986,1.8996105182130263,0.28998330479822726,0.52691979784179499,0.47871602330413909,46.838890613848669,1.0407092183805668,166.67914943972912,47.400981185821024,0.77764907890026347,1.6678954274131904E-9,3.5113793459643476,0.19318093031314196,0.44949578991953776,1.320403129835749,17.787704197873115,42.706248463312065,245.17925803032509,47.211881051907106,42.317940098427094,245.17925803032509,0.67982565400827399,2.1692273850963293,0,0,40.890000622753874]
[100,0,0,0,0,0,0,0,0,0,2.0732682048444246,47.879599833897132,31.181407391604687,47.594162116134164,0,1.7698989197552868,0,0,0,0,0,0,0.67982565400827399,0,-1,156.79682559196189,40.890000622753874]

{"sheet":"LP2OUT","index":11,"n_rows":249,"n_cols":8,"rows_kept":249,"cut":false,"hidden":true,"merged":[]}
["CARDTYPE A:",2,"SIMULATION RUNS SPECIFIED"]
["CARDTYPE B: THE TITLE IS"]
["Rotation 1"]
["CARDTYPE C: MATRICES TO BE OUTPUT. YESF/YESA/YESX",0,0,1]
["NUTRIENT SIMULATED IF YESN=1.0. YESN= ",1]
["INPNAP/INPX/INDEAD",1,2,0]
["GROWTH ADJUSTED WHEN NLIMITED=1. NLIMITED=",0]
["CARDTYPE D: CEASE AT AGE AGEND=",100]
["DENSITY_REGION/HT/PHYSIOL_AGE/NDIST",6,0.2,0,3]
["CARDTYPE E: ONE CARD FOR EACH OF",3,"DISTURBANCES"]
["ADIST","SPHAN","BAN","PRNHT","XTRACT","XTRACC","XTRACF"]
[0,325,-1,-1,0,0,0]
[16,80,30,-1,0,0,0]
[100,0,-2,-1,0.85,0,0]
["CARDTYPE G: HT GROWTH COEFF:",-1.825E-3,1.7725000399999999,"HT AGE 20:=",30]
["FRACTION CONSUMPTION 1 YR FAS:",0.05,"FRACTION RETENTION OLDER FAS:",1.8,"RADIATION:",7.2,"ROTATION NO",1]
["SOIL C=",6,"SOIL Kjeldahl N=",0.3]
["CRDTYPE K: AVERAGE TREE COMPONENT WEIGHTS(KG),STARTING AT 'X3':="]
[4.3E-3,0,0,0,0,2.8999999999999998E-3,0,1.1000000000000001E-3]
["INITIAL VEGETATION DM, AND SITE PRP LOSS, RESP",0,0]
["    DRYMAT  VERS",2]
["Rotation 1"]
[" CARDTYPES N AND O: NYRS OF DATA =",102]
["AGE","SPH","HT","LIVEVOL","GROSSVOL","BA","STEMDENS","RINGDENS"]
[0,325,0.28013396792479084,2.0799999999999998E-3,2.0799999999999998E-3,2.0799999999999998E-3,0.32,0.32]
[1,322.58850000000001,0.37885773264388439,1.0860476971666852E-2,1.0886599362069279E-2,1.0860476971666852E-2,0.32,0.32]
[2,320.19489333000001,0.92832623252620261,5.8781145350327663E-2,5.892172793090307E-2,5.8781145350327663E-2,0.37420410951978772,0.38629414708681059]
[3,317.81904722149142,1.8027903589538594,0.17031664960952522,0.17077911958287936,0.17031664960952522,0.40591148097384622,0.42242188587676732]
[4,315.46082989093134,2.8331490666844705,0.36521351537127128,0.36629456733508903,0.36521351537127128,0.42840821903957543,0.44783514711299272]
[5,313.12010927629177,3.9272717586859458,1.5623688866918377,1.5662600173930088,1.5623688866918377,0.44585804475234664,0.45110764385446533]
[6,310.79673399564433,5.0371093276046501,3.6649533548423863,3.6755056378416056,3.6649533548423863,0.46011559049363393,0.47058585286411148]
[7,308.49050054716633,6.1373318115305562,6.6129666699320167,6.6337153709368719,6.6129666699320167,0.47217017365612551,0.48696737458454947]
[8,306.20114896732827,7.2145858865667645,10.318174865212773,10.352358327548256,10.318174865212773,0.48261232855936315,0.5009834112429925]
[9,303.92837950566843,8.2620500674225923,14.689599734072369,14.740098780190566,14.689599734072369,0.49182296194769237,0.51320998703864029]
[10,301.67187227046389,9.2765662192211682,19.641541348893693,19.710886156386916,19.641541348893693,0.50006215427213441,0.52405184178271702]
[11,299.43130307431744,10.257068090666188,25.096051765305784,25.186449448614685,25.096051765305784,0.50751541033283254,0.53379531928685697]
[12,297.20635454255091,11.203691007062872,30.983388036788615,31.096755577842952,30.983388036788615,0.51431970001342164,0.54264794712759079]
[13,294.99672326497847,12.117253670841265,37.24167834588966,37.379675253412039,37.24167834588966,0.52057903975349229,0.55076401674946873]
[14,292.80212401777624,12.998950342643127,43.816284068903819,43.980342660880531,43.816284068903819,0.52637428317591317,0.55826099276016727]
[15,290.62229192972558,13.850165480014155,50.659066640668911,50.850419250184828,50.659066640668911,0.53176952572619285,0.56523022564124004]
[16,288.45698325334371,14.67236140107139,57.727655521683708,57.947358533086557,57.727655521683708,0.53681643807915091,0.57174410715902435]
[16,80,15.671499974750315,24.313285387768904,24.532988399171753,24.313285387768904,0.53681643807915091,0.57174410715902435]
[17,79.406206177604062,16.514055395714418,27.127232849019542,27.231107736376334,27.127232849019542,0.54155728350519616,0.58089246547503282]
[18,78.81678909847372,17.328126158509498,30.634532667009058,30.75117827756031,30.634532667009058,0.54602707146748009,0.57934203166028286]
[19,78.231702617010995,18.115226165931478,34.224651698928426,34.355640048874704,34.224651698928426,0.55025512817081568,0.58491435774687528]
[20,77.650912206993979,18.876795926846508,37.882261519482455,38.027899157018972,37.882261519482455,0.55426626379192212,0.59020806056958131]
[21,77.074384016459263,19.614196521417771,41.593843974747891,41.754379385990745,41.593843974747891,0.55808165462997172,0.59525075256308191]
[22,76.502084841250635,20.328708022706881,45.347468951326618,45.523099378786966,45.347468951326618,0.56171951985262036,0.60006619451597454]
[23,75.933982094589595,21.021530696123396,49.132598942040339,49.323476361572212,49.132598942040339,0.56519564768565955,0.60467497165884043]
[24,75.370043774708407,21.693787855852381,52.939918449076394,53.146154810283136,52.939918449076394,0.56852380953320936,0.60909502832932694]
[25,74.810238431955739,22.346529654612901,56.761185602090109,56.982857427648973,56.761185602090109,0.57171608950469333,0.61334209566504905]
[26,74.254535136329551,22.980737340386685,60.589103266996517,60.826255695357986,60.589103266996517,0.57478314927328,0.61743003705819288]
[27,73.702903446065378,23.597327681732821,64.417207075751577,64.669857420827825,64.417207075751577,0.57773444292153853,0.62137112956185703]
[28,73.155313377675853,24.197157373600465,68.239768064227945,68.507908955715664,68.239768064227945,0.58057839269570088,0.62517629487503756]
[29,72.611735377673114,24.781027308208969,72.051707888291162,72.335310047427313,72.051707888291162,0.58332253390494226,0.62885529026470643]
[30,72.07214029609068,25.349686643449033,75.848524861603281,76.147539559454771,75.848524861603281,0.58597363524598056,0.63241686739332126]
[31,71.53649936184172,25.903836632718765,79.62622930726809,79.940590546031146,79.62622930726809,0.58853779939073847,0.63586890524346473]
[32,71.004784159896232,26.444134200622766,83.381286934269568,83.710913386387475,83.381286934269568,0.59102054759893863,0.63921852199343066]
[33,70.476966610223784,26.971195262153454,87.110569138814895,87.455365873890187,87.110569138814895,0.59342689130667869,0.6424721696787915]
[34,69.953018948425125,27.485597791257923,90.81130929248107,91.171169317841105,90.81130929248107,0.59576139302498388,0.64563571469191361]
[35,69.432913707962456,27.987884649692472,94.481064216611102,94.855869853879199,94.481064216611102,0.5980282184084722,0.64871450656451091]
[36,68.916623703890423,28.478566189873192,98.117680158985848,98.507304276020051,98.117680158985848,0.60023118098726791,0.65171343700426054]
[37,68.404122017987603,28.958122646786663,101.71926268746169,102.12356980246946,101.71926268746169,0.60237378076877834,0.65463699078387438]
[38,67.89538198518828,29.427006334431098,105.28414999877843,105.70299727123266,105.28414999877843,0.60445923769060339,0.65748928978584065]
[39,67.39037718121692,29.885643662057632,108.81088921145124,109.24412733256038,108.81088921145124,0.60649052072733833,0.66027413127136547]
[40,66.889081411331702,30.334436984904961,112.29821527164283,112.74568926552126,112.29821527164283,0.60847037331170983,0.66299502125358467]
[41,66.391468700088069,30.773766303324315,115.74503215182877,116.20658209712964,115.74503215182877,0.61040133561627696,0.66565520370394038]
[42,65.897513282038574,31.203990823281725,119.1503960654193,119.62585774599847,119.1503960654193,0.61228576414975944,0.66825768619764181]
[43,65.407189593290468,31.625450390268764,122.51350045743779,123.00270594958606,122.51350045743779,0.61412584904723655,0.67080526250458894]
[44,64.920472263848168,32.038466807698001,125.83366256292871,126.33644076581506,125.83366256292871,0.61592362937240808,0.67330053255045075]
[45,64.437336110672874,32.4433450499331,129.11031135179695,129.62648846698895,129.11031135179695,0.617681006700039,0.67574592010558543]
[46,63.957756131396778,32.84037437922327,132.34297670196449,132.87237666721703,132.34297670196449,0.61939975720544727,0.67814368850447104]
[47,63.481707498634094,33.229829374987162,135.53127966268352,136.0737245445967,135.53127966268352,0.6210815424537266,0.68049595465209678]
[48,63.009165554835938,33.611970883126588,138.67492368702347,139.2302340366565,138.67492368702347,0.62272791905299707,0.68280470153630701]
[49,62.540105807640188,33.987046892346775,141.77368672739709,142.34168190247308,141.77368672739709,0.62434034731225097,0.68507178943274327]
[50,62.074503925671578,34.355293343815383,144.82741410083418,145.40791255777583,144.82741410083418,0.62592019902448104,0.6872989659628721]
[51,61.612335734751049,34.716934879905423,147.83601204185209,148.42883160053961,147.83601204185209,0.62746876447904232,0.68948787514279963]
[52,61.153577214476712,35.072185537233722,150.79944187045345,151.40439995429043,150.79944187045345,0.62898725879306772,0.69164006554199509]
[53,60.698204495142107,35.421249388722224,153.7177147112082,154.33462856480992,153.7177147112082,0.63047682763977597,0.6937569976548188]
[54,60.246193854960282,35.76432113897198,156.59088670673103,157.21957359331151,156.59088670673103,0.63193855244132624,0.6958400505742488]
[55,59.797521717564948,36.101586676843255,159.41905467529372,160.05933205561553,159.41905467529372,0.63337345508517928,0.69789052804552332]
[56,59.352164649762479,36.433223588777338,162.20235216793239,162.85403786249583,162.20235216793239,0.63478250221548882,0.69990966396771637]
[57,58.910099359510696,36.759401636072788,164.94094588535515,165.60385822133668,164.94094588535515,0.63616660914466183,0.70189862740238917]
[58,58.471302694102633,37.080283199036693,167.63503241928427,168.30899036358545,167.63503241928427,0.63752664342472998,0.70385852714164554]
[59,58.035751638535181,37.396023690668386,170.28483528668792,170.96965856632448,170.28483528668792,0.63886342811342733,0.70579041588109248]
[60,57.603423314044448,37.706771942294793,172.89060222872322,173.58611143966465,172.89060222872322,0.64017774476576828,0.70769529403823728]
[61,57.174294976791096,38.012670563361915,175.45260274918243,176.15861945464846,175.45260274918243,0.64147033617835292,0.70957411325186603]
[62,56.748344016680591,38.313856277392745,177.97112586986458,178.68747268898926,177.97112586986458,0.64274190891052618,0.7114277795937769]
[63,56.325547956304369,38.610460235945887,180.44647808261868,181.17297877030896,180.44647808261868,0.64399313560381788,0.71325715652109667]
[64,55.905884449989429,38.902608312250749,182.87898147987755,183.61546099861667,182.87898147987755,0.64522465711872634,0.71506306759367866]
[65,55.489331282944732,39.190421376051141,185.26897204732958,186.01525663160797,185.26897204732958,0.64643708450583881,0.71684629897895191]
[66,55.075866370494019,39.474015551058578,187.61679810400909,188.37271531800315,187.61679810400909,0.64763100082646641,0.71860760176375171]
[67,54.6654677573854,39.753502456299003,189.92281887654593,190.68819766561066,189.92281887654593,0.64880696283637351,0.72034769409082744]
[68,54.258113617169144,40.028989432528896,192.18740319560149,192.96207393209241,192.18740319560149,0.64996550254477159,0.72206726313584124]
[69,53.853782251635636,40.300579754799891,194.41092830368731,195.19472282758221,194.41092830368731,0.65110712865950571,0.72376696693884013]
[70,53.452452090306387,40.568372832162403,196.59377876459362,197.38653041934384,196.59377876459362,0.65223232792825991,0.72544743610304019]
[71,53.054101689971517,40.83246439541842,198.73634546557892,199.53788912958302,198.73634546557892,0.65334156638463092,0.72710927537239967]
[72,52.658709734267809,41.092946673760501,200.83902470431499,201.64919681837421,200.83902470431499,0.65443529050705562,0.72875306509792881]
[73,52.266255033291891,41.349908561067402,202.90221735331241,203.72085594439704,202.90221735331241,0.65551392829780419,0.73037936260259828]
[74,51.87671652324368,41.603435772565774,204.92632809523826,205.75327279686661,204.92632809523826,0.65657789028856606,0.73198870345262335]
[75,51.490073266095692,41.853610992512444,206.9117647231285,207.74685679263436,206.9117647231285,0.65762757047853948,0.73358160264320882]
[76,51.106304449284082,42.100514013500529,208.85893750004871,209.70201983299197,208.85893750004871,0.6586633472103911,0.73515855570532662]
[77,50.72538938541792,42.34422186794712,210.76825857324081,211.61917571519348,210.76825857324081,0.65968558398895816,0.7367200397400232]
[78,50.347307512003368,42.584808952277299,212.64014143824113,213.49873959416314,212.64014143824113,0.66069463024712605,0.73826651438563895]
[79,49.972038391179744,42.822347144280954,214.47500044885075,215.34112749025252,214.47500044885075,0.66169082206292118,0.73979842272346541]
[80,49.599561709464886,43.056905914083323,216.27325036919822,217.14675583927095,216.27325036919822,0.66267448283149744,0.74131619212616162]
[81,49.229857277507378,43.288552429137539,218.03530596446774,218.91604108134794,218.03530596446774,0.66364592389538479,0.74282023505370642]
[82,48.862905029843489,43.517351653617766,219.76158162715703,220.64939928547943,219.76158162715703,0.66460544513606468,0.74431094980006907]
[83,48.498685024656886,43.743366442564032,221.45249103599474,222.34724580687461,221.45249103599474,0.66555333552969398,0.74578872119522943]
[84,48.13717744353945,43.966657631104702,223.1084468449007,224.00999497447603,223.1084468449007,0.66648987366954715,0.74725392126475598]
[85,47.778362591251565,44.18728411905937,224.72986039958229,225.63805980623656,224.72986039958229,0.66741532825754279,0.74870690985068145]
[86,47.422220895480599,44.405302951203694,226.31714147956851,227.23185174994492,226.31714147956851,0.66832995856702426,0.75014803519612661]
[87,47.068732906596345,44.620769393457955,227.87069806366489,228.79178044757444,227.87069806366489,0.66923401487878842,0.75157763449632087]
[88,46.71787929740232,44.833737005243087,229.39093611697436,230.31825352129295,229.39093611697436,0.67012773889219579,0.75299603441823793]
[89,46.369640862882051,45.044257708231299,230.87825939778907,231.81167637943068,230.87825939778907,0.6710113641130534,0.75440355159114569]
[90,46.023998519939482,45.252381851702822,232.33306928279043,233.27245204083746,232.33306928279043,0.67188511621982672,0.7558004930699016]
[91,45.680933307132825,45.458158274706179,233.755764609122,234.70098097618765,233.755764609122,0.67274921340961769,0.75718715677286608]
[92,45.340426384401219,45.661634365206403,235.14674153201747,236.09766096490935,235.14674153201747,0.67360386672523498,0.75856383189616861]
[93,45.002459032783698,45.862856116392841,236.50639339676917,237.462886966518,236.50639339676917,0.67444928036458462,0.75993079930584895]
[94,44.667012654130033,46.061868180307883,237.8351106239185,238.79705100523111,237.8351106239185,0.67528565197351431,0.7612883319092858]
[95,44.334068770803093,46.258713918946398,239.13328060664554,240.10054206683725,239.13328060664554,0.67611317292316231,0.76263669500711173]
[96,44.003609025372413,46.453435452967014,240.4012876193984,241.37374600685519,240.4012876193984,0.67693202857278478,0.76397614662730728]
[97,43.675615180298713,46.646073708146517,241.63951273690057,242.61704546911858,241.63951273690057,0.67774239851896456,0.76530693784197235]
[98,43.350069117609294,46.836668459701023,242.84833376272184,243.83081981396674,242.84833376272184,0.67854445683203879,0.76662931306833515]
[99,43.026952838564043,47.025258374589363,244.02812516667038,245.01544505529796,244.02812516667038,0.67933837228052496,0.76794351035486164]
[100,42.706248463312065,47.211881051907106,245.17925803032509,246.17129380579991,245.17925803032509,0.68012430854426886,0.76924976165309533]
["CARDTYPE B: THE TITLE IS"]
["Rotation 2"]
["CARDTYPE C: MATRICES TO BE OUTPUT. YESF/YESA/YESX",0,0,1]
["NUTRIENT SIMULATED IF YESN=1.0. YESN= ",1]
["INPNAP/INPX/INDEAD",1,2,0]
["GROWTH ADJUSTED WHEN NLIMITED=1. NLIMITED=",0]
["CARDTYPE D: CEASE AT AGE AGEND=",100]
["DENSITY_REGION/HT/PHYSIOL_AGE/NDIST",6,0.2,0,3]
["CARDTYPE E: ONE CARD FOR EACH OF",3,"DISTURBANCES"]
["ADIST","SPHAN","BAN","PRNHT","XTRACT","XTRACC","XTRACF"]
[0,325,-1,-1,0,0,0]
[16,80,30,-1,0,0,0]
[100,0,-2,-1,0.85,0,0]
["CARDTYPE G: HT GROWTH COEFF:",-1.825E-3,1.7725000399999999,"HT AGE 20:=",30]
["FRACTION CONSUMPTION 1 YR FAS:",0.05,"FRACTION RETENTION OLDER FAS:",1.8,"RADIATION:",7.2,"ROTATION NO",2]
["SOIL C=",6,"SOIL Kjeldahl N=",0.3]
["CRDTYPE K: AVERAGE TREE COMPONENT WEIGHTS(KG),STARTING AT 'X3':="]
[4.3E-3,0,0,0,0,2.8999999999999998E-3,0,1.1000000000000001E-3]
["INITIAL VEGETATION DM, AND SITE PRP LOSS, RESP",81.78,0]
[" CARDTYPES N AND O: NYRS OF DATA =",102]
["AGE","SPH","HT","LIVEVOL","GROSSVOL","BA","STEMDENS","RINGDENS"]
[0,325,0.28013396792479084,2.0799999999999998E-3,2.0799999999999998E-3,2.0799999999999998E-3,0.32,0.32]
[1,322.58850000000001,0.37885773264388439,1.0860476971666852E-2,1.0886599362069279E-2,1.0860476971666852E-2,0.32,0.32]
[2,320.19489333000001,0.92832623252620261,5.8781145350327663E-2,5.892172793090307E-2,5.8781145350327663E-2,0.37420410951978772,0.38629414708681059]
[3,317.81904722149142,1.8027903589538594,0.17031664960952522,0.17077911958287936,0.17031664960952522,0.40591148097384622,0.42242188587676732]
[4,315.46082989093134,2.8331490666844705,0.36521351537127128,0.36629456733508903,0.36521351537127128,0.42840821903957543,0.44783514711299272]
[5,313.12010927629177,3.9272717586859458,1.5623688866918377,1.5662600173930088,1.5623688866918377,0.44585804475234664,0.45110764385446533]
[6,310.79673399564433,5.0371093276046501,3.6649533548423863,3.6755056378416056,3.6649533548423863,0.46011559049363393,0.47058585286411148]
[7,308.49050054716633,6.1373318115305562,6.6129666699320167,6.6337153709368719,6.6129666699320167,0.47217017365612551,0.48696737458454947]
[8,306.20114896732827,7.2145858865667645,10.318174865212773,10.352358327548256,10.318174865212773,0.48261232855936315,0.5009834112429925]
[9,303.92837950566843,8.2620500674225923,14.689599734072369,14.740098780190566,14.689599734072369,0.49182296194769237,0.51320998703864029]
[10,301.67187227046389,9.2765662192211682,19.641541348893693,19.710886156386916,19.641541348893693,0.50006215427213441,0.52405184178271702]
[11,299.43130307431744,10.257068090666188,25.096051765305784,25.186449448614685,25.096051765305784,0.50751541033283254,0.53379531928685697]
[12,297.20635454255091,11.203691007062872,30.983388036788615,31.096755577842952,30.983388036788615,0.51431970001342164,0.54264794712759079]
[13,294.99672326497847,12.117253670841265,37.24167834588966,37.379675253412039,37.24167834588966,0.52057903975349229,0.55076401674946873]
[14,292.80212401777624,12.998950342643127,43.816284068903819,43.980342660880531,43.816284068903819,0.52637428317591317,0.55826099276016727]
[15,290.62229192972558,13.850165480014155,50.659066640668911,50.850419250184828,50.659066640668911,0.53176952572619285,0.56523022564124004]
[16,288.45698325334371,14.67236140107139,57.727655521683708,57.947358533086557,57.727655521683708,0.53681643807915091,0.57174410715902435]
[16,80,15.671499974750315,24.313285387768904,24.532988399171753,24.313285387768904,0.53681643807915091,0.57174410715902435]
[17,79.406206177604062,16.514055395714418,27.127232849019542,27.231107736376334,27.127232849019542,0.54155728350519616,0.58089246547503282]
[18,78.81678909847372,17.328126158509498,30.634532667009058,30.75117827756031,30.634532667009058,0.54602707146748009,0.57934203166028286]
[19,78.231702617010995,18.115226165931478,34.224651698928426,34.355640048874704,34.224651698928426,0.55025512817081568,0.58491435774687528]
[20,77.650912206993979,18.876795926846508,37.882261519482455,38.027899157018972,37.882261519482455,0.55426626379192212,0.59020806056958131]
[21,77.074384016459263,19.614196521417771,41.593843974747891,41.754379385990745,41.593843974747891,0.55808165462997172,0.59525075256308191]
[22,76.502084841250635,20.328708022706881,45.347468951326618,45.523099378786966,45.347468951326618,0.56171951985262036,0.60006619451597454]
[23,75.933982094589595,21.021530696123396,49.132598942040339,49.323476361572212,49.132598942040339,0.56519564768565955,0.60467497165884043]
[24,75.370043774708407,21.693787855852381,52.939918449076394,53.146154810283136,52.939918449076394,0.56852380953320936,0.60909502832932694]
[25,74.810238431955739,22.346529654612901,56.761185602090109,56.982857427648973,56.761185602090109,0.57171608950469333,0.61334209566504905]
[26,74.254535136329551,22.980737340386685,60.589103266996517,60.826255695357986,60.589103266996517,0.57478314927328,0.61743003705819288]
[27,73.702903446065378,23.597327681732821,64.417207075751577,64.669857420827825,64.417207075751577,0.57773444292153853,0.62137112956185703]
[28,73.155313377675853,24.197157373600465,68.239768064227945,68.507908955715664,68.239768064227945,0.58057839269570088,0.62517629487503756]
[29,72.611735377673114,24.781027308208969,72.051707888291162,72.335310047427313,72.051707888291162,0.58332253390494226,0.62885529026470643]
[30,72.07214029609068,25.349686643449033,75.848524861603281,76.147539559454771,75.848524861603281,0.58597363524598056,0.63241686739332126]
[31,71.53649936184172,25.903836632718765,79.62622930726809,79.940590546031146,79.62622930726809,0.58853779939073847,0.63586890524346473]
[32,71.004784159896232,26.444134200622766,83.381286934269568,83.710913386387475,83.381286934269568,0.59102054759893863,0.63921852199343066]
[33,70.476966610223784,26.971195262153454,87.110569138814895,87.455365873890187,87.110569138814895,0.59342689130667869,0.6424721696787915]
[34,69.953018948425125,27.485597791257923,90.81130929248107,91.171169317841105,90.81130929248107,0.59576139302498388,0.64563571469191361]
[35,69.432913707962456,27.987884649692472,94.481064216611102,94.855869853879199,94.481064216611102,0.5980282184084722,0.64871450656451091]
[36,68.916623703890423,28.478566189873192,98.117680158985848,98.507304276020051,98.117680158985848,0.60023118098726791,0.65171343700426054]
[37,68.404122017987603,28.958122646786663,101.71926268746169,102.12356980246946,101.71926268746169,0.60237378076877834,0.65463699078387438]
[38,67.89538198518828,29.427006334431098,105.28414999877843,105.70299727123266,105.28414999877843,0.60445923769060339,0.65748928978584065]
[39,67.39037718121692,29.885643662057632,108.81088921145124,109.24412733256038,108.81088921145124,0.60649052072733833,0.66027413127136547]
[40,66.889081411331702,30.334436984904961,112.29821527164283,112.74568926552126,112.29821527164283,0.60847037331170983,0.66299502125358467]
[41,66.391468700088069,30.773766303324315,115.74503215182877,116.20658209712964,115.74503215182877,0.61040133561627696,0.66565520370394038]
[42,65.897513282038574,31.203990823281725,119.1503960654193,119.62585774599847,119.1503960654193,0.61228576414975944,0.66825768619764181]
[43,65.407189593290468,31.625450390268764,122.51350045743779,123.00270594958606,122.51350045743779,0.61412584904723655,0.67080526250458894]
[44,64.920472263848168,32.038466807698001,125.83366256292871,126.33644076581506,125.83366256292871,0.61592362937240808,0.67330053255045075]
[45,64.437336110672874,32.4433450499331,129.11031135179695,129.62648846698895,129.11031135179695,0.617681006700039,0.67574592010558543]
[46,63.957756131396778,32.84037437922327,132.34297670196449,132.87237666721703,132.34297670196449,0.61939975720544727,0.67814368850447104]
[47,63.481707498634094,33.229829374987162,135.53127966268352,136.0737245445967,135.53127966268352,0.6210815424537266,0.68049595465209678]
[48,63.009165554835938,33.611970883126588,138.67492368702347,139.2302340366565,138.67492368702347,0.62272791905299707,0.68280470153630701]
[49,62.540105807640188,33.987046892346775,141.77368672739709,142.34168190247308,141.77368672739709,0.62434034731225097,0.68507178943274327]
[50,62.074503925671578,34.355293343815383,144.82741410083418,145.40791255777583,144.82741410083418,0.62592019902448104,0.6872989659628721]
[51,61.612335734751049,34.716934879905423,147.83601204185209,148.42883160053961,147.83601204185209,0.62746876447904232,0.68948787514279963]
[52,61.153577214476712,35.072185537233722,150.79944187045345,151.40439995429043,150.79944187045345,0.62898725879306772,0.69164006554199509]
[53,60.698204495142107,35.421249388722224,153.7177147112082,154.33462856480992,153.7177147112082,0.63047682763977597,0.6937569976548188]
[54,60.246193854960282,35.76432113897198,156.59088670673103,157.21957359331151,156.59088670673103,0.63193855244132624,0.6958400505742488]
[55,59.797521717564948,36.101586676843255,159.41905467529372,160.05933205561553,159.41905467529372,0.63337345508517928,0.69789052804552332]
[56,59.352164649762479,36.433223588777338,162.20235216793239,162.85403786249583,162.20235216793239,0.63478250221548882,0.69990966396771637]
[57,58.910099359510696,36.759401636072788,164.94094588535515,165.60385822133668,164.94094588535515,0.63616660914466183,0.70189862740238917]
[58,58.471302694102633,37.080283199036693,167.63503241928427,168.30899036358545,167.63503241928427,0.63752664342472998,0.70385852714164554]
[59,58.035751638535181,37.396023690668386,170.28483528668792,170.96965856632448,170.28483528668792,0.63886342811342733,0.70579041588109248]
[60,57.603423314044448,37.706771942294793,172.89060222872322,173.58611143966465,172.89060222872322,0.64017774476576828,0.70769529403823728]
[61,57.174294976791096,38.012670563361915,175.45260274918243,176.15861945464846,175.45260274918243,0.64147033617835292,0.70957411325186603]
[62,56.748344016680591,38.313856277392745,177.97112586986458,178.68747268898926,177.97112586986458,0.64274190891052618,0.7114277795937769]
[63,56.325547956304369,38.610460235945887,180.44647808261868,181.17297877030896,180.44647808261868,0.64399313560381788,0.71325715652109667]
[64,55.905884449989429,38.902608312250749,182.87898147987755,183.61546099861667,182.87898147987755,0.64522465711872634,0.71506306759367866]
[65,55.489331282944732,39.190421376051141,185.26897204732958,186.01525663160797,185.26897204732958,0.64643708450583881,0.71684629897895191]
[66,55.075866370494019,39.474015551058578,187.61679810400909,188.37271531800315,187.61679810400909,0.64763100082646641,0.71860760176375171]
[67,54.6654677573854,39.753502456299003,189.92281887654593,190.68819766561066,189.92281887654593,0.64880696283637351,0.72034769409082744]
[68,54.258113617169144,40.028989432528896,192.18740319560149,192.96207393209241,192.18740319560149,0.64996550254477159,0.72206726313584124]
[69,53.853782251635636,40.300579754799891,194.41092830368731,195.19472282758221,194.41092830368731,0.65110712865950571,0.72376696693884013]
[70,53.452452090306387,40.568372832162403,196.59377876459362,197.38653041934384,196.59377876459362,0.65223232792825991,0.72544743610304019]
[71,53.054101689971517,40.83246439541842,198.73634546557892,199.53788912958302,198.73634546557892,0.65334156638463092,0.72710927537239967]
[72,52.658709734267809,41.092946673760501,200.83902470431499,201.64919681837421,200.83902470431499,0.65443529050705562,0.72875306509792881]
[73,52.266255033291891,41.349908561067402,202.90221735331241,203.72085594439704,202.90221735331241,0.65551392829780419,0.73037936260259828]
[74,51.87671652324368,41.603435772565774,204.92632809523826,205.75327279686661,204.92632809523826,0.65657789028856606,0.73198870345262335]
[75,51.490073266095692,41.853610992512444,206.9117647231285,207.74685679263436,206.9117647231285,0.65762757047853948,0.73358160264320882]
[76,51.106304449284082,42.100514013500529,208.85893750004871,209.70201983299197,208.85893750004871,0.6586633472103911,0.73515855570532662]
[77,50.72538938541792,42.34422186794712,210.76825857324081,211.61917571519348,210.76825857324081,0.65968558398895816,0.7367200397400232]
[78,50.347307512003368,42.584808952277299,212.64014143824113,213.49873959416314,212.64014143824113,0.66069463024712605,0.73826651438563895]
[79,49.972038391179744,42.822347144280954,214.47500044885075,215.34112749025252,214.47500044885075,0.66169082206292118,0.73979842272346541]
[80,49.599561709464886,43.056905914083323,216.27325036919822,217.14675583927095,216.27325036919822,0.66267448283149744,0.74131619212616162]
[81,49.229857277507378,43.288552429137539,218.03530596446774,218.91604108134794,218.03530596446774,0.66364592389538479,0.74282023505370642]
[82,48.862905029843489,43.517351653617766,219.76158162715703,220.64939928547943,219.76158162715703,0.66460544513606468,0.74431094980006907]
[83,48.498685024656886,43.743366442564032,221.45249103599474,222.34724580687461,221.45249103599474,0.66555333552969398,0.74578872119522943]
[84,48.13717744353945,43.966657631104702,223.1084468449007,224.00999497447603,223.1084468449007,0.66648987366954715,0.74725392126475598]
[85,47.778362591251565,44.18728411905937,224.72986039958229,225.63805980623656,224.72986039958229,0.66741532825754279,0.74870690985068145]
[86,47.422220895480599,44.405302951203694,226.31714147956851,227.23185174994492,226.31714147956851,0.66832995856702426,0.75014803519612661]
[87,47.068732906596345,44.620769393457955,227.87069806366489,228.79178044757444,227.87069806366489,0.66923401487878842,0.75157763449632087]
[88,46.71787929740232,44.833737005243087,229.39093611697436,230.31825352129295,229.39093611697436,0.67012773889219579,0.75299603441823793]
[89,46.369640862882051,45.044257708231299,230.87825939778907,231.81167637943068,230.87825939778907,0.6710113641130534,0.75440355159114569]
[90,46.023998519939482,45.252381851702822,232.33306928279043,233.27245204083746,232.33306928279043,0.67188511621982672,0.7558004930699016]
[91,45.680933307132825,45.458158274706179,233.755764609122,234.70098097618765,233.755764609122,0.67274921340961769,0.75718715677286608]
[92,45.340426384401219,45.661634365206403,235.14674153201747,236.09766096490935,235.14674153201747,0.67360386672523498,0.75856383189616861]
[93,45.002459032783698,45.862856116392841,236.50639339676917,237.462886966518,236.50639339676917,0.67444928036458462,0.75993079930584895]
[94,44.667012654130033,46.061868180307883,237.8351106239185,238.79705100523111,237.8351106239185,0.67528565197351431,0.7612883319092858]
[95,44.334068770803093,46.258713918946398,239.13328060664554,240.10054206683725,239.13328060664554,0.67611317292316231,0.76263669500711173]
[96,44.003609025372413,46.453435452967014,240.4012876193984,241.37374600685519,240.4012876193984,0.67693202857278478,0.76397614662730728]
[97,43.675615180298713,46.646073708146517,241.63951273690057,242.61704546911858,241.63951273690057,0.67774239851896456,0.76530693784197235]
[98,43.350069117609294,46.836668459701023,242.84833376272184,243.83081981396674,242.84833376272184,0.67854445683203879,0.76662931306833515]
[99,43.026952838564043,47.025258374589363,244.02812516667038,245.01544505529796,244.02812516667038,0.67933837228052496,0.76794351035486164]
[100,42.706248463312065,47.211881051907106,245.17925803032509,246.17129380579991,245.17925803032509,0.68012430854426886,0.76924976165309533]

{"sheet":"INPUT","index":12,"n_rows":237,"n_cols":25,"rows_kept":237,"cut":false,"hidden":true,"merged":[]}
[2]
["Rotation 1"]
[0,0,1,1,0,1,2,0]
[100,6,3,0,3]
[0,325,-1,-1,0,0,0]
[16,80,30,-1,0,0,0]
[100,0,-2,-1,0.85,0,0]
[0,0,-1,-1,0,0,0]
[0,0,-1,-1,0,0,0]
[0,0,-1,-1,0,0,0]
[0,0,-1,-1,0,0,0]
[0,0,-1,-1,0,0,0]
[0,0,-1,-1,0,0,0]
[0,0,-1,-1,0,0,0]
[-1.825E-3,1.7725000399999999,30,0.05,1.8,7.2,1,200,6,0.3]
[4.3E-3,0,0,0,0,2.8999999999999998E-3,0,1.1000000000000001E-3,0,0,0,0,0,0,0,0,0,0,0,0,0,0,0,0,0]
[102]
[0,325,0.28013396792479084,2.0799999999999998E-3,2.0799999999999998E-3,2.0799999999999998E-3,0.32,0.32]
[1,322.58850000000001,0.37885773264388439,1.0860476971666852E-2,1.0886599362069279E-2,1.0860476971666852E-2,0.32,0.32]
[2,320.19489333000001,0.92832623252620261,5.8781145350327663E-2,5.892172793090307E-2,5.8781145350327663E-2,0.37420410951978772,0.38629414708681059]
[3,317.81904722149142,1.8027903589538594,0.17031664960952522,0.17077911958287936,0.17031664960952522,0.40591148097384622,0.42242188587676732]
[4,315.46082989093134,2.8331490666844705,0.36521351537127128,0.36629456733508903,0.36521351537127128,0.42840821903957543,0.44783514711299272]
[5,313.12010927629177,3.9272717586859458,1.5623688866918377,1.5662600173930088,1.5623688866918377,0.44585804475234664,0.45110764385446533]
[6,310.79673399564433,5.0371093276046501,3.6649533548423863,3.6755056378416056,3.6649533548423863,0.46011559049363393,0.47058585286411148]
[7,308.49050054716633,6.1373318115305562,6.6129666699320167,6.6337153709368719,6.6129666699320167,0.47217017365612551,0.48696737458454947]
[8,306.20114896732827,7.2145858865667645,10.318174865212773,10.352358327548256,10.318174865212773,0.48261232855936315,0.5009834112429925]
[9,303.92837950566843,8.2620500674225923,14.689599734072369,14.740098780190566,14.689599734072369,0.49182296194769237,0.51320998703864029]
[10,301.67187227046389,9.2765662192211682,19.641541348893693,19.710886156386916,19.641541348893693,0.50006215427213441,0.52405184178271702]
[11,299.43130307431744,10.257068090666188,25.096051765305784,25.186449448614685,25.096051765305784,0.50751541033283254,0.53379531928685697]
[12,297.20635454255091,11.203691007062872,30.983388036788615,31.096755577842952,30.983388036788615,0.51431970001342164,0.54264794712759079]
[13,294.99672326497847,12.117253670841265,37.24167834588966,37.379675253412039,37.24167834588966,0.52057903975349229,0.55076401674946873]
[14,292.80212401777624,12.998950342643127,43.816284068903819,43.980342660880531,43.816284068903819,0.52637428317591317,0.55826099276016727]
[15,290.62229192972558,13.850165480014155,50.659066640668911,50.850419250184828,50.659066640668911,0.53176952572619285,0.56523022564124004]
[16,288.45698325334371,14.67236140107139,57.727655521683708,57.947358533086557,57.727655521683708,0.53681643807915091,0.57174410715902435]
[16,80,15.671499974750315,24.313285387768904,24.532988399171753,24.313285387768904,0.53681643807915091,0.57174410715902435]
[17,79.406206177604062,16.514055395714418,27.127232849019542,27.231107736376334,27.127232849019542,0.54155728350519616,0.58089246547503282]
[18,78.81678909847372,17.328126158509498,30.634532667009058,30.75117827756031,30.634532667009058,0.54602707146748009,0.57934203166028286]
[19,78.231702617010995,18.115226165931478,34.224651698928426,34.355640048874704,34.224651698928426,0.55025512817081568,0.58491435774687528]
[20,77.650912206993979,18.876795926846508,37.882261519482455,38.027899157018972,37.882261519482455,0.55426626379192212,0.59020806056958131]
[21,77.074384016459263,19.614196521417771,41.593843974747891,41.754379385990745,41.593843974747891,0.55808165462997172,0.59525075256308191]
[22,76.502084841250635,20.328708022706881,45.347468951326618,45.523099378786966,45.347468951326618,0.56171951985262036,0.60006619451597454]
[23,75.933982094589595,21.021530696123396,49.132598942040339,49.323476361572212,49.132598942040339,0.56519564768565955,0.60467497165884043]
[24,75.370043774708407,21.693787855852381,52.939918449076394,53.146154810283136,52.939918449076394,0.56852380953320936,0.60909502832932694]
[25,74.810238431955739,22.346529654612901,56.761185602090109,56.982857427648973,56.761185602090109,0.57171608950469333,0.61334209566504905]
[26,74.254535136329551,22.980737340386685,60.589103266996517,60.826255695357986,60.589103266996517,0.57478314927328,0.61743003705819288]
[27,73.702903446065378,23.597327681732821,64.417207075751577,64.669857420827825,64.417207075751577,0.57773444292153853,0.62137112956185703]
[28,73.155313377675853,24.197157373600465,68.239768064227945,68.507908955715664,68.239768064227945,0.58057839269570088,0.62517629487503756]
[29,72.611735377673114,24.781027308208969,72.051707888291162,72.335310047427313,72.051707888291162,0.58332253390494226,0.62885529026470643]
[30,72.07214029609068,25.349686643449033,75.848524861603281,76.147539559454771,75.848524861603281,0.58597363524598056,0.63241686739332126]
[31,71.53649936184172,25.903836632718765,79.62622930726809,79.940590546031146,79.62622930726809,0.58853779939073847,0.63586890524346473]
[32,71.004784159896232,26.444134200622766,83.381286934269568,83.710913386387475,83.381286934269568,0.59102054759893863,0.63921852199343066]
[33,70.476966610223784,26.971195262153454,87.110569138814895,87.455365873890187,87.110569138814895,0.59342689130667869,0.6424721696787915]
[34,69.953018948425125,27.485597791257923,90.81130929248107,91.171169317841105,90.81130929248107,0.59576139302498388,0.64563571469191361]
[35,69.432913707962456,27.987884649692472,94.481064216611102,94.855869853879199,94.481064216611102,0.5980282184084722,0.64871450656451091]
[36,68.916623703890423,28.478566189873192,98.117680158985848,98.507304276020051,98.117680158985848,0.60023118098726791,0.65171343700426054]
[37,68.404122017987603,28.958122646786663,101.71926268746169,102.12356980246946,101.71926268746169,0.60237378076877834,0.65463699078387438]
[38,67.89538198518828,29.427006334431098,105.28414999877843,105.70299727123266,105.28414999877843,0.60445923769060339,0.65748928978584065]
[39,67.39037718121692,29.885643662057632,108.81088921145124,109.24412733256038,108.81088921145124,0.60649052072733833,0.66027413127136547]
[40,66.889081411331702,30.334436984904961,112.29821527164283,112.74568926552126,112.29821527164283,0.60847037331170983,0.66299502125358467]
[41,66.391468700088069,30.773766303324315,115.74503215182877,116.20658209712964,115.74503215182877,0.61040133561627696,0.66565520370394038]
[42,65.897513282038574,31.203990823281725,119.1503960654193,119.62585774599847,119.1503960654193,0.61228576414975944,0.66825768619764181]
[43,65.407189593290468,31.625450390268764,122.51350045743779,123.00270594958606,122.51350045743779,0.61412584904723655,0.67080526250458894]
[44,64.920472263848168,32.038466807698001,125.83366256292871,126.33644076581506,125.83366256292871,0.61592362937240808,0.67330053255045075]
[45,64.437336110672874,32.4433450499331,129.11031135179695,129.62648846698895,129.11031135179695,0.617681006700039,0.67574592010558543]
[46,63.957756131396778,32.84037437922327,132.34297670196449,132.87237666721703,132.34297670196449,0.61939975720544727,0.67814368850447104]
[47,63.481707498634094,33.229829374987162,135.53127966268352,136.0737245445967,135.53127966268352,0.6210815424537266,0.68049595465209678]
[48,63.009165554835938,33.611970883126588,138.67492368702347,139.2302340366565,138.67492368702347,0.62272791905299707,0.68280470153630701]
[49,62.540105807640188,33.987046892346775,141.77368672739709,142.34168190247308,141.77368672739709,0.62434034731225097,0.68507178943274327]
[50,62.074503925671578,34.355293343815383,144.82741410083418,145.40791255777583,144.82741410083418,0.62592019902448104,0.6872989659628721]
[51,61.612335734751049,34.716934879905423,147.83601204185209,148.42883160053961,147.83601204185209,0.62746876447904232,0.68948787514279963]
[52,61.153577214476712,35.072185537233722,150.79944187045345,151.40439995429043,150.79944187045345,0.62898725879306772,0.69164006554199509]
[53,60.698204495142107,35.421249388722224,153.7177147112082,154.33462856480992,153.7177147112082,0.63047682763977597,0.6937569976548188]
[54,60.246193854960282,35.76432113897198,156.59088670673103,157.21957359331151,156.59088670673103,0.63193855244132624,0.6958400505742488]
[55,59.797521717564948,36.101586676843255,159.41905467529372,160.05933205561553,159.41905467529372,0.63337345508517928,0.69789052804552332]
[56,59.352164649762479,36.433223588777338,162.20235216793239,162.85403786249583,162.20235216793239,0.63478250221548882,0.69990966396771637]
[57,58.910099359510696,36.759401636072788,164.94094588535515,165.60385822133668,164.94094588535515,0.63616660914466183,0.70189862740238917]
[58,58.471302694102633,37.080283199036693,167.63503241928427,168.30899036358545,167.63503241928427,0.63752664342472998,0.70385852714164554]
[59,58.035751638535181,37.396023690668386,170.28483528668792,170.96965856632448,170.28483528668792,0.63886342811342733,0.70579041588109248]
[60,57.603423314044448,37.706771942294793,172.89060222872322,173.58611143966465,172.89060222872322,0.64017774476576828,0.70769529403823728]
[61,57.174294976791096,38.012670563361915,175.45260274918243,176.15861945464846,175.45260274918243,0.64147033617835292,0.70957411325186603]
[62,56.748344016680591,38.313856277392745,177.97112586986458,178.68747268898926,177.97112586986458,0.64274190891052618,0.7114277795937769]
[63,56.325547956304369,38.610460235945887,180.44647808261868,181.17297877030896,180.44647808261868,0.64399313560381788,0.71325715652109667]
[64,55.905884449989429,38.902608312250749,182.87898147987755,183.61546099861667,182.87898147987755,0.64522465711872634,0.71506306759367866]
[65,55.489331282944732,39.190421376051141,185.26897204732958,186.01525663160797,185.26897204732958,0.64643708450583881,0.71684629897895191]
[66,55.075866370494019,39.474015551058578,187.61679810400909,188.37271531800315,187.61679810400909,0.64763100082646641,0.71860760176375171]
[67,54.6654677573854,39.753502456299003,189.92281887654593,190.68819766561066,189.92281887654593,0.64880696283637351,0.72034769409082744]
[68,54.258113617169144,40.028989432528896,192.18740319560149,192.96207393209241,192.18740319560149,0.64996550254477159,0.72206726313584124]
[69,53.853782251635636,40.300579754799891,194.41092830368731,195.19472282758221,194.41092830368731,0.65110712865950571,0.72376696693884013]
[70,53.452452090306387,40.568372832162403,196.59377876459362,197.38653041934384,196.59377876459362,0.65223232792825991,0.72544743610304019]
[71,53.054101689971517,40.83246439541842,198.73634546557892,199.53788912958302,198.73634546557892,0.65334156638463092,0.72710927537239967]
[72,52.658709734267809,41.092946673760501,200.83902470431499,201.64919681837421,200.83902470431499,0.65443529050705562,0.72875306509792881]
[73,52.266255033291891,41.349908561067402,202.90221735331241,203.72085594439704,202.90221735331241,0.65551392829780419,0.73037936260259828]
[74,51.87671652324368,41.603435772565774,204.92632809523826,205.75327279686661,204.92632809523826,0.65657789028856606,0.73198870345262335]
[75,51.490073266095692,41.853610992512444,206.9117647231285,207.74685679263436,206.9117647231285,0.65762757047853948,0.73358160264320882]
[76,51.106304449284082,42.100514013500529,208.85893750004871,209.70201983299197,208.85893750004871,0.6586633472103911,0.73515855570532662]
[77,50.72538938541792,42.34422186794712,210.76825857324081,211.61917571519348,210.76825857324081,0.65968558398895816,0.7367200397400232]
[78,50.347307512003368,42.584808952277299,212.64014143824113,213.49873959416314,212.64014143824113,0.66069463024712605,0.73826651438563895]
[79,49.972038391179744,42.822347144280954,214.47500044885075,215.34112749025252,214.47500044885075,0.66169082206292118,0.73979842272346541]
[80,49.599561709464886,43.056905914083323,216.27325036919822,217.14675583927095,216.27325036919822,0.66267448283149744,0.74131619212616162]
[81,49.229857277507378,43.288552429137539,218.03530596446774,218.91604108134794,218.03530596446774,0.66364592389538479,0.74282023505370642]
[82,48.862905029843489,43.517351653617766,219.76158162715703,220.64939928547943,219.76158162715703,0.66460544513606468,0.74431094980006907]
[83,48.498685024656886,43.743366442564032,221.45249103599474,222.34724580687461,221.45249103599474,0.66555333552969398,0.74578872119522943]
[84,48.13717744353945,43.966657631104702,223.1084468449007,224.00999497447603,223.1084468449007,0.66648987366954715,0.74725392126475598]
[85,47.778362591251565,44.18728411905937,224.72986039958229,225.63805980623656,224.72986039958229,0.66741532825754279,0.74870690985068145]
[86,47.422220895480599,44.405302951203694,226.31714147956851,227.23185174994492,226.31714147956851,0.66832995856702426,0.75014803519612661]
[87,47.068732906596345,44.620769393457955,227.87069806366489,228.79178044757444,227.87069806366489,0.66923401487878842,0.75157763449632087]
[88,46.71787929740232,44.833737005243087,229.39093611697436,230.31825352129295,229.39093611697436,0.67012773889219579,0.75299603441823793]
[89,46.369640862882051,45.044257708231299,230.87825939778907,231.81167637943068,230.87825939778907,0.6710113641130534,0.75440355159114569]
[90,46.023998519939482,45.252381851702822,232.33306928279043,233.27245204083746,232.33306928279043,0.67188511621982672,0.7558004930699016]
[91,45.680933307132825,45.458158274706179,233.755764609122,234.70098097618765,233.755764609122,0.67274921340961769,0.75718715677286608]
[92,45.340426384401219,45.661634365206403,235.14674153201747,236.09766096490935,235.14674153201747,0.67360386672523498,0.75856383189616861]
[93,45.002459032783698,45.862856116392841,236.50639339676917,237.462886966518,236.50639339676917,0.67444928036458462,0.75993079930584895]
[94,44.667012654130033,46.061868180307883,237.8351106239185,238.79705100523111,237.8351106239185,0.67528565197351431,0.7612883319092858]
[95,44.334068770803093,46.258713918946398,239.13328060664554,240.10054206683725,239.13328060664554,0.67611317292316231,0.76263669500711173]
[96,44.003609025372413,46.453435452967014,240.4012876193984,241.37374600685519,240.4012876193984,0.67693202857278478,0.76397614662730728]
[97,43.675615180298713,46.646073708146517,241.63951273690057,242.61704546911858,241.63951273690057,0.67774239851896456,0.76530693784197235]
[98,43.350069117609294,46.836668459701023,242.84833376272184,243.83081981396674,242.84833376272184,0.67854445683203879,0.76662931306833515]
[99,43.026952838564043,47.025258374589363,244.02812516667038,245.01544505529796,244.02812516667038,0.67933837228052496,0.76794351035486164]
[100,42.706248463312065,47.211881051907106,245.17925803032509,246.17129380579991,245.17925803032509,0.68012430854426886,0.76924976165309533]
["Rotation 2"]
[0,0,1,1,0,1,2,0]
[100,6,3,0,3]
[0,325,-1,-1,0,0,0]
[16,80,30,-1,0,0,0]
[100,0,-2,-1,0.85,0,0]
[0,0,-1,-1,0,0,0]
[0,0,-1,-1,0,0,0]
[0,0,-1,-1,0,0,0]
[0,0,-1,-1,0,0,0]
[0,0,-1,-1,0,0,0]
[0,0,-1,-1,0,0,0]
[0,0,-1,-1,0,0,0]
[-1.825E-3,1.7725000399999999,30,0.05,1.8,7.2,2,200,6,0.3]
[4.3E-3,0,0,0,0,2.8999999999999998E-3,0,1.1000000000000001E-3,0,0]
[102]
[0,325,0.28013396792479084,2.0799999999999998E-3,2.0799999999999998E-3,2.0799999999999998E-3,0.32,0.32]
[1,322.58850000000001,0.37885773264388439,1.0860476971666852E-2,1.0886599362069279E-2,1.0860476971666852E-2,0.32,0.32]
[2,320.19489333000001,0.92832623252620261,5.8781145350327663E-2,5.892172793090307E-2,5.8781145350327663E-2,0.37420410951978772,0.38629414708681059]
[3,317.81904722149142,1.8027903589538594,0.17031664960952522,0.17077911958287936,0.17031664960952522,0.40591148097384622,0.42242188587676732]
[4,315.46082989093134,2.8331490666844705,0.36521351537127128,0.36629456733508903,0.36521351537127128,0.42840821903957543,0.44783514711299272]
[5,313.12010927629177,3.9272717586859458,1.5623688866918377,1.5662600173930088,1.5623688866918377,0.44585804475234664,0.45110764385446533]
[6,310.79673399564433,5.0371093276046501,3.6649533548423863,3.6755056378416056,3.6649533548423863,0.46011559049363393,0.47058585286411148]
[7,308.49050054716633,6.1373318115305562,6.6129666699320167,6.6337153709368719,6.6129666699320167,0.47217017365612551,0.48696737458454947]
[8,306.20114896732827,7.2145858865667645,10.318174865212773,10.352358327548256,10.318174865212773,0.48261232855936315,0.5009834112429925]
[9,303.92837950566843,8.2620500674225923,14.689599734072369,14.740098780190566,14.689599734072369,0.49182296194769237,0.51320998703864029]
[10,301.67187227046389,9.2765662192211682,19.641541348893693,19.710886156386916,19.641541348893693,0.50006215427213441,0.52405184178271702]
[11,299.43130307431744,10.257068090666188,25.096051765305784,25.186449448614685,25.096051765305784,0.50751541033283254,0.53379531928685697]
[12,297.20635454255091,11.203691007062872,30.983388036788615,31.096755577842952,30.983388036788615,0.51431970001342164,0.54264794712759079]
[13,294.99672326497847,12.117253670841265,37.24167834588966,37.379675253412039,37.24167834588966,0.52057903975349229,0.55076401674946873]
[14,292.80212401777624,12.998950342643127,43.816284068903819,43.980342660880531,43.816284068903819,0.52637428317591317,0.55826099276016727]
[15,290.62229192972558,13.850165480014155,50.659066640668911,50.850419250184828,50.659066640668911,0.53176952572619285,0.56523022564124004]
[16,288.45698325334371,14.67236140107139,57.727655521683708,57.947358533086557,57.727655521683708,0.53681643807915091,0.57174410715902435]
[16,80,15.671499974750315,24.313285387768904,24.532988399171753,24.313285387768904,0.53681643807915091,0.57174410715902435]
[17,79.406206177604062,16.514055395714418,27.127232849019542,27.231107736376334,27.127232849019542,0.54155728350519616,0.58089246547503282]
[18,78.81678909847372,17.328126158509498,30.634532667009058,30.75117827756031,30.634532667009058,0.54602707146748009,0.57934203166028286]
[19,78.231702617010995,18.115226165931478,34.224651698928426,34.355640048874704,34.224651698928426,0.55025512817081568,0.58491435774687528]
[20,77.650912206993979,18.876795926846508,37.882261519482455,38.027899157018972,37.882261519482455,0.55426626379192212,0.59020806056958131]
[21,77.074384016459263,19.614196521417771,41.593843974747891,41.754379385990745,41.593843974747891,0.55808165462997172,0.59525075256308191]
[22,76.502084841250635,20.328708022706881,45.347468951326618,45.523099378786966,45.347468951326618,0.56171951985262036,0.60006619451597454]
[23,75.933982094589595,21.021530696123396,49.132598942040339,49.323476361572212,49.132598942040339,0.56519564768565955,0.60467497165884043]
[24,75.370043774708407,21.693787855852381,52.939918449076394,53.146154810283136,52.939918449076394,0.56852380953320936,0.60909502832932694]
[25,74.810238431955739,22.346529654612901,56.761185602090109,56.982857427648973,56.761185602090109,0.57171608950469333,0.61334209566504905]
[26,74.254535136329551,22.980737340386685,60.589103266996517,60.826255695357986,60.589103266996517,0.57478314927328,0.61743003705819288]
[27,73.702903446065378,23.597327681732821,64.417207075751577,64.669857420827825,64.417207075751577,0.57773444292153853,0.62137112956185703]
[28,73.155313377675853,24.197157373600465,68.239768064227945,68.507908955715664,68.239768064227945,0.58057839269570088,0.62517629487503756]
[29,72.611735377673114,24.781027308208969,72.051707888291162,72.335310047427313,72.051707888291162,0.58332253390494226,0.62885529026470643]
[30,72.07214029609068,25.349686643449033,75.848524861603281,76.147539559454771,75.848524861603281,0.58597363524598056,0.63241686739332126]
[31,71.53649936184172,25.903836632718765,79.62622930726809,79.940590546031146,79.62622930726809,0.58853779939073847,0.63586890524346473]
[32,71.004784159896232,26.444134200622766,83.381286934269568,83.710913386387475,83.381286934269568,0.59102054759893863,0.63921852199343066]
[33,70.476966610223784,26.971195262153454,87.110569138814895,87.455365873890187,87.110569138814895,0.59342689130667869,0.6424721696787915]
[34,69.953018948425125,27.485597791257923,90.81130929248107,91.171169317841105,90.81130929248107,0.59576139302498388,0.64563571469191361]
[35,69.432913707962456,27.987884649692472,94.481064216611102,94.855869853879199,94.481064216611102,0.5980282184084722,0.64871450656451091]
[36,68.916623703890423,28.478566189873192,98.117680158985848,98.507304276020051,98.117680158985848,0.60023118098726791,0.65171343700426054]
[37,68.404122017987603,28.958122646786663,101.71926268746169,102.12356980246946,101.71926268746169,0.60237378076877834,0.65463699078387438]
[38,67.89538198518828,29.427006334431098,105.28414999877843,105.70299727123266,105.28414999877843,0.60445923769060339,0.65748928978584065]
[39,67.39037718121692,29.885643662057632,108.81088921145124,109.24412733256038,108.81088921145124,0.60649052072733833,0.66027413127136547]
[40,66.889081411331702,30.334436984904961,112.29821527164283,112.74568926552126,112.29821527164283,0.60847037331170983,0.66299502125358467]
[41,66.391468700088069,30.773766303324315,115.74503215182877,116.20658209712964,115.74503215182877,0.61040133561627696,0.66565520370394038]
[42,65.897513282038574,31.203990823281725,119.1503960654193,119.62585774599847,119.1503960654193,0.61228576414975944,0.66825768619764181]
[43,65.407189593290468,31.625450390268764,122.51350045743779,123.00270594958606,122.51350045743779,0.61412584904723655,0.67080526250458894]
[44,64.920472263848168,32.038466807698001,125.83366256292871,126.33644076581506,125.83366256292871,0.61592362937240808,0.67330053255045075]
[45,64.437336110672874,32.4433450499331,129.11031135179695,129.62648846698895,129.11031135179695,0.617681006700039,0.67574592010558543]
[46,63.957756131396778,32.84037437922327,132.34297670196449,132.87237666721703,132.34297670196449,0.61939975720544727,0.67814368850447104]
[47,63.481707498634094,33.229829374987162,135.53127966268352,136.0737245445967,135.53127966268352,0.6210815424537266,0.68049595465209678]
[48,63.009165554835938,33.611970883126588,138.67492368702347,139.2302340366565,138.67492368702347,0.62272791905299707,0.68280470153630701]
[49,62.540105807640188,33.987046892346775,141.77368672739709,142.34168190247308,141.77368672739709,0.62434034731225097,0.68507178943274327]
[50,62.074503925671578,34.355293343815383,144.82741410083418,145.40791255777583,144.82741410083418,0.62592019902448104,0.6872989659628721]
[51,61.612335734751049,34.716934879905423,147.83601204185209,148.42883160053961,147.83601204185209,0.62746876447904232,0.68948787514279963]
[52,61.153577214476712,35.072185537233722,150.79944187045345,151.40439995429043,150.79944187045345,0.62898725879306772,0.69164006554199509]
[53,60.698204495142107,35.421249388722224,153.7177147112082,154.33462856480992,153.7177147112082,0.63047682763977597,0.6937569976548188]
[54,60.246193854960282,35.76432113897198,156.59088670673103,157.21957359331151,156.59088670673103,0.63193855244132624,0.6958400505742488]
[55,59.797521717564948,36.101586676843255,159.41905467529372,160.05933205561553,159.41905467529372,0.63337345508517928,0.69789052804552332]
[56,59.352164649762479,36.433223588777338,162.20235216793239,162.85403786249583,162.20235216793239,0.63478250221548882,0.69990966396771637]
[57,58.910099359510696,36.759401636072788,164.94094588535515,165.60385822133668,164.94094588535515,0.63616660914466183,0.70189862740238917]
[58,58.471302694102633,37.080283199036693,167.63503241928427,168.30899036358545,167.63503241928427,0.63752664342472998,0.70385852714164554]
[59,58.035751638535181,37.396023690668386,170.28483528668792,170.96965856632448,170.28483528668792,0.63886342811342733,0.70579041588109248]
[60,57.603423314044448,37.706771942294793,172.89060222872322,173.58611143966465,172.89060222872322,0.64017774476576828,0.70769529403823728]
[61,57.174294976791096,38.012670563361915,175.45260274918243,176.15861945464846,175.45260274918243,0.64147033617835292,0.70957411325186603]
[62,56.748344016680591,38.313856277392745,177.97112586986458,178.68747268898926,177.97112586986458,0.64274190891052618,0.7114277795937769]
[63,56.325547956304369,38.610460235945887,180.44647808261868,181.17297877030896,180.44647808261868,0.64399313560381788,0.71325715652109667]
[64,55.905884449989429,38.902608312250749,182.87898147987755,183.61546099861667,182.87898147987755,0.64522465711872634,0.71506306759367866]
[65,55.489331282944732,39.190421376051141,185.26897204732958,186.01525663160797,185.26897204732958,0.64643708450583881,0.71684629897895191]
[66,55.075866370494019,39.474015551058578,187.61679810400909,188.37271531800315,187.61679810400909,0.64763100082646641,0.71860760176375171]
[67,54.6654677573854,39.753502456299003,189.92281887654593,190.68819766561066,189.92281887654593,0.64880696283637351,0.72034769409082744]
[68,54.258113617169144,40.028989432528896,192.18740319560149,192.96207393209241,192.18740319560149,0.64996550254477159,0.72206726313584124]
[69,53.853782251635636,40.300579754799891,194.41092830368731,195.19472282758221,194.41092830368731,0.65110712865950571,0.72376696693884013]
[70,53.452452090306387,40.568372832162403,196.59377876459362,197.38653041934384,196.59377876459362,0.65223232792825991,0.72544743610304019]
[71,53.054101689971517,40.83246439541842,198.73634546557892,199.53788912958302,198.73634546557892,0.65334156638463092,0.72710927537239967]
[72,52.658709734267809,41.092946673760501,200.83902470431499,201.64919681837421,200.83902470431499,0.65443529050705562,0.72875306509792881]
[73,52.266255033291891,41.349908561067402,202.90221735331241,203.72085594439704,202.90221735331241,0.65551392829780419,0.73037936260259828]
[74,51.87671652324368,41.603435772565774,204.92632809523826,205.75327279686661,204.92632809523826,0.65657789028856606,0.73198870345262335]
[75,51.490073266095692,41.853610992512444,206.9117647231285,207.74685679263436,206.9117647231285,0.65762757047853948,0.73358160264320882]
[76,51.106304449284082,42.100514013500529,208.85893750004871,209.70201983299197,208.85893750004871,0.6586633472103911,0.73515855570532662]
[77,50.72538938541792,42.34422186794712,210.76825857324081,211.61917571519348,210.76825857324081,0.65968558398895816,0.7367200397400232]
[78,50.347307512003368,42.584808952277299,212.64014143824113,213.49873959416314,212.64014143824113,0.66069463024712605,0.73826651438563895]
[79,49.972038391179744,42.822347144280954,214.47500044885075,215.34112749025252,214.47500044885075,0.66169082206292118,0.73979842272346541]
[80,49.599561709464886,43.056905914083323,216.27325036919822,217.14675583927095,216.27325036919822,0.66267448283149744,0.74131619212616162]
[81,49.229857277507378,43.288552429137539,218.03530596446774,218.91604108134794,218.03530596446774,0.66364592389538479,0.74282023505370642]
[82,48.862905029843489,43.517351653617766,219.76158162715703,220.64939928547943,219.76158162715703,0.66460544513606468,0.74431094980006907]
[83,48.498685024656886,43.743366442564032,221.45249103599474,222.34724580687461,221.45249103599474,0.66555333552969398,0.74578872119522943]
[84,48.13717744353945,43.966657631104702,223.1084468449007,224.00999497447603,223.1084468449007,0.66648987366954715,0.74725392126475598]
[85,47.778362591251565,44.18728411905937,224.72986039958229,225.63805980623656,224.72986039958229,0.66741532825754279,0.74870690985068145]
[86,47.422220895480599,44.405302951203694,226.31714147956851,227.23185174994492,226.31714147956851,0.66832995856702426,0.75014803519612661]
[87,47.068732906596345,44.620769393457955,227.87069806366489,228.79178044757444,227.87069806366489,0.66923401487878842,0.75157763449632087]
[88,46.71787929740232,44.833737005243087,229.39093611697436,230.31825352129295,229.39093611697436,0.67012773889219579,0.75299603441823793]
[89,46.369640862882051,45.044257708231299,230.87825939778907,231.81167637943068,230.87825939778907,0.6710113641130534,0.75440355159114569]
[90,46.023998519939482,45.252381851702822,232.33306928279043,233.27245204083746,232.33306928279043,0.67188511621982672,0.7558004930699016]
[91,45.680933307132825,45.458158274706179,233.755764609122,234.70098097618765,233.755764609122,0.67274921340961769,0.75718715677286608]
[92,45.340426384401219,45.661634365206403,235.14674153201747,236.09766096490935,235.14674153201747,0.67360386672523498,0.75856383189616861]
[93,45.002459032783698,45.862856116392841,236.50639339676917,237.462886966518,236.50639339676917,0.67444928036458462,0.75993079930584895]
[94,44.667012654130033,46.061868180307883,237.8351106239185,238.79705100523111,237.8351106239185,0.67528565197351431,0.7612883319092858]
[95,44.334068770803093,46.258713918946398,239.13328060664554,240.10054206683725,239.13328060664554,0.67611317292316231,0.76263669500711173]
[96,44.003609025372413,46.453435452967014,240.4012876193984,241.37374600685519,240.4012876193984,0.67693202857278478,0.76397614662730728]
[97,43.675615180298713,46.646073708146517,241.63951273690057,242.61704546911858,241.63951273690057,0.67774239851896456,0.76530693784197235]
[98,43.350069117609294,46.836668459701023,242.84833376272184,243.83081981396674,242.84833376272184,0.67854445683203879,0.76662931306833515]
[99,43.026952838564043,47.025258374589363,244.02812516667038,245.01544505529796,244.02812516667038,0.67933837228052496,0.76794351035486164]
[100,42.706248463312065,47.211881051907106,245.17925803032509,246.17129380579991,245.17925803032509,0.68012430854426886,0.76924976165309533]

{"sheet":"Nitrogen","index":13,"n_rows":210,"n_cols":24,"rows_kept":210,"cut":false,"hidden":true,"merged":[]}
[]
[]
[]
[]
[0,2.1629746781914892E-2,0,0,0,0,1.9310504624642242E-3,0,0,0,0,0,4.7490186080315668E-3,0,2.9134030815294656E-3,3.1223218933940148E-2,0,3.1223218933940148E-2,0,0,0,0,0,0]
[1,5.9255672745779059E-2,3.2906514921352874E-2,0,1.6371935412080894E-2,0,7.3868627446289376E-3,2.2825726988860823E-3,-1.0399219880399999E-2,0,0,1.7558869027085608E-6,3.8705119338674009E-2,0,7.9982998810699032E-3,0.16490697774247176,-1.0397463993497291E-2,0.15450951374897448,9.7445085379003094E-2,3.6238673429528523E-2,-1.0397463993497291E-2,0,0.12328629481503432]
[2,0.38565346840886972,8.7515073102237703E-2,2.6841335919525287E-2,8.519870486802894E-2,6.8888582474024208E-18,3.7874641915344578E-2,1.4032842168945209E-2,-3.4498164083239233E-2,0,0,1.0497186431478573E-5,0.23903605991086177,0,3.789223427697367E-2,0.91404436057078686,-3.4487666896807753E-2,0.87955669367397904,0.53705617278606832,0.21208121004224689,-2.4090202903310463E-2,-2.0500629804458687E-3,0.72504717992500478]
[3,0.91357733443657041,0.53440572452077517,7.236709000324093E-2,0.19800313190442909,4.4743641744253618E-14,0.10111695075390975,3.7658523090487762E-2,-0.18564357179098018,0,0,3.6134672552950218E-5,0.47709129468742362,0,9.9411964790538376E-2,2.4336320141874199,-0.18560743711842723,2.2480245770689926,1.2579067379185287,0.26168091569810442,-0.15111977022161949,-6.800031512915832E-3,1.3684678833950135]
[4,1.5097397317632493,1.1088184587807755,0.44361748829219472,0.34533378069330567,6.2693788896937309E-12,0.19970239217642613,7.3029337136813435E-2,-0.48886472865855263,0,0,8.9012877251951075E-5,0.67814962478489849,0,0.18897625368468948,4.5473670673186222,-0.48877571578130069,4.0585913515373218,1.8773059089874016,0.23642914414380056,-0.30316827866287344,-3.6596246878682313E-2,1.8105667744683287]
[5,8.1791320937150935,1.678493063017608,0.88944617061633213,1.1911907004888294,6.8414971558515329E-10,0.79080757929762502,0.2763589550266829,-0.64404090418967275,0,0,2.7062325917673742E-4,4.2229996682197406,0,0.67092357770933786,17.8993518087754,-0.64377028093049604,17.255581527844903,9.603805080132064,3.7481796613247114,-0.15499456514919535,-9.6371832011367037E-2,13.19699017630758]
[6,12.214234389652228,10.437690914440942,1.5430810285155023,2.4180451607397537,2.6038593185763364E-7,1.7271711807585151,0.58440468068061091,-3.3966838988193189,0,0,7.2127409092911975E-4,6.1074209186975894,0,1.3589301283350241,36.390978662206095,-3.3959626247283898,32.995016037477704,16.299159877298923,2.1924669761317768,-2.7521923437978937,-0.12693585444496366,15.739434509632805]
[7,14.477638392215361,17.371707610879316,9.8036569112135616,3.9201073918853666,7.9636598583410717E-6,2.9177389519844117,0.9597874190477127,-6.2447254651968382,0,0,1.5123852943640707E-3,8.9657603005068083,0,2.1554115070672317,60.571816448459629,-6.2432130799024739,54.328603368557154,20.947115666077217,3.2337221201763207,-2.847250455174084,-0.66958394954804323,21.333587331079453]
[8,15.404575632488569,21.635936208697778,15.070505488385471,5.6345065213836314,7.9780723603963802E-5,4.2834960028622486,1.3741475234947433,-2.6897089007662647,0,0,2.6706810955482389E-3,10.530488132569854,0,3.0077053605016726,76.94144065110757,-2.6870382196707165,74.254402431436858,14.390536266137858,1.9790879365100764,3.5561748602317573,-1.2309825763148572,19.92579906287969]
[9,15.591867197957683,23.574944755911623,18.035093278013449,7.515300741618641,4.3334845148263444E-4,5.7631695642881473,1.8081139576879499,3.8920915252488846,0,0,4.1913083523927664E-3,11.983756518247944,0,3.8918976185930587,88.164576980769979,3.8962828336012771,92.060859814371256,9.335901509791114,1.8872348198712974,6.5833210532719937,-0.52985649615196828,17.806457382934404]
[10,15.4530364769724,24.16752794489847,19.271945575105491,9.5246414622265103,1.6073114946320022E-3,7.3107910294490743,2.2489561413609396,11.390033376180718,0,0,6.0494711585000896E-3,12.983076488783475,0,4.7960620556920013,95.757644485983008,11.396082847339217,107.15372733332224,6.152905351004506,1.4401621542085188,7.4998000137379401,0.76810908475103201,15.092867518950964]
[11,15.217414101477475,24.132697266240442,19.550453784045928,11.631387618928841,4.6106157232532925E-3,8.8922900610149771,2.688480424955503,18.399101910313576,0,0,8.2090409468344068E-3,13.9032936311936,0,5.7117276072856793,101.7323551108657,18.40731095126041,120.13966606212611,4.6149691988780006,1.3597414260046889,7.0112281039211926,2.2467642877886127,12.985938728803882]
[12,14.992104603894607,23.877942779517976,19.402367073313194,13.810778354429623,1.1020206538623543E-2,10.482573601795961,3.1214907556754139,24.306834413832597,0,0,1.062851697860326E-2,14.663222573000276,0,6.6310412778840835,106.99254122604974,24.3174629308112,131.31000415686094,4.0672468426574682,1.192939272526587,5.9101519795507897,3.6290826245400019,11.170338094734845]
[13,14.817240236644874,23.599507105656919,19.122936518694541,16.043541635843987,2.302183873985951E-2,12.06326797688404,3.5447394486099455,28.997439281829976,0,0,1.32649835996846E-2,15.361226167177001,0,7.5464110301718197,112.12189195842301,29.010704265429659,141.13259622385269,4.008098445261993,1.1212522871112576,4.6932413346184596,4.7943004938893772,9.8225920669917102]
[14,14.700648149811045,23.376463899238114,18.850779253628684,18.314566294065536,4.3405698990994696E-2,13.621025580961328,3.9562390418587174,32.593519363774647,0,0,1.6076630748497921E-2,15.978552877196801,0,8.4508410068343185,117.29252180258555,32.609595994523147,149.9021177971087,4.1418035408939744,1.0288263032685734,3.5988917290934879,5.719580393909534,8.7695215732560357]
[15,14.636522464794606,23.23028212283084,18.638608655956556,20.611518257850371,7.5527011230804575E-2,15.146264718735365,4.3548202937332672,35.298358147267948,0,0,1.9024271087219727E-2,16.541887394756042,0,9.3382649146551948,122.57369583454305,35.317382418355166,157.89107825289824,4.3192582625237037,0.9619157694337872,2.7077864238320188,6.4290881445144592,7.9889604557895098]
[16,14.614564295305678,23.157165057664336,18.497564018094089,22.923638161152674,0.12323411952499563,16.632231639177089,4.7398502550104382,37.317868938522217,0,0,2.2072170014089582E-2,17.048536144302822,0,10.203708185290131,127.94049187552226,37.339941108536308,165.28043298405856,4.4751173301552569,0.89167871082395322,2.0225586901811425,6.9628974462392232,7.3893547311603527]
[16,6.155248629423312,9.753154839402379,7.7906602803489307,9.6547997957184144,5.190278888766231E-2,7.0050340833068621,1.9962933000469931,69.888098560411692,13.340169696071591,15.533387214199109,2.7656291249775347,7.1803699799384848,0,4.2975185269612473,53.884982224034275,101.52728459565994,155.4122668196942,0,0,0,0,-9.8681661643643377,0]
[17,5.6924075949284356,9.7476485635686778,7.7584584205836471,10.580407208323354,4.3147507842327695E-2,7.5449204039585123,2.1349526549647342,59.844060105401091,11.784510189693053,13.920593736308575,2.2911740974974624,6.5818831994727445,0,4.6102411426799579,54.694066696322395,87.840338128900186,142.53440482522259,1.2689118978361194,-0.45982742554799927,-13.68694646675975,17.425310665818611,-12.87786199447163]
[18,6.911570627580975,9.021304997787702,7.748197216728121,11.698625952593233,3.540467397546615E-2,8.2383777044460533,2.3129204060275965,51.975589429044632,10.410263405560364,12.475252647678548,1.8988574019617688,9.184389232116331,0,5.0161539479627004,60.166944759218168,76.759962884245311,136.92690764346349,2.6924042791893257,2.7804737837064497,-11.080375244654874,15.014218526096242,-5.6074971817590988]
[19,6.9195451656089855,10.95985964647053,7.166582604481988,12.832032040754138,2.9348393675241984E-2,8.9122384537856778,2.4852559258059177,45.013283241924775,9.1962739586694724,11.179977777634697,1.5745283511686443,8.2345746603938448,0,5.4095782648413273,62.949015155817648,66.964063329397575,129.91307848521524,3.5595494485436419,-0.77747905194416589,-9.7958995548477361,13.084791563589315,-7.0138291582482601]
[20,6.9847091081374924,10.977729327604177,8.7024583868477041,13.978381907335892,2.4689166863893674E-2,9.5649870142341662,2.6517788407114677,39.101137587612087,8.1238534922882639,10.019188118940798,1.306444494461473,9.0227804702991268,0,5.7892480417062337,67.696762263740155,58.550623693302619,126.24738595704278,3.7930183831116722,0.95472872481083115,-8.4134396360949566,11.380032821821679,-3.6656925281724533]
[21,7.0426821426707331,11.085448170477578,8.7133026877273672,15.135741573080409,2.1207634313816257E-2,10.195656782914671,2.8124086479350114,35.511155398554386,7.1764929862651403,8.9789204021085567,1.0848895865218153,8.9056499764502703,0,6.1543166614559865,70.066414277025842,52.7514583734499,122.81787265047575,2.3261526999110131,4.3499313374688597E-2,-5.7991653198527189,9.9225095246207484,-3.4295133065670171]
[22,7.0959732379254428,11.181097266204432,8.796029497626872,16.302402321255038,1.87389829610261E-2,10.803702028828088,2.9671383495542889,32.615934004398987,6.3396086144096691,8.046661129656913,0.9018240624967665,9.2085652571149819,0,6.5042725701102295,72.877919511580401,47.904027810962333,120.78194732254275,2.3538602522705574,0.45764498228398764,-4.8474305624875669,8.9579646217991318,-2.0359253279330218]
[23,7.1439789567846432,11.268787779729458,8.8696016049431794,17.476823689873939,1.7160898361663259E-2,11.388898618787893,3.1160149616275508,30.335642555800074,5.6003172386313,7.2111960498420551,0.75059579549378175,9.2713527244034282,0,6.8388682649599648,75.391487499471722,43.897751639767208,119.28923913923894,2.30190390852961,0.21166407936170906,-4.0062761711951254,8.1611431076064527,-1.4927081833038063]
[24,7.1864481712856687,11.347659811302197,8.9371976488415044,18.657594937118414,1.6384165681614757E-2,11.951267058579427,3.259124980590919,28.544071839960669,4.9472380837553356,6.462475259160672,0.62570074183373203,9.426742703528463,0,7.1580617267556947,77.940481203683902,40.579485924710404,118.5199671283943,2.2504937061237769,0.29849999808840266,-3.3182657150568033,7.5124902414496173,-0.76927201084462382]
[25,7.2232705302573059,11.4173893546293,8.998072193422864,19.843408835798581,1.6345268223858258E-2,12.491012749045584,3.3965834621194562,27.142394887903588,4.3703175399650789,5.7914923109292706,0.52258487128926223,9.5106389354667602,0,7.4619687911146926,80.358690120078421,37.826789610087197,118.18547973016564,2.1968542029276819,0.22135471346683566,-2.7526963146232077,6.9838013224914466,-0.33448739822869022]
[26,7.2544516188964367,11.477859117538273,9.0519200828327815,21.033043625151461,1.7000507989462468E-2,13.008479534160674,3.5285257611946896,26.050708377588869,3.8606743958496317,5.190175875723062,0.4374802626063114,9.607225667332056,0,7.7508248073745296,82.729330722470365,35.539038911767875,118.26836963423824,2.1421115714514229,0.22852903094052834,-2.2877506983193214,6.5526975580338478,8.2889904072629861E-2]
[27,7.2800838022820749,11.529123595317227,9.0986109978122052,22.225350335964933,1.8321298235424725E-2,13.504113533755248,3.6551012532914906,25.204604037772327,3.4104631195489779,4.6512926504456233,0.36726947210241923,9.6763389960568098,0,8.0249540095491696,85.01199782226459,33.633629279869353,118.64562710213394,2.0869782789726656,0.19568882082155525,-1.9054096318985216,6.2009007346498564,0.37725746789569925]
[28,7.3003226829801822,11.571365923157671,9.1381588253652097,23.419243656079487,2.0290368392369803E-2,13.978434955906751,3.7764685448233908,24.552221438137902,3.0127530833234162,4.1683603481116114,0.30937329907930877,9.7398366552455489,0,8.284745198183483,87.228866810134093,32.04270816865224,119.27157497878633,2.0320040371488659,0.18486495072063924,-1.5909211112171135,5.9135077837727268,0.6259478766523916]
[29,7.3153682771051116,11.604862725982395,9.1706853958215557,24.613695142641788,2.2898687290311255E-2,14.432016119394145,3.8927918129602186,24.051865847616828,2.6614218723101488,3.7355697216868302,0.26165791262076499,9.7884102560305113,0,8.5306325357074968,89.371360952933529,30.710515354234573,120.08187630716809,1.9775972738776488,0.16489686892179023,-1.3321928144176667,5.6783672041477615,0.81030132838177238]
[30,7.3254502669806678,11.629955836154284,9.19639115814992,25.80772801071458,2.6142958520281746E-2,14.865464323914621,4.0042380085292697,23.67007388571286,2.3510610350441676,3.3477146840016383,0.22235800023746308,9.8281994452257049,0,8.7630804570825642,91.446650465271901,29.591207604996129,121.03785807026803,1.9240541275741236,0.15123538476424336,-1.1193077492384447,5.4855728183252905,0.95598176309992233]
[31,7.3308166244843616,11.647030052595891,9.2155317074984957,27.000413004391824,3.0023576913487865E-2,15.27940851580092,4.1109747228852358,23.380042693824091,2.0768928248511842,3.0001296831422755,0.19001317474168136,9.8574934310899849,0,8.9825718767556637,93.454263512415849,28.647078376559236,122.10134188897509,1.8715823469237165,0.1360307002202461,-0.94412922843689273,5.3270508752701309,1.0634838187070699]
[32,7.3317249559186903,11.656495949120774,9.2283993843154697,28.190865035118509,3.4542961067700474E-2,15.674488933493876,4.2131685684183227,23.160354367253206,1.8346966504156696,2.6886335800016359,0.163415352360268,9.8783924757633752,0,9.189599026994804,95.397677290211519,27.847099950030778,123.2447772402423,1.8203208875891761,0.12309289020647896,-0.79997842652845819,5.1962231498985707,1.1434353512671969]
[33,7.3284360089238447,11.658776788418097,9.2353090745622914,29.378240385845061,3.9704196100785918E-2,16.051349098011883,4.3109839582052158,22.993940457806858,1.6207441032917385,2.4094793528862279,0.14156520953704838,9.890986485142486,0,9.3846563914901555,97.278442386699822,27.165729123521871,124.44417151022169,1.7703556973223016,0.11040939916600223,-0.6813708265089069,5.0877319587587122,1.1993942699793969]
[34,7.3212088770969661,11.654298713242149,9.2365874060625757,30.561734351443718,4.550993516300933E-2,16.410629652658073,4.4045821969154222,22.867241749958929,1.4317415621595044,2.1593090241703754,0.12363615230160356,9.8962751182775079,0,9.5682353039322603,99.099061554791689,26.581928488590414,125.6809900433821,1.7217322962466284,9.8886871845229152E-2,-0.58380063493145684,4.9972156814965549,1.2368185331604007]
[35,7.3102975257865177,11.643483519269289,9.232564645037737,31.740579230437188,5.1961518991974341E-2,16.752963663376477,4.4941208150403282,22.76952687668636,1.2647794902672267,1.9351132668053124,0.10894450221523308,9.8947159687022186,0,9.7408198672323625,100.8615067538741,26.078364135974134,126.93987088984824,1.6744657305328019,8.7979468549617579E-2,-0.50356435261628008,4.9211255059201759,1.2588808464661394]
[36,7.295948338332602,11.626743441229092,9.2235687140941121,32.914042610382417,5.9058280889684192E-2,17.078973074134062,4.5797530936160102,22.692340110680757,1.1172876455355798,1.7341952047853175,9.6924826451806889E-2,9.8869581687934538,0,9.9028839183427806,102.56792963981422,25.640747787453464,128.2086774272677,1.6285484072732146,7.7874478666917213E-2,-0.43761634852067033,4.8565758301433375,1.2688065374194615]
[37,7.2783984450042585,11.60447749588138,9.2099208617342896,34.081425905627604,6.6797010627898265E-2,17.389266076189699,4.6616277381379723,22.629054167194727,0.98699551382090156,1.5541379721226214,8.7109524563536142E-2,9.873482536718706,0,10.05488881922534,104.22028488914715,25.257297177701787,129.47758206684895,1.5839562368857116,6.8399012447212471E-2,-0.38345060975167655,4.8012221464639149,1.2689046395812476]
[38,7.2578746480892997,11.577069019595543,9.1919326077170407,35.24206311577332,7.5171555449746033E-2,17.68443520043305,4.7398886692313393,22.574508334223136,0.87189735624044684,1.3927756400943447,7.9111937567506022E-2,9.8547878710944925,0,10.197281898980304,105.82050458636412,24.918293268125435,130.73879785448958,1.5406534317478275,5.9566265469154445E-2,-0.33900390957635196,4.7531613639334775,1.26121578764063]
[39,7.2345927975080606,11.544884115512765,9.1699036670654515,36.395319778667371,8.4172539903234783E-2,17.965055981392513,4.8146749045035486,22.524715897964676,0.77022133249232383,1.2481671630420466,7.2612371670110171E-2,9.8313035875411092,0,10.330495407648357,107.37040277974241,24.615716765169157,131.98611954491156,1.4985962416594418,5.1301951718826899E-2,-0.30257650295627769,4.7108504502582802,1.247321690421991]
[40,7.208757503829041,11.508270787343669,9.1441206194186737,37.540592094847945,9.3787188990281226E-2,18.231686072505006,4.8861205113545916,22.476627810842153,0.68040222484933233,1.1185730293149725,6.7346533776917447E-2,9.8034386698993323,0,10.454945870520501,108.87171931870905,24.342949598783374,133.21466891749242,1.457735849757384,4.3580689209264278E-2,-0.27276716638578336,4.6730400281231539,1.2285493725808649]
[41,7.1805621010552318,11.467558586390837,9.1148561415320692,38.677306202064223,0.10399924124671249,18.484864716689174,4.9543546147078636,22.427941979921179,0.60105734293529867,1.0024343364885695,6.3095962683397455E-2,9.7715619832756015,0,10.571033754376018,110.32609734133773,24.094529622028446,134.42062696336617,1.4180206058991303,3.635741672954218E-2,-0.24841997675492777,4.6387201776319413,1.2059580458737447]
[42,7.1501887916188354,11.423058637352172,9.0823686613675783,39.804917579519866,0.11478894003673887,18.725112495621055,5.0195014469223267,22.376949536001579,0.53096523835800291,0.89835403915171808,5.9680111626052912E-2,9.7360164717625057,0,10.679143375087216,111.73509639928831,23.865948925137356,135.60104532442566,1.3793977372492066,2.9601320701367229E-2,-0.22858069689108973,4.6070762005956514,1.1804183610594841]
[43,7.1178089216033875,11.375063939221166,9.0469023240998858,40.922910562183439,0.12613309266371572,18.952931296477406,5.0816804297526206,22.322411059979768,0.46904690152819378,0.80508014369019876,5.6949797274773145E-2,9.6971160160174676,0,10.779642990406588,113.10018957242568,23.653487902472932,136.75367747489861,1.3418146460521285,2.3278527085254908E-2,-0.21246102266442435,4.5774525143948139,1.1526321504729591]
[44,7.0835833464184192,11.323849861520706,9.0086871854779034,42.030797946137611,0.13800518795416433,19.168804447151089,5.1410062802924088,22.263457060218396,0.41434915120537685,0.72149064791455553,5.4781779401452749E-2,9.6551506001448431,0,10.872885033233867,114.42276988833103,23.454078638739784,137.87684852707082,1.3052198812381732,1.7360434667164526E-2,-0.19940926373314838,4.5493231798358007,1.1231710521721894]
[45,7.047662856604453,11.269674774875151,8.9679395674846543,43.128120666616979,0.15037556382959663,19.373196980713466,5.1975891344829703,22.199508067459384,0.3660299610662634,0.64658004436944161,5.307427613463777E-2,9.6103869959134975,0,10.959206449834797,115.70415299035557,23.265192349029725,138.96934533938531,1.2695638520653318,1.1819249959216904E-2,-0.18888628971005872,4.5222678424866105,1.09249681231449]
[46,7.0101886407814806,11.212780769471504,8.9248625265214656,44.214447531181015,0.16321161709092769,19.566555997717728,5.251534683083781,22.130210587042885,0.32334549741061885,0.57944722497123713,5.1743253367839498E-2,9.5630713909627811,0,11.038929114818714,116.94558227162938,23.084746562792578,140.03032883442197,1.234799337623727,6.629943650093395E-3,-0.18044578623714713,4.4959520916325433,1.0609834950366732]
[47,6.9712927684713435,11.153394426254588,8.8796463961796039,45.289374991412423,0.17647804824202054,19.749311101210921,5.3029443160546137,22.055385858630647,0.28563866846078517,0.51928464147746278,5.0719354740554244E-2,9.5134307754611864,0,11.112360300552446,118.14823312383913,22.911028523309447,141.05926164714859,1.2008818347405139,1.7690174692379657E-3,-0.17371803948313058,4.4701114244018347,1.0289328127266213]
[48,6.9310986799027905,11.091727614508077,8.8324693758486887,46.352526937617846,0.19013713470185598,19.921874884361536,5.3519152721425902,21.974988951242402,0.25232900898087751,0.46536859139805598,4.9945361657632387E-2,9.4616747053956924,0,11.179793183386442,119.31321778786553,22.742631913278966,142.05584970114447,1.1677697780039011,-2.7851139775183498E-3,-0.16839661003048079,4.4445381523137826,0.996588053995902]
[49,6.8897216733255568,11.027978296214915,8.7834981435719826,47.403554502230122,0.20414902622222303,20.084643454667997,5.3985407911458161,21.889076190794651,0.22290374449778988,0.41705051249664188,4.9374091883247699E-2,9.4079966564631992,0,11.241507372832455,120.44158991667427,22.578404539672327,143.01999445634658,1.1354246587380175,-7.0525299292665267E-3,-0.1642273736066393,4.4190707096465092,0.96414475520211163]
[50,6.8472693829728932,10.962331322852892,8.7328884770417687,48.442135858945051,0.218472056757362,20.237996981983734,5.4429102668705855,21.797779298562794,0.1969098975651325,0.37374918116237577,4.8966661026278516E-2,9.3525753825118549,0,11.297769452846095,121.53434918278225,22.417405038316577,143.95175422109881,1.1038110643345505,-1.1051798226574761E-2,-0.16099950135575014,4.3935849226614998,0.93175976475222555]
[51,6.803842242823313,10.894959214301082,8.6807858709079682,49.467976006046037,0.23306306743721319,20.38230026023453,5.4851093992381035,21.701284928429754,0.1739473145526069,0.33494372080569296,4.8691044291951195E-2,9.2955760904974412,0,11.348833526781711,122.59244567826738,22.258867008080003,144.85131268634737,1.0728966551320411,-1.480015964689585E-2,-0.1585380302365742,4.3679868799886723,0.89955846524857108]
[52,6.7595339328580808,10.82602291262392,8.6273261418449962,50.480806523851633,0.24787773568697116,20.517903274835618,5.5252203443500738,21.599818541858106,0.15366250561404687,0.30016733617517166,4.8520886679828956E-2,9.2371515431182445,0,11.394941759519813,123.61678416868935,22.102169270327153,145.7189534390165,1.0426520926891811,-1.8313602267225448E-2,-0.15669773775285023,4.3422071107404152,0.86764075266910545]
[53,6.7144318056730823,10.755672505872436,8.5726360153397945,51.48038529773401,0.26287090591968149,20.645141769538942,5.563321861606906,21.493631763111814,0.1357432030055627,0.26900169822490105,4.8434518749258262E-2,9.1774430490167784,0,11.436324911813218,124.60822812251484,21.946811183091537,146.55503930560639,1.0130509306701327,-2.1606976844633863E-2,-0.15535808723561573,4.3161958309552428,0.83608586658988315]
[54,6.6686172922005209,10.684047918821493,8.5168336900985793,52.466496199676527,0.27799691761068268,20.764337807833513,5.5994894572011571,21.382992522268985,0.11991355398362705,0.24107191198729153,4.8414142471864999E-2,9.1165813745904991,0,11.473202863133473,125.56760352116643,21.792392130711768,147.35999565187819,0.98406947748361517,-2.469407883202912E-2,-0.15441905237976883,4.289919063022122,0.80495634627181722]
[55,6.622166285960299,10.611279568933059,8.4600293774236857,53.438948722840813,0.29320992694567044,20.875800325146994,5.6337955234926227,21.268177427246293,0.10592987428177146,0.21604200691930336,4.8445157812702977E-2,9.0546875730112575,0,11.505785120284948,126.49570242403934,21.63859446626007,148.1342968902994,0.95568663816069943,-2.7587735287776027E-2,-0.15379766445169807,4.2633554686508583,0.77430123842122534]
[56,6.5751495057416349,10.537488986846999,8.4023258140333592,54.397577565071806,0.30846421861922285,20.97982566900464,5.6663094739186715,21.149465914287227,9.3576896794202571E-2,0.1936108954749603,4.8515605747449016E-2,8.9918737440150522,0,11.53427130983747,127.39328628708886,21.485169312303842,148.87845559939268,0.92788374161965237,-3.029987857015648E-2,-0.15342515395622769,4.2364937652348384,0.7441587090932682]
[57,6.5276328370065508,10.462789401429081,8.3438187476277719,55.342242158670516,0.32371450474806518,21.076698125035264,5.6970978732114164,21.027135813972134,8.266445771794606E-2,0.17350875128936186,4.8615707614812827E-2,8.9282437279849098,0,11.558851653051505,128.26108902876507,21.331924730594256,149.59301375935934,0.90064435841362922,-3.2841616737398382E-2,-0.15324458170958621,4.2093306193251774,0.71455815996664462]
[58,6.479677652532434,10.387286289997776,8.2845973951045035,56.272826145079932,0.33891620825148178,21.166690427303116,5.7262245627869257,20.901460040651752,7.302456913943578E-2,0.15549376340696253,4.8737484171887384E-2,8.8638937418013626,0,11.579707422460764,129.09981984531828,21.178715857370037,150.27853570268832,0.87395411316123273,-3.5223296608037913E-2,-0.15320887322421939,4.1818689304054217,0.68552194332897542]
[59,6.4313411130146392,10.311077894685543,8.2247448738150482,57.189236794354898,0.35402572843851704,21.250064251918282,5.7537507812459783,20.772704170483763,6.4508833000455984E-2,0.13934922751036394,4.887444059027956E-2,8.7989129610957644,0,11.597011379663915,129.9101657782326,21.025436671584863,150.93560244981745,0.84780049516083977,-3.7454562246544754E-2,-0.15327918578517341,4.1541164340319536,0.65706674712912161]
[60,6.3826764484653573,10.234255706194039,8.1643386065342725,58.091404370403851,0.36900068692505805,21.327070693257859,5.7797352799844335,20.641124719543576,5.6986156633595596E-2,0.1248809391596839,4.9021306005756382E-2,8.7333840541383569,0,11.610928194179026,130.69279404008225,20.872013121342611,151.56480716142485,0.82217267006862471,-3.9544408218951332E-2,-0.15342355024225185,4.1260845663572283,0.62920471160742153]
[61,6.3337332213172743,10.156904916369168,8.10345070106845,58.979281443990949,0.38380015238044601,21.397950722432025,5.8042344339569061,20.506967970831333,5.034073469978502E-2,0.11191485768548515,4.9173818199311568E-2,8.6673836715561965,0,11.621614843447677,131.4483541065191,20.718397381415912,152.16675148793502,0.79706129504653234,-4.1501228609689633E-2,-0.15361573992669975,4.09778754262374,0.60194432651014296]
[62,6.2845575721825009,10.079104841122533,8.0421483055701017,59.852842156366364,0.39838484296959442,21.462935627868877,5.827302347672596,20.370469229159866,4.4470266461523994E-2,0.10029501263396887,4.9328545613617471E-2,8.6009828959379284,0,11.629220994254814,132.17747958394531,20.564563053868977,152.74204263781428,0.77245833932877872,-4.3332861902577235E-2,-0.15383432754693516,4.069241610838632,0.57529114987926633]
[63,6.2351924492267452,10.000929315281134,7.9804939407167987,60.712081437143972,0.41271730570921905,21.522247438079958,5.8489909565288887,20.231852407223784,3.9284380948206368E-2,8.9881627580826504E-2,4.9482740254354535E-2,8.5342476548497341,0,11.633889365964782,132.88078986350124,20.410501156007172,153.29129101950841,0.74835691178783748,-4.504663223190164E-2,-0.15406189786180491,4.0404644488828705,0.54924838169413093]
[64,6.1856778221298461,9.9224470609521234,7.9185458099622608,61.557014180673391,0.42676207229259272,21.576099326816092,5.8693501236083954,20.091329865741418,3.4703245770273082E-2,8.0549438744895466E-2,4.96342161392513E-2,8.4672391005501737,0,11.635756076074006,133.5588915730589,20.256216766395838,153.81510833945472,0.72475109677770888,-4.664938722005374E-2,-0.15428438961133395,4.0114746790606848,0.52381731994632119]
[65,6.1360508815636763,9.8437220309987907,7.8563580890783804,62.387674385652119,0.44048579125269149,21.6246960009357,5.8884277320793457,19.949102446326961,3.0656338166045679E-2,7.2186188176033075E-2,4.9781248878920818E-2,8.400013959290284,0,11.634950968651776,134.21237983950277,20.101726221547963,154.31410606105072,0.70163579923283237,-4.8147532788938463E-2,-0.15449054484787439,3.9822914787946257,0.49899772159601952]
[66,6.0863462250989979,9.7648137291533246,7.7939811962196508,63.204114263101296,0.45385733662623767,21.668234071393535,5.9062697733492548,19.805359648436632,2.7081359362529551E-2,6.469127339159611E-2,4.9922492735852697E-2,8.3326248528706266,0,11.63159792628927,134.84183937410219,19.94705477392661,154.78889414802879,0.67900659974917232,-4.9547065149749159E-2,-0.15467144762135376,3.9529342700119878,0.4747880869780694]
[67,6.0365960304334854,9.6857775082547253,7.7314620436898949,64.006403318093348,0.46684789354875045,21.706902407821815,5.9229204311282944,19.660279911934065,2.3923275537675454E-2,5.7974537217851084E-2,5.0056912138678633E-2,8.265120594878054,0,11.625815166208632,135.447845394057,19.792234636828272,155.24008003088525,0.65685962016833344,-5.0853600213532246E-2,-0.15482013709833709,3.9234224729105449,0.4511858828564641]
[68,5.9868302167547025,9.6066648480646393,7.6688442725657389,64.794627410768456,0.47943102145065203,21.740882477220129,5.9384221615620554,19.514030974978063,2.113347062051181E-2,5.1955183279181305E-2,5.018372515072806E-2,8.1975464637261322,0,11.617715521199894,136.03096439331239,19.637303354028482,155.66826774734085,0.63519139997356433,-5.207240071816166E-2,-0.15493128279979018,3.8937753123644221,0.42818771645561249]
[69,5.9370765950552915,9.5275236139844761,7.6061684713061233,65.568887802231757,0.49158269573652813,21.770348667302535,5.9528157695949444,19.366770283502134,1.8668997887211259E-2,4.6560804089388397E-2,5.0302356823738549E-2,8.1299444545436224,0,11.607406706060328,136.59175477581562,19.482302442302473,156.0740572181181,0.613998783652832,-5.3208401149619888E-2,-0.1550009117260096,3.8640116673318659,0.40578947077720251]
[70,5.8873610081413457,9.4483982979992778,7.5434723793776071,66.329300190882179,0.50328132901192846,21.795468595068922,5.9661404817248078,19.218645433797874,1.6491918832036011E-2,4.1726510053889054E-2,5.0412400724905652E-2,8.0623535116522262,0,11.594991570207718,137.13076736406603,19.327276263408702,156.45804362747472,0.59327881901192825,-5.4266230761534473E-2,-0.15502617889377035,3.8341499553535563,0.38398640935662343]
[71,5.8377074610350572,9.3693302430490206,7.4807910769291848,67.075993744601391,0.5145077730748151,21.816403401177315,5.9784340153073128,19.069794633883802,1.4568719135630712E-2,3.7394148905476404E-2,5.0513587221114542E-2,7.9948097432749528,0,11.580568337129577,137.64854579557863,19.172271089146026,156.82081688472465,0.57302866630737981,-5.525023479476765E-2,-0.15500517426267635,3.8042080456434171,0.36277325724993581]
[72,5.7881382424573395,9.2903578519620691,7.4181571614534869,67.809110134042299,0.52524530301253902,21.833308030697452,5.9897326445660131,18.920347172703199,1.286979273998097E-2,3.3511606184150874E-2,5.0605757348827732E-2,7.9273466199909173,0,11.564230831316795,138.14562681949891,19.017334328976158,157.16296114847509,0.55324551794562637,-5.6164494025335188E-2,-0.15493676016986768,3.7742031954297262,0.34214426375042351]
[73,5.7386740379845769,9.211516782058407,7.3556009123208019,68.528802571999904,0.53547958483960978,21.846331500821087,6.0000712634597253,18.770423888822236,1.1368986087801077E-2,3.0032178346413731E-2,5.0688841300514195E-2,7.8599951582126444,0,11.546068693311412,138.62254050500817,18.862513894556965,157.48505439956514,0.53392652839382038,-5.7012842884560655E-2,-0.15482043441919302,3.7441520051607635,0.3220932510900667]
[74,5.6893340354905373,9.1328401263828578,7.2931504440524062,69.235234863549749,0.54519862817926901,21.855617156098116,6.0094834455549186,18.620137632412924,1.0043195510295805E-2,2.6914010963084344E-2,5.0762840725978947E-2,7.7927840900020806,0,11.526167583478442,139.07981037278839,18.707857679612285,157.78766805240068,0.51506875389556228,-5.7798886115369541E-2,-0.15465621494467996,3.7140703889657276,0.30261365283551278]
[75,5.6401360233920013,9.0543585825533928,7.2308318490842129,69.928580471293756,0.55439272553283048,21.861302911755004,6.0180015010456103,18.469593715968983,8.8720115654160932E-3,2.4119595247659536E-2,5.0827814185514346E-2,7.7257400202518003,0,11.504609375088631,139.51795345999724,18.553413136967571,158.07136659696482,0.49666910146846988,-5.8526014259589587E-2,-0.15444454264471474,3.6839735574059707,0.28369854456416554]
[76,5.591096482222202,8.976100610061037,7.1686693307925715,70.609021599684425,0.56305437969822181,21.863521485638785,6.0256565310583712,18.318890350495444,7.8374048514921885E-3,2.1615316858897921E-2,5.0883865206453237E-2,7.6588875723279131,0,11.48147233727583,139.93748032875936,18.399226937412291,158.33670726617166,0.47872428667324129,-5.9197417911127204E-2,-0.15418619955528001,3.6538760100801837,0.26534066920683408]
[77,5.5422306699888813,8.8980925768654107,7.1066853274374022,71.276748302004918,0.57117822089405368,21.862400619313117,6.0324784793745758,18.1681190649544,6.9234484596067472E-3,1.9371051550124745E-2,5.0931132489543653E-2,7.592249523037518,0,11.456831308408159,140.33889502732404,18.245344697453675,158.58423972477775,0.46123079953886759,-5.9816100974188657E-2,-0.15388223995861594,3.6237915360789934,0.24753245860606299]
[78,5.4935527017676913,8.820358896021629,7.0449006276846191,71.931957613179719,0.57876091512109318,21.858063288816357,6.0384961816967495,18.017365107528505,6.116072792093254E-3,1.7359802801277194E-2,5.0969781890050608E-2,7.525846927824789,0,11.430757860387908,140.72269501250054,18.091810765011925,158.81450577751247,0.44418487806707674,-6.038489289055704E-2,-0.15353393244174995,3.5937332206459063,0.23026605273476974]
[79,5.4450756239325848,8.7429221530636685,6.9833344782847639,72.574852711181578,0.58580106525083875,21.85062790557258,6.0437374125804233,17.86670782789038,5.4028489727947007E-3,1.5557377074725239E-2,5.0999999863417078E-2,7.4596992369320789,0,11.403320454370602,141.0893710411691,17.938668053801319,159.02803909497041,0.42758248867758653,-6.0906460009036323E-2,-0.15314271121060585,3.5637134566929838,0.21353331745794435]
[80,5.3968114833940861,8.6658032247903325,6.9220046844770398,73.205642109393196,0.59229910627370042,21.840208507927599,6.0482289301473635,17.716221040126527,4.7727975148637953E-3,1.3942092788483731E-2,5.1021988119026175E-2,7.3938244032381109,0,11.374584588369363,141.43940703801078,17.785957918548899,159.2253649565597,0.41141931296870382,-6.1383316127027854E-2,-0.15271013525241983,3.5337439600649256,0.19732586158925614]
[81,5.3487713922139948,8.5890213900501884,6.8609277036258822,73.824538881885942,0.59825719606998651,21.826914943763555,6.05199651869105,17.565973366337602,4.2162193007047816E-3,1.2494519506021748E-2,5.1035959270041717E-2,7.3282389824518424,0,11.344612937187687,141.77327994594012,17.633720064414369,159.40700001035449,0.39569074017191497,-6.1817832242581972E-2,-0.15223785413452973,3.5038357876436059,0.18163505379480327]
[82,5.3009655879073447,8.5125944331174725,6.8001187325583965,74.431759923190896,0.60367910298684313,21.810853044625592,6.0550650292797705,17.416028561186554,3.7245462721338216E-3,1.119724420535405E-2,5.1042133304073832E-2,7.262958226211734,0,11.313465485100318,142.09145956497838,17.481992484968117,159.5734520499465,0.38039186468964203,-6.2212245651387832E-2,-0.15172757944625204,3.4739993575538124,0.16645203959200217]
[83,5.2534034897344011,8.4365387401585288,6.7395917890678998,75.027525243769986,0.60857009141663831,21.792124791775326,6.0574584184577818,17.266445817864131,3.2902095322572683E-3,1.0034661815839228E-2,5.1040734729812409E-2,7.1979961686539529,0,11.281199651679836,142.39440838471432,17.330811423942041,159.72521980865636,0.36551748811572793,-6.2568668379768155E-2,-0.15118106102607598,3.4442444708643185,0.15176775870988379]
[84,5.2060937512772787,8.3608693892749919,6.6793597879759705,75.612057302048385,0.61293680647915894,21.770828474567598,6.0591997851401462,17.117280056095556,2.9065228286060713E-3,8.9927875030281108E-3,5.1031990279929981E-2,7.1333657069648879,0,11.247870411145659,142.68258141487408,17.180211356707122,159.86279277158118,0.35106212516643609,-6.2889095006701368E-2,-0.15060006723491881,3.414580334291891,0.13757296292481591]
[85,5.1590443095427387,8.2856002345964512,6.6194346121352083,76.185580373544127,0.61678715881255719,21.747058841527796,6.0603114057919747,16.968582192882895,2.5675796238461813E-3,8.059088443515737E-3,5.1016127071364339E-2,7.0690786763304061,0,11.213530405591129,142.95642601787239,17.030224988021622,159.986651005894,0.33702001298098594,-6.3175409982653363E-2,-0.14998636868550008,3.3850155835121734,0.12385823431283249]
[86,5.1122624308452966,8.2107439848104207,6.5598271787445483,76.748319957331461,0.62013021037922178,21.720907244489748,6.0608147679783766,16.820399396751256,2.2681621695542485E-3,7.2223330661976481E-3,5.0993371141293889E-2,7.0051459197463872,0,11.178230052425118,143.21638174675056,16.880883263128304,160.09726500987884,0.32338512327578428,-6.3429394397616079E-2,-0.14934172489331843,3.3555583067537085,0.11061400398484977]
[87,5.0657547536914747,8.1363122765373639,6.5005475012819609,77.300502219801771,0.62297606209348499,21.692461776136849,6.0607306023670304,16.672775326306233,2.0036611833250924E-3,6.4724559464366003E-3,5.0963946291347761E-2,6.9415773530480784,0,11.142017646345945,143.46288019130398,16.73221538972734,160.19509558103132,0.31015117686305871,-6.3652732309655846E-2,-0.14866787340096366,3.3262160684175486,9.7830571152439205E-2]
[88,5.0195273288635169,8.0623157429048398,6.4416047473753562,77.842353475437434,0.62533574397983804,21.661807401271748,6.0600789132609485,16.525750353907299,1.7700048927068968E-3,5.800436727936422E-3,5.0928073184372771E-2,6.8783820255071699,0,11.104939456147305,143.69634483474815,16.584248868712315,160.28059370346043,0.29731166009116805,-6.384701664699044E-2,-0.14796652101502517,3.2969959325184992,8.5498122429152446E-2]
[89,4.9735856569118635,7.9887640776390478,6.3830072928902917,78.37409970409594,0.62722110847505519,21.629026082124888,6.0588790077353067,16.379361775279207,1.5635963536545889E-3,5.1981916158605947E-3,5.0885968647795238E-2,6.8155681763562335,0,11.067039816639495,143.91719092286812,16.437009531896518,160.35420045476462,0.28485984279654986,-6.4013754676578216E-2,-0.14723933681579737,3.2679044857841091,7.3606751304174267E-2]
[90,4.9279347232208295,7.9156660950091062,6.3247627724848501,78.895966104106478,0.62864472739520572,21.594196897995847,6.0571495234481336,16.233644005857123,1.3812580785711858E-3,4.6584761359540778E-3,5.0837845145672918E-2,6.7531432874965951,0,11.028361215952856,144.1258253471099,16.29052158521732,160.4163469323272,0.27278879738858564,-6.4154373146811494E-2,-0.14648794667919773,3.2389478602869493,6.2146477562576408E-2]
[91,4.8825790308164905,7.8430297858877731,6.2668781268957217,79.408176680313318,0.62961979300079318,21.557396159506904,6.0549084551910868,16.088628764641058,1.2201831215319073E-3,4.1747979899468997E-3,5.0783910388181794E-2,6.6911141326916912,0,10.988944378475322,144.3226465427791,16.144807656140721,160.46745419891982,0.26109141873115504,-6.4270223061951626E-2,-0.14571392907659941,3.2101317555124838,5.1107266592604006E-2]
[92,4.8375226310751263,7.7708623701994846,6.2093596471630388,79.910953866057554,0.63016002351053035,21.518697517734289,6.0521731802432113,15.944345246322522,1.0778918676888076E-3,3.7413389589673503E-3,5.0724367052778357E-2,6.629486823496114,0,10.948828343661649,144.50804440314101,15.999888844201957,160.50793324734295,0.24976044450536961,-6.436258414345275E-2,-0.14491881193876388,3.1814614597892072,4.0479048423152975E-2]
[93,4.7927691524685621,7.6991703460093994,6.1522130160072113,80.404518177968654,0.63027957333682383,21.478172068468787,6.0489604825870753,15.800820282398135,9.52193861664791E-4,3.3528849155321488E-3,5.065941259582292E-2,6.5682668521438963,0,10.908050540938296,144.68240020992872,15.855784773771155,160.53818498369986,0.23878847579604212,-6.4432669008352761E-2,-0.1441040704308012,3.1529418710303645,3.0251736356888159E-2]
[94,4.7483218274790406,7.6279595354718657,6.0954433465575342,80.889087902338858,0.6299929482445864,21.435888451844555,6.0452865760437211,15.658078491960167,8.4115408731691801E-4,3.0047631022199314E-3,5.0589239137204076E-2,6.5074591316170451,0,10.866646860915086,144.84608658051229,15.712513648286908,160.55860022879918,0.22816799765379869,-6.4481627070206216E-2,-0.14327112548424736,3.124577516749413,2.0415245099345114E-2]
[95,4.7041835178216962,7.5572351278508645,6.039055218604636,81.364878811778411,0.62931492556989654,21.391912947563291,6.0411671263799427,15.516142422823046,7.4306317977403515E-4,2.6927859225461615E-3,5.0514033403610048E-2,6.4470680331203063,0,10.82465172310302,144.99946743179206,15.570092305328977,160.56955973712101,0.21789139944027625,-6.4510548160516379E-2,-0.14242134295793107,3.0963725733263008,1.0959508321828793E-2]
[96,4.660356738052374,7.4870017198333416,5.9830527125440671,81.832103910787282,0.62826047957503861,21.346309565927712,6.0366172724382805,15.375032683595702,6.5641111118785013E-4,2.4132005678935697E-3,5.0433976718649444E-2,6.3870974210627711,0,10.782098140325537,145.14289796054638,15.428536271993432,160.57143423253979,0.2079509947535314,-6.4520465999198251E-2,-0.14155603333554545,3.0683308845131729,1.8744954187877028E-3]
[97,4.6168436777173527,7.4172633532603012,5.9274394411852231,82.290973208843155,0.62684471196437852,21.299140134889385,6.0316516463379557,15.234768067295974,5.7986394511150058E-4,2.1626438745547981E-3,5.0349245030146636E-2,6.3275506858531037,0,10.73901778000069,145.27672464005155,15.287859820145787,160.56458446019735,0.1983390408151422,-6.4512361309990496E-2,-0.14067645184764466,3.0404559791740127,-6.8497723424929546E-3]
[98,4.573646222095805,7.3480235505258396,5.8722185795237536,82.741693519575279,0.62508278753746893,21.250464383303481,6.0262843927919931,15.095365667053368,5.1224330165862831E-4,1.9381018678575339E-3,5.0260008966670336E-2,6.2684307745084862,0,10.695441022460804,145.40128523232292,15.148076021189555,160.54936125351247,0.18904775716194422,-6.4487164890580928E-2,-0.13978379895623227,3.0127510882639754,-1.5223206684868984E-2]
[99,4.5307659716540698,7.2792853477259891,5.8173928926748459,83.184468284585066,0.62298987491509794,21.200340020573975,6.0205291875836133,14.956840984406957,4.5250821732618256E-4,1.7368735067238574E-3,5.0166433916814891E-2,6.2097402193500475,0,10.65139701646704,145.51690881552972,15.009196800047823,160.52610561557756,0.18006934357364912,-6.4445760366817595E-2,-0.13887922114173179,2.9852191610566212,-2.3255637934900264E-2]
[100,4.4882042602994643,7.2110513257476612,5.7629647620316584,83.619497420475355,0.6205810922384245,21.148822812863628,6.0143992552428074,14.819208030705864,3.9973912022802646E-4,1.5565381925430266E-3,5.0068680125926406E-2,6.1514811648631014,0,10.606913732067536,145.62391582582964,14.871232988144563,160.4951488139742,0.17139599712766085,-6.4388986827752959E-2,-0.13796381190326024,2.9578628806304725,-3.0956801603352346E-2]
[100,0,0,0,0,0,0,0,32.281428378784646,84.240478251834006,4.7649170199322164,6.0644679353687341,0,0,0,0,127.3512915859196,127.3512915859196,0,0,0,0,-6.1514811648631014,26.99237606319149]
[0,2.1629746781914892E-2,0,0,0,0,1.9310504624642242E-3,0,32.281428378784646,84.240478251834006,4.7649170199322164,6.0644679353687341,4.7490186080315668E-3,0,2.9134030815294656E-3,3.1223218933940148E-2,127.3512915859196,127.38251480485354,0,0,0,0,0,0]
[1,5.9255672745779059E-2,3.2906514921352874E-2,0,1.6371935412080894E-2,0,7.3868627446289376E-3,2.2825726988860823E-3,25.906249359509609,74.416802556544212,4.2701873781312605,5.0177486202440766,3.8705119338674009E-2,0,7.9982998810699032E-3,0.16490697774247176,109.61098791442916,109.77589489217162,9.7445085379003094E-2,3.6238673429528523E-2,-17.740303671490437,17.729906207496956,-17.606619912681907]
[2,0.38565346840886972,8.7515073102237703E-2,2.6841335919525287E-2,8.519870486802894E-2,6.8888582474024208E-18,3.7874641915344578E-2,1.4032842168945209E-2,20.772284785738812,65.738711575027409,3.8268243010475183,4.1516992954610954,0.23903605991086177,0,3.789223427697367E-2,0.91404436057078686,94.489519957274851,95.403564317845635,0.53705617278606832,0.21208121004224689,-15.121467957154309,15.095327691270567,-14.372330574325993]
[3,0.91357733443657041,0.53440572452077517,7.236709000324093E-2,0.19800313190442909,4.4743641744253618E-14,0.10111695075390975,3.7658523090487762E-2,16.518762300551764,58.072613322253027,3.4294945243121062,3.4351476187046401,0.47709129468742362,0,9.9411964790538376E-2,2.4336320141874199,81.456017765821542,83.889649780008966,1.2579067379185287,0.26168091569810442,-13.033502191453309,12.875582389718765,-11.513914537836676]
[4,1.5097397317632493,1.1088184587807755,0.44361748829219472,0.34533378069330567,6.2693788896937309E-12,0.19970239217642613,7.3029337136813435E-2,12.922010764246281,51.300494598635026,3.0734185233085451,2.8423037069634036,0.67814962478489849,0,0.18897625368468948,4.5473670673186222,70.13822759315326,74.685594660471878,1.8773059089874016,0.23642914414380056,-11.317790172668282,10.978025647126719,-9.2040551195370792]
[5,8.1791320937150935,1.678493063017608,0.88944617061633213,1.1911907004888294,6.8414971558515329E-10,0.79080757929762502,0.2763589550266829,10.12267434810034,45.318104275085496,2.7543130197330621,2.3519219174981556,4.2229996682197406,0,0.67092357770933786,17.8993518087754,60.547013560417049,78.446365369192449,9.603805080132064,3.7481796613247114,-9.591214032736211,9.3398476355756426,3.760770708720564]
[6,12.214234389652228,10.437690914440942,1.5430810285155023,2.4180451607397537,2.6038593185763364E-7,1.7271711807585151,0.58440468068061091,5.2472079474083371,40.033348433684822,2.4683394575576534,1.9464799182928558,6.1074209186975894,0,1.3589301283350241,36.390978662206095,49.695375756943669,86.086354419149757,16.299159877298923,2.1924669761317768,-10.85163780347338,7.9725096052305267,7.6399890499573182]
[7,14.477638392215361,17.371707610879316,9.8036569112135616,3.9201073918853666,7.9636598583410717E-6,2.9177389519844117,0.9597874190477127,0.6948902391740146,35.364872658495408,2.2120578286074739,1.6114350429440416,8.9657603005068083,0,2.1554115070672317,60.571816448459629,39.883255769220945,100.45507221768057,20.947115666077217,3.2337221201763207,-9.8121199877227241,6.2952855830006014,14.368717798530813]
[8,15.404575632488569,21.635936208697778,15.070505488385471,5.6345065213836314,7.9780723603963802E-5,4.2834960028622486,1.3741475234947433,2.8816548993682396,31.24080965206635,1.9823852923152165,1.334722305965433,10.530488132569854,0,3.0077053605016726,76.94144065110757,37.439572149715239,114.3810128008228,14.390536266137858,1.9790879365100764,-2.4436836195057055,4.7688759034225985,13.925940583142228]
[9,15.591867197957683,23.574944755911623,18.035093278013449,7.515300741618641,4.3334845148263444E-4,5.7631695642881473,1.8081139576879499,8.3649753153266069,27.59767289822797,1.7765590918848588,1.1063321614470913,11.983756518247944,0,3.8918976185930587,88.164576980769979,38.845539466886521,127.0101164476565,9.335901509791114,1.8872348198712974,1.4059673171712816,4.6474972399487378,12.629103646833693]
[10,15.4530364769724,24.16752794489847,19.271945575105491,9.5246414622265103,1.6073114946320022E-3,7.3107910294490743,2.2489561413609396,14.981019374807669,24.379379340036095,1.5921033207791258,0.91796192063204352,12.983076488783475,0,4.7960620556920013,95.757644485983008,41.870463956254937,137.62810844223796,6.152905351004506,1.4401621542085188,3.0249244893684164,5.2429846091205663,10.617991994581441]
[11,15.217414101477475,24.132697266240442,19.550453784045928,11.631387618928841,4.6106157232532925E-3,8.8922900610149771,2.688480424955503,21.282069822634568,21.536386027806785,1.4267991397610114,0.7627263180896191,13.9032936311936,0,5.7117276072856793,101.7323551108657,45.007981308291981,146.74033641915767,4.6149691988780006,1.3597414260046889,3.1375173520370438,6.1204750396727512,9.1122279769197334]
[12,14.992104603894607,23.877942779517976,19.402367073313194,13.810778354429623,1.1020206538623543E-2,10.482573601795961,3.1214907556754139,26.621380888436079,19.024927446656832,1.2786580862267949,0.63491687035684974,14.663222573000276,0,6.6310412778840835,106.99254122604974,47.559883291676556,154.55242451772628,4.0672468426574682,1.192939272526587,2.5519019833845746,6.9873326207062183,7.8120880985686298]
[13,14.817240236644874,23.599507105656919,19.122936518694541,16.043541635843987,2.302183873985951E-2,12.06326797688404,3.5447394486099455,30.855637342309443,16.806341782842587,1.1458981547655167,0.52980179457845922,15.361226167177001,0,7.5464110301718197,112.12189195842301,49.337679074496009,161.459571032919,4.008098445261993,1.1212522871112576,1.7777957828194531,7.7097460456883855,6.9071465151927036]
[14,14.700648149811045,23.376463899238114,18.850779253628684,18.314566294065536,4.3405698990994696E-2,13.621025580961328,3.9562390418587174,34.085345114459209,14.846475757328305,1.0269223612152683,0.44345970725844236,15.978552877196801,0,8.4508410068343185,117.29252180258555,50.402202940261226,167.6947247428468,4.1418035408939744,1.0288263032685734,1.0645238657652172,8.2539482572377967,6.235153709927765]
[15,14.636522464794606,23.23028212283084,18.638608655956556,20.611518257850371,7.5527011230804575E-2,15.146264718735365,4.3548202937332672,36.496047520504796,13.115158864492408,0.92029953236091622,0.37264145810046184,16.541887394756042,0,9.3382649146551948,122.57369583454305,50.904147375458578,173.47784321000165,4.3192582625237037,0.9619157694337872,0.50194443519735188,8.634930133149135,5.7831184671548428]
[16,14.614564295305678,23.157165057664336,18.497564018094089,22.923638161152674,0.12323411952499563,16.632231639177089,4.7398502550104382,38.279415442265183,11.58573892231427,0.8247470901903744,0.31465538592495329,17.048536144302822,0,10.203708185290131,127.94049187552226,51.004556840694775,178.94504871621706,4.4751173301552569,0.89167871082395322,0.10040946523619709,8.8850466711841651,5.4672055062154072]
[16,6.155248629423312,9.753154839402379,7.7906602803489307,9.6547997957184144,5.190278888766231E-2,7.0050340833068621,1.9962933000469931,70.849645064154657,24.925908618385861,16.358134304389488,3.0582123408883986,7.1803699799384848,0,4.2975185269612473,53.884982224034275,115.1919003278184,169.07688255185269,0,0,0,0,-9.8681661643643377,0]
[17,5.6924075949284356,9.7476485635686778,7.7584584205836471,10.580407208323354,4.3147507842327695E-2,7.5449204039585123,2.1349526549647342,60.616022936098666,22.019181973916453,14.659709359927881,2.5332577443806592,6.5818831994727445,0,4.6102411426799579,54.694066696322395,99.82817201432367,154.52223871064606,1.2689118978361194,-0.45982742554799927,-15.363728313494732,19.102092512553615,-14.554643841206612]
[18,6.911570627580975,9.021304997787702,7.748197216728121,11.698625952593233,3.540467397546615E-2,8.2383777044460533,2.3129204060275965,52.595347921908868,19.451422302126876,13.137627709774314,2.0991576546807162,9.184389232116331,0,5.0161539479627004,60.166944759218168,87.283555588490771,147.45050034770892,2.6924042791893257,2.7804737837064497,-12.544616425832899,16.478459707274265,-7.0717383629371238]
[19,6.9195451656089855,10.95985964647053,7.166582604481988,12.832032040754138,2.9348393675241984E-2,8.9122384537856778,2.4852559258059177,45.510846821676736,17.183101080860997,11.773580062400296,1.7402569815648636,8.2345746603938448,0,5.4095782648413273,62.949015155817648,76.207784946502898,139.15680010232055,3.5595494485436419,-0.77747905194416589,-11.075770641987873,14.364662650729468,-8.293700245388397]
[20,6.9847091081374924,10.977729327604177,8.7024583868477041,13.978381907335892,2.4689166863893674E-2,9.5649870142341662,2.6517788407114677,39.500598859617305,15.179299393587371,10.55115813508853,1.4435685298042826,9.0227804702991268,0,5.7892480417062337,67.696762263740155,66.674624918097493,134.37138718183766,3.7930183831116722,0.95472872481083115,-9.5331600284054048,12.499753214132111,-4.7854129204829015]
[21,7.0426821426707331,11.085448170477578,8.7133026877273672,15.135741573080409,2.1207634313816257E-2,10.195656782914671,2.8124086479350114,35.831856740705625,13.409170381753739,9.4556572768528397,1.1983461511705571,8.9056499764502703,0,6.1543166614559865,70.066414277025842,59.895030550482758,129.96144482750861,2.3261526999110131,4.3499313374688597E-2,-6.7795943676147346,10.902938572382752,-4.4099423543290328]
[22,7.0959732379254428,11.181097266204432,8.796029497626872,16.302402321255038,1.87389829610261E-2,10.803702028828088,2.9671383495542889,32.873404147477743,11.845464383083602,8.4738995845359746,0.99569813810804209,9.2085652571149819,0,6.5042725701102295,72.877919511580401,54.188466253205362,127.06638576478576,2.3538602522705574,0.45764498228398764,-5.7065642972773958,9.817098356588966,-2.8950590627228507]
[23,7.1439789567846432,11.268787779729458,8.8696016049431794,17.476823689873939,1.7160898361663259E-2,11.388898618787893,3.1160149616275508,30.542348502623753,10.464109445714334,7.5940753843289386,0.82826729999556392,9.2713527244034282,0,6.8388682649599648,75.391487499471722,49.428800632662593,124.82028813213429,2.30190390852961,0.21166407936170906,-4.7596656205427692,8.9145325569541036,-2.2460976326514501]
[24,7.1864481712856687,11.347659811302197,8.9371976488415044,18.657594937118414,1.6384165681614757E-2,11.951267058579427,3.259124980590919,28.710022532112195,9.2438407605412607,6.8056011718751908,0.68996622271635533,9.426742703528463,0,7.1580617267556947,77.940481203683902,45.449430687244998,123.3899118909289,2.2504937061237769,0.29849999808840266,-3.979369945417595,8.1735944718103983,-1.4303762412054155]
[25,7.2232705302573059,11.4173893546293,8.998072193422864,19.843408835798581,1.6345268223858258E-2,12.491012749045584,3.3965834621194562,27.27562585028641,8.1658733071871907,6.0989923021052244,0.57575819475668732,9.5106389354667602,0,7.4619687911146926,80.358690120078421,42.116249654335512,122.47493977441394,2.1968542029276819,0.22135471346683566,-3.3331810329094864,7.5642860407777261,-0.9149721165149689]
[26,7.2544516188964367,11.477859117538273,9.0519200828327815,21.033043625151461,1.7000507989462468E-2,13.008479534160674,3.5285257611946896,26.157670807858487,7.2136126742546596,5.4657488973732296,0.48147592388107074,9.607225667332056,0,7.7508248073745296,82.729330722470365,39.318508303367452,122.04783902583782,2.1421115714514229,0.22852903094052834,-2.7977413509680602,7.0626882106825839,-0.42710074857610891]
[27,7.2800838022820749,11.529123595317227,9.0986109978122052,22.225350335964933,1.8321298235424725E-2,13.504113533755248,3.6551012532914906,25.29047718080577,6.3723996021794527,4.8982536014719598,0.40367152645565435,9.6763389960568098,0,8.0249540095491696,85.01199782226459,36.964801910912833,121.97679973317743,2.0869782789726656,0.19568882082155525,-2.3537063924546189,6.6491974952059403,-7.103929266039799E-2]
[28,7.3003226829801822,11.571365923157671,9.1381588253652097,23.419243656079487,2.0290368392369803E-2,13.978434955906751,3.7764685448233908,24.621163371075049,5.6292843161353376,4.3896799495973386,0.33949239543429655,9.7398366552455489,0,8.284745198183483,87.228866810134093,34.979620032242025,122.20848684237612,2.0320040371488659,0.18486495072063924,-1.985181878670808,6.3077685512264345,0.23168710919869717]
[29,7.3153682771051116,11.604862725982395,9.1706853958215557,24.613695142641788,2.2898687290311255E-2,14.432016119394145,3.8927918129602186,24.10721481877605,4.9728271750329744,3.9339102520347935,0.28657848321379298,9.7884102560305113,0,8.5306325357074968,89.371360952933529,33.300530729057613,122.67189168199114,1.9775972738776488,0.16489686892179023,-1.6790893031844121,6.0252636929145043,0.46340483961502699]
[30,7.3254502669806678,11.629955836154284,9.19639115814992,25.80772801071458,2.6142958520281746E-2,14.865464323914621,4.0042380085292697,23.714509956444694,4.3929225677703192,3.5254620037809405,0.24297730539066192,9.8281994452257049,0,8.7630804570825642,91.446650465271901,31.875871833386618,123.32252229865853,1.9240541275741236,0.15123538476424336,-1.4246588956709942,5.7909239647578419,0.65063061666737276]
[31,7.3308166244843616,11.647030052595891,9.2155317074984957,27.000413004391824,3.0023576913487865E-2,15.27940851580092,4.1109747228852358,23.41571751018887,3.880643345763934,3.1594219348736674,0.2070736085473053,9.8574934310899849,0,8.9825718767556637,93.454263512415849,30.662856399373776,124.11711991178962,1.8715823469237165,0.1360307002202461,-1.2130154340128421,5.5959370808460749,0.79459761313112054]
[32,7.3317249559186903,11.656495949120774,9.2283993843154697,28.190865035118509,3.4542961067700474E-2,15.674488933493876,4.2131685684183227,23.188995345217734,3.4281033969295471,2.8313869081146139,0.17753117243633501,9.8783924757633752,0,9.189599026994804,95.397677290211519,29.626016822698229,125.02369411290974,1.8203208875891761,0.12309289020647896,-1.0368395766755469,5.4330843000456657,0.90657420112010811]
[33,7.3284360089238447,11.658776788418097,9.2353090745622914,29.378240385845061,3.9704196100785918E-2,16.051349098011883,4.3109839582052158,23.016934426728152,3.0283362455527207,2.5374109532360993,0.15324465325401951,9.890986485142486,0,9.3846563914901555,97.278442386699822,28.735926278770989,126.01436866547083,1.7703556973223016,0.11040939916600223,-0.89009054392723996,5.2964516761770444,0.99067455256106385]
[34,7.3212088770969661,11.654298713242149,9.2365874060625757,30.561734351443718,4.550993516300933E-2,16.410629652658073,4.4045821969154222,22.885702104469456,2.675187809195716,2.2739578003805274,0.13329973577056367,9.8962751182775079,0,9.5682353039322603,99.099061554791689,27.968147449816264,127.06720900460796,1.7217322962466284,9.8886871845229152E-2,-0.76777882895472516,5.1811938755198224,1.0528403391371324]
[35,7.3102975257865177,11.643483519269289,9.232564645037737,31.740579230437188,5.1961518991974341E-2,16.752963663376477,4.4941208150403282,22.784347488552925,2.3632216617224331,2.0378583419121505,0.11694016088910156,9.8947159687022186,0,9.7408198672323625,100.8615067538741,27.302367653076612,128.1638744069507,1.6744657305328019,8.7979468549617579E-2,-0.6657797967396526,5.0833409500435476,1.0966654023427669]
[36,7.295948338332602,11.626743441229092,9.2235687140941121,32.914042610382417,5.9058280889684192E-2,17.078973074134062,4.5797530936160102,22.704238611111727,2.0876353440445699,1.8262725108645343,0.10354044247399539,9.8869581687934538,0,9.9028839183427806,102.56792963981422,26.721686908494828,129.28961654830903,1.6285484072732146,7.7874478666917213E-2,-0.58068074458178387,4.9996402262044493,1.1257421413583479]
[37,7.2783984450042585,11.60447749588138,9.2099208617342896,34.081425905627604,6.6797010627898265E-2,17.389266076189699,4.6616277381379723,22.63860669537511,1.8441864342626253,1.636655117455279,9.2583291908817533E-2,9.873482536718706,0,10.05488881922534,104.22028488914715,26.212031539001831,130.43231642814902,1.5839562368857116,6.8399012447212471E-2,-0.50965536949299661,4.9274269062052403,1.1426998798399275]
[38,7.2578746480892997,11.577069019595543,9.1919326077170407,35.24206311577332,7.5171555449746033E-2,17.68443520043305,4.7398886692313393,22.582177434641832,1.6291272391131191,1.4667252327115841,8.3640938169986148E-2,9.8547878710944925,0,10.197281898980304,105.82050458636412,25.761670844636523,131.58217543100065,1.5406534317478275,5.9566265469154445E-2,-0.45036069436530823,4.86451814872244,1.1498590028516738]
[39,7.2345927975080606,11.544884115512765,9.1699036670654515,36.395319778667371,8.4172539903234783E-2,17.965055981392513,4.8146749045035486,22.530872917354873,1.4391471013512387,1.3144387509188438,7.635967132013044E-2,9.8313035875411092,0,10.330495407648357,107.37040277974241,25.360818440945085,132.73122122068747,1.4985962416594418,5.1301951718826899E-2,-0.40085240369143804,4.8091263509934388,1.1490457896868307]
[40,7.208757503829041,11.508270787343669,9.1441206194186737,37.540592094847945,9.3787188990281226E-2,18.231686072505006,4.8861205113545916,22.481570879220662,1.2713214349391047,1.1779638008428766,7.0447053273283239E-2,9.8034386698993323,0,10.454945870520501,108.87171931870905,25.001303168275925,133.87302248698498,1.457735849757384,4.3580689209264278E-2,-0.35951527266916017,4.7597881344065334,1.1418012662974881]
[41,7.1805621010552318,11.467558586390837,9.1148561415320692,38.677306202064223,0.10399924124671249,18.484864716689174,4.9543546147078636,22.43191044638947,1.1230667034788124,1.0556587099446137,6.5661335630632242E-2,9.7715619832756015,0,10.571033754376018,110.32609734133773,24.676297195443528,135.00239453678125,1.4180206058991303,3.635741672954218E-2,-0.32500597283239685,4.7153061737094095,1.1293720497962756]
[42,7.1501887916188354,11.423058637352172,9.0823686613675783,39.804917579519866,0.11478894003673887,18.725112495621055,5.0195014469223267,22.380135558306755,0.99210064882071403,0.94605225651630453,6.1802703780728288E-2,9.7360164717625057,0,10.679143375087216,111.73509639928831,24.380091167424499,136.11518756671282,1.3793977372492066,2.9601320701367229E-2,-0.29620602801902862,4.6747015317235849,1.1127930299315452]
[43,7.1178089216033875,11.375063939221166,9.0469023240998858,40.922910562183439,0.12613309266371572,18.952931296477406,5.0816804297526206,22.324968909015457,0.87640715759947785,0.84782597218996059,5.870603215670165E-2,9.6971160160174676,0,10.779642990406588,113.10018957242568,24.107908070961596,137.20809764338728,1.3418146460521285,2.3278527085254908E-2,-0.27218309646290351,4.6371745881932993,1.0929100766744799]
[44,7.0835833464184192,11.323849861520706,9.0086871854779034,42.030797946137611,0.13800518795416433,19.168804447151089,5.1410062802924088,22.265510590000265,0.77420522484750454,0.75979828193292154,5.6234889907730935E-2,9.6551506001448431,0,10.872885033233867,114.42276988833103,23.855748986688425,138.27851887501944,1.3052198812381732,1.7360434667164526E-2,-0.25215908427317046,4.6020730003758246,1.0704212316321673]
[45,7.047662856604453,11.269674774875151,8.9679395674846543,43.128120666616979,0.15037556382959663,19.373196980713466,5.1975891344829703,22.201156712280159,0.68392153690636648,0.68091029074876375,5.4276581227870727E-2,9.6103869959134975,0,10.959206449834797,115.70415299035557,23.620265121163161,139.3244181115187,1.2695638520653318,1.1819249959216904E-2,-0.23548386552526424,4.5688654183018151,1.0458992364992845]
[46,7.0101886407814806,11.212780769471504,8.9248625265214656,44.214447531181015,0.16321161709092769,19.566555997717728,5.251534683083781,22.131534176196098,0.60416625157302317,0.61021304611017546,5.2738041810265902E-2,9.5630713909627811,0,11.038929114818714,116.94558227162938,23.398651515689561,140.34423378731893,1.234799337623727,6.629943650093395E-3,-0.22161360547359976,4.5371199108689986,1.0198156758002206]
[47,6.9712927684713435,11.153394426254588,8.8796463961796039,45.289374991412423,0.17647804824202054,19.749311101210921,5.3029443160546137,22.056448481837549,0.53371160263632822,0.54685612290217134,5.1542443697554452E-2,9.5134307754611864,0,11.112360300552446,118.14823312383913,23.188558651073599,141.33679177491271,1.2008818347405139,1.7690174692379657E-3,-0.21009286461596233,4.5064862495346611,0.99255798759378955]
[48,6.9310986799027905,11.091727614508077,8.8324693758486887,46.352526937617846,0.19013713470185598,19.921874884361536,5.3519152721425902,21.975842061950594,0.47147299943848231,0.49007739356264141,5.062638628783743E-2,9.4616747053956924,0,11.179793183386442,119.31321778786553,22.988018841239555,142.30123662910506,1.1677697780039011,-2.7851139775183498E-3,-0.20053980983404429,4.4766813521173514,0.9644448541923385]
[49,6.8897216733255568,11.027978296214915,8.7834981435719826,47.403554502230122,0.20414902622222303,20.084643454667997,5.3985407911458161,21.889761097613647,0.41649233050491813,0.43919386036410507,4.9937572346691453E-2,9.4079966564631992,0,11.241507372832455,120.44158991667427,22.795384860829365,143.23697477750363,1.1354246587380175,-7.0525299292665267E-3,-0.19263398041018931,4.4474773164500654,0.93573814839856162]
[50,6.8472693829728932,10.962331322852892,8.7328884770417687,48.442135858945051,0.218472056757362,20.237996981983734,5.4429102668705855,21.798329165474794,0.36792321421590068,0.39359343955715387,4.9432885328015153E-2,9.3525753825118549,0,11.297769452846095,121.53434918278225,22.609278704575864,144.14362788735809,1.1038110643345505,-1.1051798226574761E-2,-0.18610615625350135,4.4186915775592492,0.90665310985447434]
[51,6.803842242823313,10.894959214301082,8.6807858709079682,49.467976006046037,0.23306306743721319,20.38230026023453,5.4851093992381035,21.701726380628106,0.32501796946621342,0.35272759854612046,4.9076798747751421E-2,9.2955760904974412,0,11.348833526781711,122.59244567826738,22.428548747388191,145.0209944256556,1.0728966551320411,-1.480015964689585E-2,-0.1807299571876726,4.3901788069397698,0.87736653829747269]
[52,6.7595339328580808,10.82602291262392,8.6273261418449962,50.480806523851633,0.24787773568697116,20.517903274835618,5.5252203443500738,21.600172954970038,0.28711610573708424,0.31610475752873041,4.8840060304231291E-2,9.2371515431182445,0,11.394941759519813,123.61678416868935,22.252233878540085,145.86901804722945,1.0426520926891811,-1.8313602267225448E-2,-0.17631486884810599,4.3618242418356719,0.8480236215738497]
[53,6.7144318056730823,10.755672505872436,8.5726360153397945,51.48038529773401,0.26287090591968149,20.645141769538942,5.563321861606906,21.493916298231085,0.25363415539459261,0.28328437622731761,4.8698603326849978E-2,9.1774430490167784,0,11.436324911813218,124.60822812251484,22.079533433179847,146.68776155569469,1.0130509306701327,-2.1606976844633863E-2,-0.17270044536023832,4.3335381890798672,0.81874350846526056]
[54,6.6686172922005209,10.684047918821493,8.5168336900985793,52.466496199676527,0.27799691761068268,20.764337807833513,5.5994894572011571,21.383220956915935,0.22405669169125744,0.25387165458022753,4.8632646316762541E-2,9.1165813745904991,0,11.473202863133473,125.56760352116643,21.909781949504179,147.47738547067064,0.98406947748361517,-2.469407883202912E-2,-0.16975148367566817,4.3052514943180196,0.78962391497591788]
[55,6.622166285960299,10.611279568933059,8.4600293774236857,53.438948722840813,0.29320992694567044,20.875800325146994,5.6337955234926227,21.268360822491349,0.19792839420041874,0.22751278364742822,4.8625948113561912E-2,9.0546875730112575,0,11.505785120284948,126.49570242403934,21.742427948452754,148.23813037249212,0.95568663816069943,-2.7587735287776027E-2,-0.16735400105142517,4.2769118052505828,0.76074490182149823]
[56,6.5751495057416349,10.537488986846999,8.4023258140333592,54.397577565071806,0.30846421861922285,20.97982566900464,5.6663094739186715,21.14961315034077,0.17484703953738226,0.20389068960293805,4.8665191824069268E-2,8.9918737440150522,0,11.53427130983747,127.39328628708886,21.577016071305163,148.97030235839401,0.92788374161965237,-3.029987857015648E-2,-0.16541187714759076,4.2484804884262033,0.73217198590190513]
[57,6.5276328370065508,10.462789401429081,8.3438187476277719,55.342242158670516,0.32371450474806518,21.076698125035264,5.6970978732114164,21.027254020174571,0.15445730946531488,0.18272121961807639,4.8739475284938549E-2,8.9282437279849098,0,11.558851653051505,128.26108902876507,21.413172024542902,149.67426105330802,0.90064435841362922,-3.2841616737398382E-2,-0.16384404676226083,4.2199300843778529,0.70395869491397001]
[58,6.479677652532434,10.387286289997776,8.2845973951045035,56.272826145079932,0.33891620825148178,21.166690427303116,5.7262245627869257,20.901554940684441,0.13644532106683693,0.16374972375509686,4.8839889666532708E-2,8.8638937418013626,0,11.579707422460764,129.09981984531828,21.250589875172906,150.3504097204912,0.87395411316123273,-3.5223296608037913E-2,-0.16258214936999593,4.1912422065511956,0.67614866718319888]
[59,6.4313411130146392,10.311077894685543,8.2247448738150482,57.189236794354898,0.35402572843851704,21.250064251918282,5.7537507812459783,20.772780359516311,0.120533794777857,0.14674799175441722,4.8959170999463966E-2,8.7989129610957644,0,11.597011379663915,129.9101657782326,21.089021317048047,150.99918709528063,0.84780049516083977,-3.7454562246544754E-2,-0.16156855812485915,4.1624058063716385,0.64877737478943587]
[60,6.3826764484653573,10.234255706194039,8.1643386065342725,58.091404370403851,0.36900068692505805,21.327070693257859,5.7797352799844335,20.641185886737262,0.10647778589955384,0.13151150786771454,4.9091412031467427E-2,8.7333840541383569,0,11.610928194179026,130.69279404008225,20.928266592535998,151.62106063261822,0.82217267006862471,-3.9544408218951332E-2,-0.16075472451204931,4.1334157406270275,0.62187353733762407]
[61,6.3337332213172743,10.156904916369168,8.10345070106845,58.979281443990949,0.38380015238044601,21.397950722432025,5.8042344339569061,20.507017077972588,9.4060913878686064E-2,0.11785699071496387,4.9231823995439628E-2,8.6673836715561965,0,11.621614843447677,131.4483541065191,20.768166806561673,152.21652091308076,0.79706129504653234,-4.1501228609689633E-2,-0.1600997859743245,4.1042715886713612,0.5954602804625182]
[62,6.2845575721825009,10.079104841122533,8.0421483055701017,59.852842156366364,0.39838484296959442,21.462935627868877,5.827302347672596,20.370508654073401,8.3092031309139655E-2,0.10562018857208372,4.9376539667628151E-2,8.6009828959379284,0,11.629220994254814,132.17747958394531,20.608597413622249,152.78607699756759,0.77245833932877872,-4.3332861902577235E-2,-0.1595693929394244,4.0749766762311177,0.56955608448677708]
[63,6.2351924492267452,10.000929315281134,7.9804939407167987,60.712081437143972,0.41271730570921905,21.522247438079958,5.8489909565288887,20.231884058909618,7.3402281376765743E-2,9.4653903568455308E-2,4.952245058287575E-2,8.5342476548497341,0,11.633889365964782,132.88078986350124,20.449462694437717,153.33025255793896,0.74835691178783748,-4.504663223190164E-2,-0.15913471918453226,4.0455372702056014,0.54417556037140358]
[64,6.1856778221298461,9.9224470609521234,7.9185458099622608,61.557014180673391,0.42676207229259272,21.576099326816092,5.8693501236083954,20.09135527681088,6.4842498449321856E-2,8.4826221027165152E-2,4.9667072504977608E-2,8.4672391005501737,0,11.635756076074006,133.5588915730589,20.290691068792345,153.84958264185121,0.72475109677770888,-4.664938722005374E-2,-0.15877162564537173,4.0159619150947261,0.51933008391228341]
[65,6.1360508815636763,9.8437220309987907,7.8563580890783804,62.387674385652119,0.44048579125269149,21.6246960009357,5.8884277320793457,19.949122847213488,5.7280911795763161E-2,7.6018922648505211E-2,4.9808434268942561E-2,8.400013959290284,0,11.634950968651776,134.21237983950277,20.1322311159267,154.34461095542949,0.70163579923283237,-4.8147532788938463E-2,-0.15845995286564474,3.9862608868123943,0.49502831357824917]
[66,6.0863462250989979,9.7648137291533246,7.7939811962196508,63.204114263101296,0.45385733662623767,21.668234071393535,5.9062697733492548,19.805376026974802,5.0601117085554155E-2,6.8126064448736479E-2,4.99449859548773E-2,8.3326248528706266,0,11.63159792628927,134.84183937410219,19.974048194463972,154.81588756856618,0.67900659974917232,-4.9547065149749159E-2,-0.15818292146272839,3.9564457438533682,0.47127661313669478]
[67,6.0365960304334854,9.6857775082547253,7.7314620436898949,64.006403318093348,0.46684789354875045,21.706902407821815,5.9229204311282944,19.66029306119168,4.4700284440921709E-2,6.1052702347981214E-2,5.0075523050704687E-2,8.265120594878054,0,11.625815166208632,135.447845394057,19.816121571031289,155.26396696508829,0.65685962016833344,-5.0853600213532246E-2,-0.15792662343268304,3.9265289592448855,0.44807939652211815]
[68,5.9868302167547025,9.6066648480646393,7.6688442725657389,64.794627410768456,0.47943102145065203,21.740882477220129,5.9384221615620554,19.514041531657423,3.9487575456505858E-2,5.4713750077197108E-2,5.0199123838041898E-2,8.1975464637261322,0,11.617715521199894,136.03096439331239,19.658441981029167,155.68940637434156,0.63519139997356433,-5.207240071816166E-2,-0.15767959000212173,3.8965236195667554,0.42543940925328094]
[69,5.9370765950552915,9.5275236139844761,7.6061684713061233,65.568887802231757,0.49158269573652813,21.770348667302535,5.9528157695949444,19.36677875876989,3.4882744817743984E-2,4.9032955665867815E-2,5.0315097713097306E-2,8.1299444545436224,0,11.607406706060328,136.59175477581562,19.501009556966597,156.09276433278222,0.613998783652832,-5.3208401149619888E-2,-0.15743242406256996,3.86644317966842,0.40335795844064215]
[70,5.8873610081413457,9.4483982979992778,7.5434723793776071,66.329300190882179,0.50328132901192846,21.795468595068922,5.9661404817248078,19.218652238036317,3.0814904991067697E-2,4.3941984198465005E-2,5.0422942549565357E-2,8.0623535116522262,0,11.594991570207718,137.13076736406603,19.343832069775416,156.47459943384146,0.59327881901192825,-5.4266230761534473E-2,-0.15717748719118063,3.8363012636509706,0.38183510105921314]
[71,5.8377074610350572,9.3693302430490206,7.4807910769291848,67.075993744601391,0.5145077730748151,21.816403401177315,5.9784340153073128,19.069800096562048,2.7221434969346571E-2,3.9379595806056204E-2,5.0522309537432246E-2,7.9948097432749528,0,11.580568337129577,137.64854579557863,19.186923436874881,156.83546923245351,0.57302866630737981,-5.525023479476765E-2,-0.15690863290053514,3.8061115042812665,0.36086979861207702]
[72,5.7881382424573395,9.2903578519620691,7.4181571614534869,67.809110134042299,0.52524530301253902,21.833308030697452,5.9897326445660131,18.920351558330459,2.4047016273623417E-2,3.5290909005026926E-2,5.0612974202114705E-2,7.9273466199909173,0,11.564230831316795,138.14562681949891,19.030302457811224,157.17592927731013,0.55324551794562637,-5.6164494025335188E-2,-0.15662097906365702,3.7758874143235168,0.34046004485663417]
[73,5.7386740379845769,9.211516782058407,7.3556009123208019,68.528802571999904,0.53547958483960978,21.846331500821087,6.0000712634597253,18.770427409755669,2.1242781371190515E-2,3.1626740521535586E-2,5.0694812532176586E-2,7.8599951582126444,0,11.546068693311412,138.62254050500817,18.873991744180568,157.49653224918879,0.53392652839382038,-5.7012842884560655E-2,-0.15631071363065629,3.7456422843722206,0.32060297187860343]
[74,5.6893340354905373,9.1328401263828578,7.2931504440524062,69.235234863549749,0.54519862817926901,21.855617156098116,6.0094834455549186,18.62014045914021,1.8765561400612106E-2,2.8343013660375331E-2,5.0767781329057349E-2,7.7927840900020806,0,11.526167583478442,139.07981037278839,18.718016815530255,157.79782718831862,0.51506875389556228,-5.7798886115369541E-2,-0.15597492865031271,3.7153891026713621,0.30129493912988004]
[75,5.6401360233920013,9.0543585825533928,7.2308318490842129,69.928580471293756,0.55439272553283048,21.861302911755004,6.0180015010456103,18.469595985363537,1.6577221623046229E-2,2.5400228101445162E-2,5.0831902045466587E-2,7.7257400202518003,0,11.504609375088631,139.51795345999724,18.562405337133494,158.08035879713071,0.49666910146846988,-5.8526014259589587E-2,-0.15561147839676082,3.6851404931580225,0.28253160881211947]
[76,5.591096482222202,8.976100610061037,7.1686693307925715,70.609021599684425,0.56305437969822181,21.863521485638785,6.0256565310583712,18.318892172443981,1.4644074369692329E-2,2.2762984745952414E-2,5.0887247505885913E-2,7.6588875723279131,0,11.48147233727583,139.93748032875936,18.407186479065512,158.34466680782489,0.47872428667324129,-5.9197417911127204E-2,-0.15521885806798252,3.6549086685928831,0.26430801069413157]
[77,5.5422306699888813,8.8980925768654107,7.1066853274374022,71.276748302004918,0.57117822089405368,21.862400619313117,6.0324784793745758,18.168120527677779,1.2936360448179415E-2,2.0399559896668078E-2,5.0933931007493369E-2,7.592249523037518,0,11.456831308408159,140.33889502732404,18.252390379030118,158.59128540635419,0.46123079953886759,-5.9816100974188657E-2,-0.15479610003539435,3.624705396155774,0.24661859852928458]
[78,5.4935527017676913,8.820358896021629,7.0449006276846191,71.931957613179719,0.57876091512109318,21.858063288816357,6.0384961816967495,18.017366281853484,1.1427791024577862E-2,1.8281523650001328E-2,5.0972097386614637E-2,7.525846927824789,0,11.430757860387908,140.72269501250054,18.098047693914676,158.82074270641519,0.44418487806707674,-6.038489289055704E-2,-0.15434268511544147,3.5945419733195969,0.22945730006107823]
[79,5.4450756239325848,8.7429221530636685,6.9833344782847639,72.574852711181578,0.58580106525083875,21.85062790557258,6.0437374125804233,17.866708770679139,1.0095142928689916E-2,1.6383397909488531E-2,5.1001915707601167E-2,7.4596992369320789,0,11.403320454370602,141.0893710411691,17.944189227224921,159.03356026839401,0.42758248867758653,-6.0906460009036323E-2,-0.15385846668975489,3.5644292121721337,0.21281756197879531]
[80,5.3968114833940861,8.6658032247903325,6.9220046844770398,73.205642109393196,0.59229910627370042,21.840208507927599,6.0482289301473635,17.716221797029991,8.9179011526807836E-3,1.4682349906902517E-2,5.1023573290429461E-2,7.3938244032381109,0,11.374584588369363,141.43940703801078,17.790845621380004,159.23025265939077,0.41141931296870382,-6.1383316127027854E-2,-0.15334360584491691,3.5343774306574245,0.19669239099675906]
[81,5.3487713922139948,8.5890213900501884,6.8609277036258822,73.824538881885942,0.59825719606998651,21.826914943763555,6.05199651869105,17.565973974005917,7.8779430396143987E-3,1.3157917544313018E-2,5.1037270842453852E-2,7.3282389824518424,0,11.344612937187687,141.77327994594012,17.638047105432296,159.41132705137238,0.39569074017191497,-6.1817832242581972E-2,-0.15279851594770832,3.5043964494567841,0.18107439198162467]
[82,5.3009655879073447,8.5125944331174725,6.8001187325583965,74.431759923190896,0.60367910298684313,21.810853044625592,6.0550650292797705,17.416029049043722,6.9592593002393488E-3,1.1791763253207001E-2,5.1043218500405725E-2,7.262958226211734,0,11.313465485100318,142.09145956497838,17.485823290097574,159.57728285507594,0.38039186468964203,-6.2212245651387832E-2,-0.15222381533472173,3.4744955934422839,0.16595580370353247]
[83,5.2534034897344011,8.4365387401585288,6.7395917890678998,75.027525243769986,0.60857009141663831,21.792124791775326,6.0574584184577818,17.266446209532759,6.1477075633106426E-3,1.0567453409812548E-2,5.104163262234801E-2,7.1979961686539529,0,11.281199651679836,142.39440838471432,17.334203003128231,159.72861138784256,0.36551748811572793,-6.2568668379768155E-2,-0.15162028696934371,3.4446836968075862,0.15132853276661606]
[84,5.2060937512772787,8.3608693892749919,6.6793597879759705,75.612057302048385,0.61293680647915894,21.770828474567598,6.0591997851401462,17.117280370540694,5.4307946655597419E-3,9.4702606531883778E-3,5.1032733197116299E-2,7.1333657069648879,0,11.247870411145659,142.68258141487408,17.183214159056558,159.86579557393063,0.35106212516643609,-6.2889095006701368E-2,-0.1509888440716729,3.4149691111286433,0.13718418608806182]
[85,5.1590443095427387,8.2856002345964512,6.6194346121352083,76.185580373544127,0.61678715881255719,21.747058841527796,6.0603114057919747,16.968582445330341,4.7974843298482133E-3,8.4869867281410476E-3,5.1016741761790912E-2,7.0690786763304061,0,11.213530405591129,142.95642601787239,17.032883658150123,159.98930967602254,0.33702001298098594,-6.3175409982653363E-2,-0.15033050090643485,3.3853597157331121,0.12351410209189773]
[86,5.1122624308452966,8.2107439848104207,6.5598271787445483,76.748319957331461,0.62013021037922178,21.720907244489748,6.0608147679783766,16.82039959942481,4.2380272708703037E-3,7.605803721927349E-3,5.0993879736770581E-2,7.0051459197463872,0,11.178230052425118,143.21638174675056,16.883237310154374,160.09961905690494,0.32338512327578428,-6.3429394397616079E-2,-0.14964634799574839,3.3558629298561344,0.11030938088241982]
[87,5.0657547536914747,8.1363122765373639,6.5005475012819609,77.300502219801771,0.62297606209348499,21.692461776136849,6.0607306023670304,16.672775489019582,3.7438111130231994E-3,6.8161117849603074E-3,5.0964367103756306E-2,6.9415773530480784,0,11.142017646345945,143.46288019130398,16.73429977902132,160.19717997032529,0.31015117686305871,-6.3652732309655846E-2,-0.14893753113305408,3.326485726149647,9.7560913420348783E-2]
[88,5.0195273288635169,8.0623157429048398,6.4416047473753562,77.842353475437434,0.62533574397983804,21.661807401271748,6.0600789132609485,16.525750484539209,3.3072278100555294E-3,6.1084116240251521E-3,5.0928421364982504E-2,6.8783820255071699,0,11.104939456147305,143.69634483474815,16.586094545338273,160.2824393800864,0.29731166009116805,-6.384701664699044E-2,-0.14820523368304706,3.2972346451865198,8.5259409761130556E-2]
[89,4.9735856569118635,7.9887640776390478,6.3830072928902917,78.37409970409594,0.62722110847505519,21.629026082124888,6.0588790077353067,16.379361880155027,2.9215565255300085E-3,5.4741902342117883E-3,5.0886256732781646E-2,6.8155681763562335,0,11.067039816639495,143.91719092286812,16.438643883647547,160.35583480651567,0.28485984279654986,-6.4013754676578216E-2,-0.14745066169072629,3.2681158106590322,7.3395426429245347E-2]
[90,4.9279347232208295,7.9156660950091062,6.3247627724848501,78.895966104106478,0.62864472739520572,21.594196897995847,6.0571495234481336,16.233644090055062,2.5808601711424474E-3,4.9058184950203226E-3,5.0838083507480189E-2,6.7531432874965951,0,11.028361215952856,144.1258253471099,16.291968852228706,160.4177941993386,0.27278879738858564,-6.4154373146811494E-2,-0.14667503141884097,3.2391349450265978,6.1959392822933168E-2]
[91,4.8825790308164905,7.8430297858877731,6.2668781268957217,79.408176680313318,0.62961979300079318,21.557396159506904,6.0549084551910868,16.088628832238079,2.2798940101907013E-3,4.3964593988116678E-3,5.078410760898068E-2,6.6911141326916912,0,10.988944378475322,144.3226465427791,16.146089293256061,160.46873583603517,0.26109141873115504,-6.4270223061951626E-2,-0.14587955897264493,3.2102973854085239,5.094163669655849E-2]
[92,4.8375226310751263,7.7708623701994846,6.2093596471630388,79.910953866057554,0.63016002351053035,21.518697517734289,6.0521731802432113,15.944345300591751,2.01402491922006E-3,3.939985807672932E-3,5.0724530233465556E-2,6.629486823496114,0,10.948828343661649,144.50804440314101,16.001023841552108,160.50906824469311,0.24976044450536961,-6.436258414345275E-2,-0.14506545170395313,3.1816080995543974,4.0332408657963725E-2]
[93,4.7927691524685621,7.6991703460093994,6.1522130160072113,80.404518177968654,0.63027957333682383,21.478172068468787,6.0489604825870753,15.800820325967351,1.7791600649453353E-3,3.5309067493856567E-3,5.0659547611687498E-2,6.5682668521438963,0,10.908050540938296,144.68240020992872,15.856789940393369,160.5391901503221,0.23878847579604212,-6.4432669008352761E-2,-0.14423390115873858,3.1530717017583028,3.0121905628950785E-2]
[94,4.7483218274790406,7.6279595354718657,6.0954433465575342,80.889087902338858,0.6299929482445864,21.435888451844555,6.0452865760437211,15.658078526939041,1.5716838984902474E-3,3.1643013659028202E-3,5.0589350849466121E-2,6.5074591316170451,0,10.866646860915086,144.84608658051229,15.7134038630529,160.55949044356521,0.22816799765379869,-6.4481627070206216E-2,-0.1433860773404696,3.1246924686056334,2.030029324312288E-2]
[95,4.7041835178216962,7.5572351278508645,6.039055218604636,81.364878811778411,0.62931492556989654,21.391912947563291,6.0411671263799427,15.516142450905299,1.3884024970228855E-3,2.8357597197933883E-3,5.0514125834447934E-2,6.4470680331203063,0,10.82465172310302,144.99946743179206,15.570880738956564,160.57034817074862,0.21789139944027625,-6.4510548160516379E-2,-0.14252312409633561,3.096474354464708,1.0857727183424259E-2]
[96,4.660356738052374,7.4870017198333416,5.9830527125440671,81.832103910787282,0.62826047957503861,21.346309565927712,6.0366172724382805,15.375032706141109,1.2264943959730621E-3,2.5413297466084783E-3,5.0434053196017604E-2,6.3870974210627711,0,10.782098140325537,145.14289796054638,15.429234583479708,160.57213254402609,0.2079509947535314,-6.4520465999198251E-2,-0.14164615547685599,3.0684210066544866,1.7843732774771581E-3]
[97,4.6168436777173527,7.4172633532603012,5.9274394411852231,82.290973208843155,0.62684471196437852,21.299140134889385,6.0316516463379557,15.234768085396208,1.0834671549344894E-3,2.2774697150531728E-3,5.0349308307597908E-2,6.3275506858531037,0,10.73901778000069,145.27672464005155,15.288478330573795,160.56520297062534,0.1983390408151422,-6.4512361309990496E-2,-0.14075625290591276,3.0405357802322821,-6.9295734007610577E-3]
[98,4.573646222095805,7.3480235505258396,5.8722185795237536,82.741693519575279,0.62508278753746893,21.250464383303481,6.0262843927919931,15.095365681584864,9.5711898862000137E-4,2.0410056231020372E-3,5.0260061322497114E-2,6.2684307745084862,0,10.695441022460804,145.40128523232292,15.148623867519083,160.54990909984201,0.18904775716194422,-6.4487164890580928E-2,-0.1398544630547125,3.0128217523624543,-1.5293870783349206E-2]
[99,4.5307659716540698,7.2792853477259891,5.8173928926748459,83.184468284585066,0.62298987491509794,21.200340020573975,6.0205291875836133,14.956840996073346,8.455048722103291E-4,1.8290930175714226E-3,5.0166477236078574E-2,6.2097402193500475,0,10.65139701646704,145.51690881552972,15.009682071199206,160.52659088672891,0.18006934357364912,-6.4445760366817595E-2,-0.13894179631987669,2.9852817362347661,-2.3318213113045161E-2]
[100,4.4882042602994643,7.2110513257476612,5.7629647620316584,83.619497420475355,0.6205810922384245,21.148822812863628,6.0143992552428074,14.819208040072043,7.4690659931649149E-4,1.6391827778718835E-3,5.0068715968328709E-2,6.1514811648631014,0,10.606913732067536,145.62391582582964,14.871662845417561,160.49557867124722,0.17139599712766085,-6.4388986827752959E-2,-0.13801922578164572,2.9579182945088558,-3.1012215481737826E-2]
[100,0,0,0,0,0,0,0,32.281428388150829,84.240825419313097,4.7649996645175463,6.064467971211136,0,0,0,0,127.3517214431926,127.3517214431926,0,0,0,0,-6.1514811648631014,26.99237606319149]

{"sheet":"Phosphorus","index":14,"n_rows":210,"n_cols":24,"rows_kept":210,"cut":false,"hidden":true,"merged":[]}
[]
[]
[]
[]
[0,2.0956201188307216E-3,0,0,0,0,9.9857402582026461E-5,0,0,0,0,0,4.8573200832661479E-4,0,5.9409171191566047E-4,3.2753012416550237E-3,0,3.2753012416550237E-3,0,0,0,0,0,0]
[1,5.7410464030365491E-3,3.4091683329510866E-3,0,4.9296828742363529E-3,0,4.9677991310089311E-4,1.5350715265741136E-4,-9.2458600000000003E-4,0,0,1.1808657790166814E-7,4.009913158165436E-3,0,1.470469427082035E-3,2.0210567261229762E-2,-9.2446791342209837E-4,1.9286099347807662E-2,1.3257577717078511E-2,3.6776883024962331E-3,-9.2446791342209837E-4,0,1.6010798106152642E-2]
[2,3.7364430358020423E-2,9.2941941072782058E-3,4.1901574373482266E-4,2.5133825224347532E-2,1.1760822200433421E-18,3.1120618314934784E-3,1.1530425184997878E-3,-2.9724090102755964E-3,0,0,8.3025860395247901E-7,2.5385884519060355E-2,0,6.4690521143571933E-3,0.10833150641679182,-2.9715787516716441E-3,0.10535992766512017,6.5745432428824746E-2,2.2375506726737295E-2,-2.0471108382495457E-3,-2.7705945918737103E-4,8.6073828317312501E-2]
[3,8.8512873565111935E-2,5.9812054492203857E-2,1.0481959678941726E-3,5.7057305023190744E-2,7.2232530857371339E-15,9.7688933649389617E-3,3.638184237254032E-3,-1.6124562567935853E-2,0,0,3.2643116299715103E-6,5.3397277024286323E-2,0,1.6048711133904731E-2,0.28928349480879195,-1.6121298256305882E-2,0.27316219655248603,0.15045545416801998,3.0496534223980212E-2,-1.3149719504634238E-2,-8.9058749121616342E-4,0.16780226888736596]
[4,0.14627267660509644,0.13675388127515742,4.6049230046377766E-3,9.7230090001113489E-2,9.6860933661458582E-13,2.2101791928126096E-2,8.0824230318727076E-3,-4.1505607981518311E-2,0,0,8.950391960041095E-6,8.3638211954552358E-2,0,2.9196538754156998E-2,0.5278805365556819,-4.149665758955827E-2,0.48638387896612362,0.20391186802200525,3.4685173724884708E-2,-2.5375359333252388E-2,-4.8315357523803278E-3,0.21322168241363756]
[5,0.79244357055972658,0.21251534450701812,0,0.32877013115926323,1.0200857063080528E-10,9.8394806261276335E-2,3.4385464366149261E-2,-5.1433026047732783E-2,0,0,3.1110376400218487E-5,0.53467735382313375,0,0.10003651774684853,2.1012231885254242,-5.1401915671332565E-2,2.0498212728540919,1.0960004687668845,0.47734218320285798,-9.9052580817742958E-3,-1.2436524120265652E-2,1.5634373938879682]
[6,1.1833885796791204,1.1513183617643883,0,0.65735344103391369,3.7697486385060833E-8,0.23818556242289973,8.059233450696876E-2,-0.29204410836060912,0,0,9.1537009749281096E-5,0.67367254926010489,0,0.19673969959009791,4.1812505659549801,-0.29195257135085984,3.8892979946041204,1.8948253118517655,0.18520206557779062,-0.24055065567952727,-1.5405871896795246E-2,1.839476721750029]
[7,1.4026807892753608,1.8181359681779679,8.9669989450607807E-2,1.054570964505039,1.1246261660472101E-6,0.44102846678054808,0.14507588952396919,-0.51728124186787816,0,0,2.0591936875752443E-4,0.938363208128416,0,0.30438670442562266,6.1939131048936975,-0.51707532249912058,5.6768377823945766,1.6834883250534056,0.32917421388531143,-0.22512275114826075,-8.7499082336006437E-2,1.7875397877904562]
[8,1.4924880509689709,2.2420789705569648,0.21332075572119191,1.5054782062545851,1.1028892316099516E-5,0.70334188446601786,0.22563240588138478,-0.15565179845364191,0,0,3.8494793315803848E-4,1.0912486413341849,0,0.41578538074177268,7.8893853248173889,-0.15526685052048386,7.7341184742969054,1.4620302703605068,0.23344194956318454,0.36180847197863675,-0.15497069778111361,2.0572806919023279]
[9,1.5106339856690734,2.4148229029985147,0.27925891871805214,1.9995057642563858,5.8806301378689073E-5,1.0204189164875568,0.32014218304851494,0.42902802491510234,0,0,6.3481323539845683E-4,1.227517179948693,0,0.52813873803159794,9.3004973954597698,0.42966283815050077,9.7301602336102704,1.1803337548607411,0.23077831578163832,0.5849296886709846,-4.6546508478724005E-2,1.9960417593133641]
[10,1.4971832294053988,2.4568376755415882,0.30872385380846867,2.5275972576581687,2.1459330505586169E-4,1.3872496578521605,0.42674775206405868,1.0353154340949104,0,0,9.5813374293825184E-4,1.319841712185323,0,0.64032566880858111,10.564721400628802,1.0362735678378487,11.600994968466649,1.065293903916861,0.19893010125217381,0.60661072968734797,0.12874253743189348,1.8708347348563827]
[11,1.474354714790207,2.4414149195636292,0.31840894632812666,3.0819401682609455,6.0674051955456564E-4,1.7988942243406481,0.54387473592526114,1.5478759133046063,0,0,1.3548701202798924E-3,1.4065443297858944,0,0.75164290064784534,11.817681680162112,1.5492307834248862,13.366912463586997,1.0491306780715348,0.20382960146177376,0.51295721558703744,0.31052646120968447,1.765917495120346]
[12,1.4525253738895039,2.407872865675845,0.31895102749124737,3.6560898199275655,1.4316059796620922E-3,2.2506575818808989,0.67019866522361982,1.9317752069240284,0,0,1.8231012168037004E-3,1.4786523312711306,0,0.86142109147717683,13.097800362816649,1.9335983081408321,15.031398670957481,1.0816867518709437,0.19843193078359467,0.38436752471594593,0.46424049421146979,1.6644862073704842]
[13,1.4355834609873364,2.3745084784631887,0.31617193309619473,4.2448993420535244,2.9560963270533589E-3,2.7381674663556232,0.80459874169173684,2.1959708151145847,0,0,2.3596406343748821E-3,1.5455984572156192,0,0.96898940961229252,14.431473385802571,2.1983304557489598,16.629803841551528,1.132326820573315,0.20134620241260581,0.26473214760812769,0.57941463771359925,1.5984051705940485]
[14,1.4242873175174677,2.3483268183622648,0.31286149767109334,4.8442678605120939,5.51493977799721E-3,3.2574015499519406,0.94611518863482225,2.3659014007260453,0,0,2.9605076153258461E-3,1.6051556985641322,0,1.0737271904269945,15.817658061418808,2.3688619083413709,18.18651996976018,1.1851109873246379,0.20107368829159844,0.17053145259241109,0.65873254120230307,1.5567161282086475]
[15,1.4180744349992773,2.3309033834046975,0.31016146080444829,5.450824396507743,9.5041785404477008E-3,3.80468726396923,1.0939152072224647,2.4687043321278086,0,0,3.6212760812733853E-3,1.6597965144143398,0,1.1751098787116154,17.252976718574264,2.4723256082090819,19.725302326783346,1.2328778227176063,0.2024408344378501,0.10346369986771098,0.7098169078857004,1.5387823570231673]
[16,1.4159469953108863,2.3215011225558508,0.3084060024510995,6.0616302326719023,1.537125138720268E-2,4.3766871004157766,1.2472674695163759,2.5271814785178299,0,0,4.3373264310649579E-3,1.7091123070711882,0,1.2727300215419608,18.728652502922245,2.5315188049488948,21.26017130787114,1.2730077293972215,0.20266805495075957,5.9193196739812937E-2,0.74079941151562068,1.534868981087794]
[16,0.59635755306252158,0.977751803891031,0.12989204368568194,2.5529903203278659,6.4739442190549093E-3,1.8433390645044494,0.52531442108958037,4.8690341981964327,3.5175372195121839,3.270039516554851,0.72629037485786041,0.71983064106875649,0,0.53603854089843739,7.8879883327473781,12.382901309121328,20.270889641868706,0,0,0,0,-0.98928166600243173,0]
[17,0.55151472649189925,0.97652669832748384,0.12954094816429346,2.7975718592913221,5.3382925441690689E-3,2.0748297935571056,0.5871053820568618,3.7419446263214988,2.8940386197453059,2.7539688447387833,0.53654243248386746,0.65937796460781994,0,0.57038788911573479,8.3521935541566901,9.9264945232894561,18.278688077446144,0.46286693690296676,1.3382845063449889E-3,-2.4564067858318719,2.7893193936249276,-1.9922015644225601]
[18,0.66963458268446208,0.90326938155248615,0.12951214285644425,3.0931284562229298,4.3475091464037757E-3,2.3624208429463591,0.66324846605742682,2.9699919101321246,2.3810578282207442,2.3193433471967193,0.39668001844751954,0.91959839332174864,0,0.61595751972321666,9.3611172945114767,8.0670731039971066,17.428190398508583,0.67256022764029222,0.3363635127144935,-1.8594214192923495,2.2097969379032856,-0.85049767893756378]
[19,0.67040720394990638,1.0968901228822918,0.11989382045507085,3.3927303281035979,3.578746238728395E-3,2.6597083730885371,0.74168302715533074,2.37202029750051,1.9590050881319039,1.9533095199905641,0.2936290312963033,0.82413679576923926,0,0.65964454759032565,10.168672965233029,6.5779639369192813,16.746636902152311,0.82458270717615711,-1.7027036454605238E-2,-1.4891091670778254,1.7822366834567782,-0.68155349635627349]
[20,0.67672067910807354,1.0982874089576582,0.14568873139943339,3.6957743355543524,2.9910697961021311E-3,2.9654059136368387,0.82212350567759107,1.9245766135477411,1.6117630113143566,1.6450423717977261,0.21773564401850515,0.90270090367415712,0,0.70136206114814403,11.011054608952351,5.3991176406783294,16.41017224963068,0.68337705729214449,0.15900458642717807,-1.1788462962409518,1.4434169379261217,-0.33646465252162927]
[21,0.68233745579725369,1.108738446457638,0.14595185045392911,4.0017423276619004,2.5537019531050968E-3,3.2783509549680967,0.90431276503626135,1.7140507758994832,1.3260710859706601,1.3854252883705602,0.16187822341009428,0.89072055254213356,0,0.74106759131303068,11.755775646183348,4.5874253736507979,16.343201019834147,0.67451212900435209,7.0208908226646605E-2,-0.8116922670275315,1.1792110478279594,-6.6971229796532805E-2]
[22,0.68750061801529994,1.1180307171715813,0.14740531745951849,4.3101779501868549,2.2436075486733432E-3,3.5974932073885886,0.98801873926373096,1.5654566154692082,1.0910192830479573,1.1667804201049841,0.12080305528387433,0.92079145484694436,0,0.77875277795381492,12.550414389835005,3.9440593739060241,16.494473763741031,0.68086186711937557,0.11377687653228064,-0.64336599974477382,1.0098517141672008,0.15127274390688239]
[23,0.69215170114052593,1.1265660885735127,0.14869513925791891,4.6206708859280203,2.0436766821058231E-3,3.921883602279626,1.073031589051558,1.4653150732186737,0.89763142306295274,0.98264161926877946,9.063433785363785E-2,0.9268780084140793,0,0.81443496200146337,13.326355653328809,3.436222453404044,16.762578106732853,0.68484186013884241,9.1099403354961916E-2,-0.50783692050198015,0.87837322745001067,0.26810434299182417]
[24,0.6962663743836589,1.1342514506163111,0.14987659410600446,4.9328461665382219,1.941340871816819E-3,4.2506642000191448,1.1591612680465517,1.3986637663641255,0.73852239294894673,0.82756321179291636,6.8512724309123876E-2,0.942246838895754,0,0.84815046815181805,14.115404701629281,3.0332620954151128,17.148666797044392,0.68755053882380324,0.1014985094766685,-0.40296035798893115,0.7771076715814893,0.38608869031154058]
[25,0.69983394625871609,1.141048952013584,0.1509387108887815,5.246356892874009,1.9275083949344056E-3,4.5830590421282515,1.2462354223118763,1.3552465181373599,0.60761612269091358,0.69695894829148197,5.2328690029257621E-2,0.95048914013726238,0,0.87994930952665862,14.899838924534075,2.7121502791490131,17.611989203683088,0.68911776739795982,9.5316455506832654E-2,-0.32111181626609975,0.69865233093868673,0.46332240663869273]
[26,0.70285495789320473,1.1469426166834986,0.15187753461521192,5.5608792228507129,1.9957373002568038E-3,4.9183659192351543,1.3340975633185701,1.3278309071782639,0.49991355181488939,0.58696637148863473,4.0525847530669352E-2,0.96001670983412435,0,0.90989105651555313,15.686921318246286,2.4552366780124575,18.142157996258746,0.68969268300865672,9.7389710703556176E-2,-0.25691360113655559,0.63757928148684373,0.5301687925756573]
[27,0.70533835817218593,1.1519345321287815,0.15269178029774097,5.8761088589680064,2.1415874358634438E-3,5.2559489946023472,1.4226054682809639,1.3113289684409004,0.41130172481500438,0.4943325888893601,3.1955858694491218E-2,0.96681321368343642,0,0.9380416419947033,16.471624435564031,2.2489191408397557,18.720543576403788,0.68939870850603668,9.5304408811705876E-2,-0.20631753717270174,0.58981704026475146,0.57838558014504082]
[28,0.70729922280926216,1.1560403113292474,0.15338238976847904,6.1917585265709043,2.3621088655481136E-3,5.5952322098329113,1.511629771721178,1.3021641094612655,0.33839672523708342,0.41631807256404069,2.5771408036072231E-2,0.97306090516870225,0,0.96447091068072821,17.255236356746959,2.0826503152984617,19.337886672045421,0.68833992625745033,9.5271994925479664E-2,-0.16626882554129407,0.55229711742391419,0.61734309564163592]
[29,0.70875693057005418,1.1592854186809254,0.15395197265625093,6.5075561095951597,2.6554354079926308E-3,5.9356933963955303,1.6010527196321176,1.2978263320681629,0.27841445037140944,0.35061564104613369,2.1347251987989969E-2,0.97782813548295411,0,0.98925075488830505,18.036030873309294,1.948203675473696,19.98423454878299,0.68660433833713874,9.4190178225191712E-2,-0.13444663982476568,0.52269318526593112,0.64634787673756477]
[30,0.70973373446119936,1.1617022267440138,0.15440434938491682,6.8232432277240012,3.0204601524536634E-3,6.2768590189694837,1.6907670631924558,1.2965588047208176,0.22906429168694425,0.29528222733420056,1.8221978712348999E-2,0.98172695935003862,0,1.0124537095841308,18.813910749562694,1.8391273024543116,20.65303805201701,0.68426670882598195,9.3613167427422539E-2,-0.10907637301938444,0.499231377426746,0.66880350323402005]
[31,0.71025365949143526,1.1633277076977238,0.15474418256765429,7.1385741159202087,3.4565756557612629E-3,6.6182994815938816,1.7806750731993715,1.2971367779075269,0.18846166086582444,0.24868141512253275,1.605504526678277E-2,0.98458535652867218,0,1.0341519055103285,19.588068058165035,1.7503348991626668,21.338402957327698,0.68139090141679404,9.2766407185549404E-2,-8.8792403291644728E-2,0.48055146414343486,0.68536490531069871]
[32,0.71034166411060795,1.1642016512505735,0.1549766867204162,7.4533147172958536,3.9634657732740813E-3,6.9596249336873903,1.8706876596107438,1.2987114717452943,0.15505602097443544,0.20943504384147085,1.4595084317479513E-2,0.98661217592173711,0,1.0544163003924947,20.358139254763095,1.6777976208786802,22.035936875641774,0.67803179079361442,9.2039405804436925E-2,-7.2537278283986595E-2,0.46560474984245298,0.69753391831406475]
[33,0.71002301112027666,1.1643653085036645,0.155107403707165,7.7672419323324347,4.5409391821972693E-3,7.3004815193442516,1.9607235831014889,1.3006997331306263,0.12757167441892367,0.17638245128718683,1.3656524017961687E-2,0.98781559499614857,0,1.07331612536369,21.123615417651319,1.6183103828546983,22.741925800506014,0.67423682032307042,9.1239342565156534E-2,-5.9487238023981925E-2,0.45357857847875593,0.70598892486424503]
[34,0.70932280306834916,1.1638603746822287,0.15514203177880442,8.0801429877501896,5.1887969417656809E-3,7.6405480194597066,2.0507087475305177,1.3027059712276285,0.104959046490243,0.14854614849282688,1.3102340258466875E-2,0.98829477006881006,0,1.0909184973634491,21.884127028643821,1.5693135064691652,23.453440535112986,0.67004727149081589,9.0464339501690638E-2,-4.8996876385533072E-2,0.44384020312009831,0.71151473460697345]
[35,0.70826564564712025,1.162728238218004,0.15508629746933905,8.3918149009891607,5.9067281285988243E-3,7.9795328419680613,2.14057556381991,1.3044668815558196,8.6354604110352923E-2,0.12510291171838328,1.2831332604023447E-2,0.98809481259769005,0,1.1072881590371211,22.639293187875005,1.5287557299885792,24.168048917863583,0.66549930041291105,8.9666858818271855E-2,-4.0557776480586005E-2,0.43589481341159508,0.7146083827505969]
[36,0.7068754099582566,1.1610094372445758,0.15494586129458798,8.7020640240482905,6.6942288486246315E-3,8.3171713206942535,2.2302623770612824,1.3058122761323159,7.1047879153027529E-2,0.10535943664115502,1.2768737260667941E-2,0.98728004085020848,0,1.1224873161238687,23.388790016123949,1.4949883291871664,24.883778345311114,0.66062478675505076,8.8872041493891274E-2,-3.3767400801412828E-2,0.42935396492335837,0.71572942744752921]
[37,0.7051750706101807,1.1587432763581,0.1547262498319498,9.0107056551263316,7.5505408749682399E-3,8.6532232879993174,2.3197129497530753,1.3066373088645602,5.8454337022871374E-2,8.8731834750017072E-2,1.2859301715152597E-2,0.98589803011143384,0,1.1365755489529885,24.132310609618344,1.4666827823526012,25.598993391970946,0.65545203154138321,8.8068561953018154E-2,-2.8305546834565209E-2,0.42391169012762747,0.71521504665983615]
[38,0.7031866015742998,1.1559675663268278,0.1544328082093569,9.3175637092863521,8.4746068774038605E-3,8.9874708905590133,2.4088759949859186,1.3068827718546054,4.8093054395386942E-2,7.472836557507645E-2,1.3062175329981607E-2,0.98399820651792436,0,1.1496097798547862,24.869580164191881,1.4427663671550504,26.312346531346932,0.65000633293419696,8.7263221639333644E-2,-2.3916415197550833E-2,0.41932631272085474,0.71335313937597977]
[39,0.70093091569070676,1.1527184574453777,0.15407066825692184,9.6224704409701864,9.4650397537183479E-3,9.3197166212852682,2.4977047541662434,1.3065211142077187,3.9568353673614755E-2,6.2934894080066306E-2,1.3347139568456063E-2,0.98162311485482179,0,1.1616442823443762,25.600344294767623,1.4223715015298557,27.022715796297479,0.64431046305852036,8.6453667517222499E-2,-2.0394865625194658E-2,0.41540652026214814,0.7103692649505482]
[40,0.69842783686340759,1.1490303436432034,0.15364472858274097,9.9252662121001674,1.052010399066643E-2,9.649781543629647,2.5861566145287105,1.3055465225866008,3.2554692816317336E-2,5.3002643138098805E-2,1.3691826478385587E-2,0.97881329974853271,0,1.1727307211015963,26.324371404188675,1.4047956850194026,27.729167089208076,0.63838506416487206,8.5642045256177912E-2,-1.7575816510453146E-2,0.41200063467381165,0.70645129291059683]
[41,0.69569609645483599,1.1449358195588084,0.15315964364633966,10.225799300019023,1.1637707304367801E-2,9.9775036873385918,2.674192762254874,1.3039678877550189,2.6784233509100787E-2,4.4637878885609349E-2,1.4079666236594224E-2,0.97560533424860985,0,1.1829182142413872,27.041448565066837,1.3894696663863235,28.430918231453159,0.63224897865192276,8.4828182226240667E-2,-1.532601863307903E-2,0.40898829851587093,0.70175114224508439]
[42,0.69275334733381522,1.1404656767958519,0.15261981955237072,10.523925739824946,1.281540106086493E-2,10.302736597211524,2.7617778675058173,1.3018038237708016,2.2036612930669663E-2,3.7593223911772652E-2,1.4498372549147523E-2,0.97203323271550368,0,1.1922534112992014,27.751381093299894,1.3759320331623914,29.127313126462287,0.62591952451522204,8.4013003717837265E-2,-1.3537633223932088E-2,0.4062739972266679,0.69639489500912721]
[43,0.68961619054073453,1.1356489287325988,0.15202941479839938,10.819509195867257,1.4050388174800681E-2,10.625348018582571,2.8488797981015885,1.2990791484862376,1.813052851750099E-2,3.1660341381863646E-2,1.4938824858032412E-2,0.96812813310128754,0,1.2007805818635195,28.453990649762755,1.3638088432436348,29.817799493006387,0.61941272548130399,8.3196830981554726E-2,-1.2123189918756605E-2,0.40378198512968733,0.69048636654410211]
[44,0.68630021071631309,1.1305128557071156,0.15139234461455406,11.112420857348317,1.5339537341049437E-2,10.945218705146814,2.9354693589508978,1.2958224052207505,1.4916814365170564E-2,2.6663773736687806E-2,1.5394243303243255E-2,0.96391880948041631,0,1.2085417109654077,29.149114390270881,1.3527972366258521,30.501911626896735,0.61274350327969529,8.2380237228438347E-2,-1.1011606617782776E-2,0.40145229120359455,0.68411213389035086]
[45,0.68282001735615139,1.1250830643215375,0.15071228784714888,11.402539353165986,1.667940258059834E-2,11.262241336414716,3.0215200546584411,1.2920641267336213,1.2272744867319987E-2,2.2455753755344782E-2,1.5859579681670444E-2,0.95943173753192856,0,1.2155765982551716,29.836603852131681,1.3426522050379563,31.179256057169638,0.6059258381017365,8.1563623759055126E-2,-1.0145031587895703E-2,0.3992375602988783,0.67734443027289593]
[46,0.67918928966396741,1.1193835560967687,0.14999269558514317,11.689750681346743,1.8066247185575129E-2,11.576319533533912,3.107007873020915,1.2878356286080521,1.0097348059114688E-2,1.8911834525015023E-2,1.63310677770797E-2,0.95469135452719089,0,1.2219229587146994,30.516324189674915,1.3331758789692614,31.849500068644179,0.5989729021854977,8.0747435357736208E-2,-9.4763260686949735E-3,0.39710054447173154,0.67024401147453894]
[47,0.67542082333033715,1.1134368018638607,0.14923680091960595,11.973948148672807,1.9496071234829167E-2,11.887366963494912,3.1919110873723384,1.283168180206788,8.3075496907295751E-3,1.5927209079607169E-2,1.6805891287023866E-2,0.94972019571442912,0,1.2276165232151124,31.188153415818235,1.3242088302641488,32.512362246082375,0.59189717060465696,7.9932055538662006E-2,-8.9670487051125569E-3,0.39501210300164541,0.66286217743820641]
[48,0.67152657798795756,1.1072638191786701,0.14844762937492276,12.255032316395852,2.0964641925273354E-2,12.195306522856168,3.2762100759587125,1.2780924447570015,6.8350007803922499E-3,1.3413610865195508E-2,1.7281938528268516E-2,0.94453906859551851,0,1.2326911376666536,31.851981789939725,1.3156229949308578,33.167604784870584,0.58471051265403062,7.911786146746369E-2,-8.5858353332910475E-3,0.3929496025080888,0.65524253878820327]
[49,0.667517724425569,1.100884250735799,0.14762800966634929,12.532910948254321,2.2467526028684317E-2,12.500069593107977,3.3598871567157924,1.2726381110165461,5.6234674972928059E-3,1.1296703367400556E-2,1.7757621184212612E-2,0.93916718657582221,0,1.2371788598483453,32.507711255358657,1.307315903065452,33.815027158424108,0.57742426668155034,7.8305198737383286E-2,-8.3070918654057913E-3,0.39089563330382771,0.64742237355352783]
[50,0.66340469089584364,1.0943164422959994,0.14678058452719955,12.807498957364905,2.4000123841411848E-2,12.801595360659281,3.4429264359948242,1.2668336610002444,4.6266836989730083E-3,9.5138817022167293E-3,1.8231740319779609E-2,0.93362230327408102,0,1.2411100532694967,33.155254952123045,1.2992059667212137,34.454460918844255,0.57004930078709393,7.7494395977290687E-2,-8.1099363442382888E-3,0.38883697683885537,0.63943376042014632]
[51,0.65919720804741577,1.0875775190526185,0.14590782141817923,13.078718348934558,2.5557704047434283E-2,13.099830195192798,3.5253136699325789,1.2607062339703936,3.806584115698672E-3,8.012421155093331E-3,1.8703387287428399E-2,0.92792082868908521,0,1.2445134776200686,33.794536772934734,1.2912286265286141,35.085765399463355,0.56259606145893315,7.6685759352758787E-2,-7.9773401925995469E-3,0.38676377334367407,0.63130448061909239]
[52,0.6549043521609953,1.0806834596792561,0.14501202298423493,13.346498156131643,2.7135438964894943E-2,13.39472708080514,3.6070361372962645,1.2542815581434041,3.1318507105004443E-3,6.7479179136344363E-3,1.9171870392542662E-2,0.92207793829425233,0,1.2474163755249881,34.42549096184166,1.2833331971600819,35.708824159001743,0.55507461193807828,7.5879576968852724E-2,-7.8954293685322696E-3,0.38466884970178183,0.62305875953839873]
[53,0.65053458648209372,1.0736491675440525,0.14409533716492151,13.610774366854841,2.8728439693734079E-2,13.686245094940885,3.6880825227530192,1.2475839296208082,2.5767167031489225E-3,5.6829758805430793E-3,1.9636660580078701E-2,0.91610767103405499,0,1.249844555438784,35.048061741906388,1.2754802827845788,36.323542024690965,0.54749466186816065,7.5076118196557573E-2,-7.8529143755030617E-3,0.38254717599919374,0.61471786568921516]
[54,0.64609580052978566,1.066488538758787,0.1431597668954662,13.871489839540558,3.0331790728063138E-2,13.974348930653218,3.7684428096196165,1.240636223834092,2.1199825860236227E-3,4.7861007309497059E-3,2.0097351170241678E-2,0.91002301960239285,0,1.2518224706093164,35.662202966937201,1.267639658321307,36.929842625258509,0.53986558959588038,7.4275635434934983E-2,-7.840624463271828E-3,0.38039542572483509,0.60630060056754354]
[55,0.64159534732529755,1.0592145268719679,0.14220717935906579,14.128594206546774,3.1940583642004736E-2,14.25900845818736,3.8481081812423272,1.2334599289480823,1.7442065554009239E-3,4.0307685072575533E-3,2.0553627973751834E-2,0.90383601254838564,0,1.2533732941091387,36.267877789832326,1.2597885319844928,37.527666321816817,0.5321964583264176,7.3478364568703824E-2,-7.8511263368141737E-3,0.37821161968415856,0.59782369655830725]
[56,0.63704007853078448,1.0518392041194333,0.1412393147689355,14.382043764036858,3.3549949502109461E-2,14.540198322293122,3.9270709302407059,1.2260751936584082,1.4350384422778728E-3,3.3946412063657872E-3,2.1005247078447305E-2,0.8975577895505088,0,1.2545189899849269,36.865058343027385,1.251910120385499,38.116968463412888,0.52449602719456223,7.268452600050157E-2,-7.8784115989938286E-3,0.37599483767766345,0.58930214159606997]
[57,0.63243637752655835,1.0443738192213972,0.1402577946718857,14.631801347657191,3.5155089703310702E-2,14.817897572038273,4.0053243749242444,1.2185008839765175,1.1806717068219849E-3,2.8589061612463982E-3,2.1452018308136804E-2,0.89119867019988863,0,1.2552803806135773,37.453725426556325,1.2439924801527225,38.697717906709045,0.51677275819601931,7.1894325332918285E-2,-7.9176402327765238E-3,0.37374498513970672,0.58074944329616107]
[58,0.6277901904768689,1.0368288517762105,0.13926412977471245,14.877836193650648,3.6751304968600323E-2,15.092089320217479,4.0828627822575738,1.2107546451523665,9.7139256916158306E-4,2.4077196799136198E-3,2.1893792877869807E-2,0.88476821702968678,0,1.2556772103806859,38.033868200532467,1.2360275502793117,39.269895750811777,0.50903481981301724,7.1107954163127651E-2,-7.9649298734107976E-3,0.37146260442317114,0.57217784410273409]
[59,0.62310705545409339,1.0292140633363054,0.13825972730243188,15.12012378537159,3.8334022295118113E-2,15.362760429740018,4.1596812968098185,1.2028529660107705,7.9920905868256927E-4,2.027738488106225E-3,2.2330454155894443E-2,0.87827529324547249,0,1.2557282058159256,38.605483879370773,1.2280103677134537,39.833494247084232,0.5012900880702702,7.0325590768030466E-2,-8.0171825658579277E-3,0.36914872239629604,0.56359849627244274]
[60,0.61839212970235546,1.0215385452836183,0.13724589790171085,15.358645685463648,3.9898819670904424E-2,15.629901224636393,4.2357758751773193,1.1948112437931653,6.5754581593266252E-4,1.7077251186877508E-3,2.2761910727475111E-2,0.87172811567216624,0,1.2554511323320514,39.168577425840162,1.2199384254552605,40.388515851295423,0.49354614567519661,6.9547400794194303E-2,-8.0719422581931877E-3,0.3668047276007953,0.55502160421119773]
[61,0.61365021512858975,1.0138107636396909,0.13622386210679902,15.593389354226034,4.1441448426900666E-2,15.893505223552804,4.311143225416977,1.1866438481843729,5.4099299220065357E-4,1.4382155776511147E-3,2.318809116601989E-2,0.86513430333063845,0,1.2548628477214168,39.72316124354986,1.2118111479202445,40.934972391470104,0.48581027981156666,6.8773537898129788E-2,-8.1272775350160753E-3,0.36443227149038343,0.54645654017468037]
[62,0.60888578211314837,1.0060386009567444,0.13519475638739492,15.824347954926504,4.2957853127599151E-2,16.153568893807122,4.3857807510705324,1.1783641836312935,4.4509965772512546E-4,1.2112394583665652E-3,2.3608940072137711E-2,0.85850092204404405,0,1.2539793525671832,40.269254867000278,1.203629462819523,41.472884329819799,0.478089479083458,6.8004144366961228E-2,-8.1816851007214808E-3,0.36203318929037448,0.53791193834969775]
[63,0.60410299173295157,0.99822939544241107,0.13415963879916079,16.051520147017943,4.4444188940724737E-2,16.410091424262731,4.4596864993987708,1.1699847493685895,3.6620382918665191E-4,1.0200842268029047E-3,2.4024415055804712E-2,0.85183452542149929,0,1.2528158377267609,40.806884648742951,1.1953954524803838,42.002280101223334,0.47039043003698566,6.7239351705693728E-2,-8.234010339139175E-3,0.35960943684464336,0.52939577140354022]
[64,0.59930571649127273,0.99038997747205759,0.13311949425827091,16.274909868381368,4.5896836461196376E-2,16.663074515440965,4.5328591134795975,1.1615171967884703,3.0129262555799173E-4,8.5909670675306292E-4,2.4434484421376312E-2,0.84514119254366005,0,1.2513867290432361,41.336083443571617,1.1871120705421576,42.52319551411378,0.46271951362567876,6.6479281202987295E-2,-8.2833819382261975E-3,0.35716304048471303,0.52091541289043986]
[65,0.59449755964435869,0.98252670364418881,0.1320752394614039,16.494526107850042,4.7312413997039282E-2,16.912522185439375,4.6052977878551085,1.1529723839504444,2.4788721193125371E-4,7.2351589423856448E-4,2.4839125377628054E-2,0.83842656263519477,0,1.2497057294370615,41.856890289963765,1.1787829124342424,43.035673202398002,0.45508280192510142,6.5724044467045495E-2,-8.3291581079152355E-3,0.3546960574984892,0.51247768828423168]
[66,0.58968187321320542,0.97464548852789556,0.13102772747267205,16.710382669369384,4.8687787354683744E-2,17.158440590354726,4.6770022274410241,1.1443604271407177,2.0394813754650955E-4,6.093321567886028E-4,2.5238322641114339E-2,0.83169586698813081,0,1.2477858585256882,42.369350089247405,1.1704120300761671,43.539762119323576,0.44748605534478969,6.4973743938852024E-2,-8.37088235807526E-3,0.35221054521768963,0.50408891692556645]
[67,0.58486177476693202,0.96675183424804745,0.12997775199800343,16.922497929217123,5.0020077188005288E-2,17.400837858028993,4.7479726094374888,1.1356907494720323,1.6779745306194104E-4,5.1316865358900685E-4,2.5632067335207998E-2,0.82495395837555663,0,1.2456394899134591,42.873513283173615,1.1620037829138912,44.035517066087507,0.4399347205423112,6.4228473383890261E-2,-8.4082471622759503E-3,0.34970853710322974,0.49575494676392551]
[68,0.58004016305659811,0.95885085805075942,0.12892605136697832,17.130894587747733,5.1306663999295524E-2,17.639723934042038,4.8182095480029403,1.1269721265687211,1.3805463287279812E-4,4.3218146965074106E-4,2.6020356112349301E-2,0.81820533816564789,0,1.243278386288061,43.369435530720054,1.1535627187835942,44.522998249503644,0.43243392919089985,6.348831835554325E-2,-8.4410641302969935E-3,0.34719202450226849,0.4874811834161461]
[69,0.57521973257864389,0.95094731797907039,0.12787331224161094,17.335599417139527,5.2545190901121683E-2,17.875110438971685,4.8877140614737939,1.1182127294210333,1.1358385547489549E-4,3.6397551059123314E-4,2.6403190445643876E-2,0.81145418133829794,0,1.2407137324536603,43.857177385077414,1.1450934792327434,45.002270864310148,0.42498849771385494,6.2753356643503011E-2,-8.4692395508507712E-3,0.34466294299068923,0.47927261480650718]
[70,0.57040298713974413,0.94304563678925535,0.12682017306983467,17.536643006611925,5.3733564265577231E-2,18.107010536028174,4.9564875419313594,1.1094201645177206,9.3450628610407022E-5,3.0653367072218179E-4,2.6780576049709424E-2,0.80470435957660169,0,1.237956166424397,44.336803971836872,1.1366007248667627,45.473404696703639,0.41760292806358734,6.2023658695869344E-2,-8.492754365980737E-3,0.34212316241223228,0.47113383239347595]
[71,0.56559225249100342,0.93514992422597643,0.12576722730145543,17.734059506548295,5.4869952401799545E-2,18.335438808247662,5.0245317269343373,1.1006015113798355,7.6886102793107002E-5,2.5815717967888523E-4,2.7152522400855805E-2,0.79795946259566097,0,1.2350158086954481,44.808384669441637,1.1280890770631633,45.936473746504802,0.41028140958272985,6.1299288022037324E-2,-8.5116478035993648E-3,0.33957447988702272,0.46306904980116781]
[72,0.5607896880979224,0.92726399776809942,0.12471502638265818,17.927886372909366,5.5952782413935885E-2,18.560411144501106,5.0918486732509027,1.0917633576297545,6.3257710414736486E-5,2.174153634174765E-4,2.751904233422427E-2,0.79122281785881632,0,1.2319022898025818,45.271992792985394,1.119563073037811,46.391555866023204,0.40302782196403797,6.0580301579721052E-2,-8.5260040253523073E-3,0.33701861519429499,0.45508211951840671]
[73,0.55599729810370624,0.91939140195447666,0.12366408254426625,18.118164113254885,5.6980735399954706E-2,18.781944633637547,5.1584407324380619,1.0829118317308342,5.2045009196036491E-5,1.8310333382457372E-4,2.7880151701101356E-2,0.78449750880763269,0,1.2286247762747813,45.7277052824153,1.1110271317749563,46.838732414190261,0.3958457392939394,5.9866750135975089E-2,-8.5359412628547293E-3,0.334457208043629,0.44717654816705976]
[74,0.55121694154511169,0.91153542638443064,0.12261487139857788,18.304936035611988,5.7952740157146902E-2,19.000057466139818,5.2243105281289628,1.0740526335344267,4.2819807489973735E-5,1.5420635566262055E-4,2.8235869073768759E-2,0.77778639173608499,0,1.2251919950785661,46.175602396180693,1.102485528771348,47.27808792495204,0.38873843514603124,5.9158678619353644E-2,-8.5416030036082891E-3,0.33189181683765029,0.43935551076177659]
[75,0.54645034187107511,0.90369912249029016,0.12156783435763228,18.488248001337812,5.8867965562844252E-2,19.214768842722307,5.2894609349001618,1.0651910627689418,3.5229812460443267E-5,1.2986983704802016E-4,2.8586215488327224E-2,0.77109211141058731,0,1.2216122566467305,46.615767411299444,1.0939423779067774,47.709709789206215,0.38170888867304598,5.8456126445701528E-2,-8.5431508645705811E-3,0.32932391860286586,0.43162186425417692]
[76,0.54169909581489906,0.89588531916462122,0.12052338088608161,18.668148183026201,5.9725811799170983E-2,19.426098889348481,5.3538950586014646,1.0563320456004286,2.8985176691619101E-5,1.0937405596809425E-4,2.893121421823527E-2,0.76441711554459568,0,1.217893476578688,47.048286330764206,1.0854016190513236,48.133687949815524,0.37475979162945094,5.7759127835311119E-2,-8.5407588554538005E-3,0.3267549098256502,0.42397816060930826]
[77,0.53696468166425471,0.88809663732563338,0.11948189059985909,18.844686828404317,6.0525900588649297E-2,19.634068578188689,5.4176162180404264,1.047480159390821,2.3847429468655433E-5,9.211287540530707E-5,2.9270890572998413E-2,0.7577636682132658,0,1.2140431960942371,47.473247599119333,1.0768670102686932,48.550114609388025,0.36789355624749476,5.7067712107631507E-2,-8.5346087826303485E-3,0.32418610797953135,0.41642665957249592]
[78,0.53224846697266992,0.8803355034935284,0.11844371522192776,19.017916031058565,6.1268064603555127E-2,19.838699654078578,5.4806279279223924,1.0386396557725832,1.9620370036485992E-5,7.757581759525074E-5,2.9605271717728972E-2,0.7511338622978424,0,1.2100686013175423,47.890741826966604,1.0683421236779438,48.959083950644548,0.36111232388073233,5.6381903966542524E-2,-8.5248865907494586E-3,0.32161875357109759,0.4089693412565254]
[79,0.52755171575141591,0.87260416244957284,0.11740918040494647,19.187889508720993,6.1952336206246073E-2,20.040014566073836,5.542933882954852,1.0298144821534094,1.6142575067665862E-5,6.5332967287056243E-5,2.9934386510252837E-2,0.74452963103278258,0,1.2059765414633119,48.300861525057961,1.0598303442060171,49.360691869263988,0.35441797432395106,5.5701723767399791E-2,-8.511779471926717E-3,0.31905401256471921,0.40160791861942413]
[80,0.52287559517772886,0.86490468904185047,0.11637858743054459,19.354662389739769,6.2578935670549563E-2,20.238036403729303,5.6045379430320263,1.0210083017572655,1.3281234213760928E-5,5.5022257539092648E-5,3.0258265353154661E-2,0.73795275872623201,0,1.2017735459925967,48.703700848540599,1.051334870602173,49.755035719142775,0.34781213571201874,5.5027187770623875E-2,-8.4954736038440615E-3,0.3164929790739674,0.39434384987879856]
[81,0.51822118185507104,0.85723899919675828,0.11535221479383856,19.518291008252486,6.314825902601863E-2,20.432788837761006,5.6654441194224354,1.0122245123032458,1.0927078331764522E-5,4.6338762043309723E-5,3.0576940058694407E-2,0.73140489072119774,0,1.1974658408014265,49.099355351830248,1.0428587182023152,50.142214070032558,0.34129619490426677,5.4358308385374698E-2,-8.4761523998577726E-3,0.31393667822972171,0.3871783508897837]
[82,0.51358946765554725,0.84960886019491133,0.11433031968116307,19.678832708478836,6.3660865657576157E-2,20.624296064775844,5.7256565618880551,1.0034662634158718,8.9902067041935111E-6,3.9025677312147083E-5,3.0890443724948147E-2,0.72488754265192801,0,1.1930593635014277,49.487921754485292,1.0344047230248363,50.522326477510127,0.33487130825869826,5.3695094396349674E-2,-8.4539951774789124E-3,0.31138606915376676,0.38011240747756903]
[83,0.50898136517381309,0.8420159002609402,0.11331313934891946,19.836345658451904,6.4117465783106273E-2,20.812582755778696,5.7851795466691778,0.99473647285477851,7.3966539023679161E-6,3.286672803749877E-5,3.1198810621827874E-2,0.7184021090514271,0,1.1885597778477957,49.869497718365778,1.0259755468585463,50.895473265224318,0.32853841269987072,5.3037551180621811E-2,-8.42917616629002E-3,0.30884204798119808,0.37314678771420251]
[84,0.50439771282101442,0.83446161751538861,0.11230089241022036,19.990888673415867,6.4518907921138541E-2,20.997674008189723,5.8440174652743879,0.98603784164731478,6.0855651879388528E-6,2.7679771019750612E-5,3.1502076085880827E-2,0.71194987136127164,0,1.1839724873664945,50.244181636275506,1.0175736830694031,51.261755319344914,0.3222982369946692,5.2385680915055133E-2,-8.4018637891432046E-3,0.30630545088730887,0.36628205412058112]
[85,0.49983927958216134,0.82694738833558035,0.1112937800358204,20.142521049031657,6.4866166450017179E-2,21.179595301124561,5.9021748140194008,0.97737286819977975,5.006872586643184E-6,2.331140851111424E-5,3.1800276422958289E-2,0.70553200538462701,0,1.1793026482291837,50.61207243219301,1.0092014629038357,51.621273895096841,0.31615131314913469,5.1739482768367928E-2,-8.3722201655673789E-3,0.30377705708501279,0.35951857575193524]
[86,0.49530676946156066,0.81947447516391592,0.11029198707564844,20.291302404453294,6.5160329349168336E-2,21.358372453709574,5.959656184262963,0.96874386145904745,4.1193828879794913E-6,1.9632451669643382E-5,3.2093448817983691E-2,0.69914958822861917,0,1.1745551814212938,50.97326937312603,1.0008610621115888,51.974130435237612,0.31009798784547371,5.10989530875543E-2,-8.3404007922469603E-3,0.30125759176628841,0.35285654014078105]
[87,0.49080082563770033,0.81204403380403556,0.10929568310611898,20.43729253526514,6.5402586202345431E-2,21.534031586221587,6.016466253291882,0.96015295319177718,3.3892045551642827E-6,1.6534099961275153E-5,3.2381631251161579E-2,0.69280360477152525,0,1.1697347842457582,51.327871892546099,0.99255450774745513,52.320426400293563,0.30413843384823736,5.0464085571825024E-2,-8.3065543641336337E-3,0.29874772896807383,0.34629596505592875]
[88,0.48632203434680066,0.80465712023999114,0.1083050234086666,20.580551276204982,6.5594216532204472E-2,21.706599083856936,6.0726097758106734,0.95160210944219048,2.7884534720637289E-6,1.3924723520503889E-5,3.2664862420071258E-2,0.6864949536894418,0,1.1648459412021597,51.675979425291857,0.98428368503925423,52.660263110331108,0.29827266130904917,4.9834871436708283E-2,-8.2708227082008978E-3,0.296248094348462,0.33983671003755656]
[89,0.48187092851531199,0.79731469700998747,0.10732014988423215,20.721138373539961,6.5736578525429648E-2,21.876101562949898,6.1280915759948629,0.94309314122676069,2.2941881020478474E-6,1.1727153312040355E-5,3.2943181667145605E-2,0.68022445307814883,0,1.1598929342785536,52.017691253776384,0.97605034423532033,52.993741598011702,0.29250052891163136,4.9211299572896827E-2,-8.2333408039338973E-3,0.29375926786284523,0.33347848768059429]
[90,0.4774479911572877,0.79001763916799295,0.10634119190794865,20.859113366910819,6.5831098197875068E-2,22.042565839473735,6.1829165400697974,0.93462771451875415,1.8875333945172652E-6,9.8763989533863621E-6,3.3216628912106555E-2,0.67399284569558393,0,1.1548798526908095,52.353106365271856,0.96785610736320848,53.320962472635067,0.28682175480309979,4.8593356692369305E-2,-8.1942368721118486E-3,0.29128178633358726,0.32722087462335725]
[91,0.4730536585530104,0.78276673985938161,0.10536826712850071,20.99453548041572,6.5879259039992574E-2,22.206018899669395,6.23708960937965,0.92620735957184386,1.5529599827658617E-6,8.3177267057899588E-6,3.3485244588975158E-2,0.66780080385494212,0,1.1498106021021066,52.682323320002709,0.95970247484750759,53.642025794850206,0.28123592726164048,4.7981027469210957E-2,-8.1536325157008926E-3,0.28881614590911869,0.32106332221515055]
[92,0.46868832322421072,0.77556271553750333,0.10440148221568239,21.127463522666915,6.5882592174207305E-2,22.366487872658954,6.2906157739139168,0.91783347962974338,1.2776911471221581E-6,7.0050407925744912E-6,3.3749069587311983E-2,0.66164893399324909,0,1.1446889133531464,53.005440129737792,0.95159083194899496,53.957030961686783,0.27574251506250391,4.7374294672573924E-2,-8.1116428985126277E-3,0.28636280441052486,0.31500516683656521]
[93,0.46435233671908938,0.76840621084636496,0.10344093355976426,21.257955795521902,6.5842667047899553E-2,22.524000004910839,6.3435000662609937,0.90950735906382452,1.0512148964243246E-6,5.8995201743614253E-6,3.4008145197379033E-2,0.65553778093761261,0,1.1395183507317062,53.322554146536177,0.94352245499627441,54.266076601532447,0.27034087750695335,4.6773139291439669E-2,-8.0683769527205573E-3,0.28392218356575794,0.30904563984567246]
[94,0.46004601221999131,0.76129780319111839,0.10248670792605719,21.38607001116473,6.5761082678318539E-2,22.678582636433315,6.3957475559605861,0.90123017097843805,8.648825351520973E-7,4.968470465524038E-6,3.4262513058942914E-2,0.64946783189111124,0,1.1343023198083364,53.633761961273564,0.93549851739038159,54.569260478663942,0.26503027408429602,4.617754065309132E-2,-8.0239376058928169E-3,0.28149467113239601,0.30318387713149453]
[95,0.45576962698711143,0.75423800701745536,0.10153888306758732,21.511863217193152,6.5639459459124846E-2,22.830263178582477,6.4473633442288882,0.89300298432109382,7.1157838626097492E-7,4.1843570387411508E-6,3.4512215113467977E-2,0.64343952016078731,0,1.1290440748633577,53.939159311559948,0.92752009536998681,54.866679406929933,0.25980987374840225,4.5587476537978233E-2,-7.978422020394782E-3,0.27908062291111774,0.2974189282659857]
[96,0.45152342464576234,0.74722727782186471,0.10059752829871932,21.63539172935095,6.547943153219124E-2,22.979069093377245,6.4983525590319129,0.88482677053070169,5.8544805706445231E-7,3.5239907229308461E-6,3.4757293559464261E-2,0.63745322863770126,0,1.1237467259286489,54.238840998624994,0.91958817352894584,55.158429172153937,0.25467876378510823,4.5002923279938933E-2,-7.9319218410409675E-3,0.27668036465288237,0.2917497652240062]
[97,0.44730761733237256,0.74026601590513263,9.9662705032673243E-2,21.756711071535214,6.5282639723077504E-2,23.1250278742238,6.5487203504845857,0.87670240975660929,4.8167487115725462E-7,2.9678420126019488E-6,3.4997790810781616E-2,0.63150929305959669,0,1.1184132454663638,54.532900812762811,0.91170365008427467,55.444604462847096,0.24963595826325502,4.4423855874567764E-2,-7.8845234446711654E-3,0.27429419386295883,0.28617529069315162]
[98,0.44312238770414114,0.73335456989397252,9.8734467284605137E-2,21.87587592270042,6.5050725033816273E-2,23.268167027956661,6.5984718865543481,0.86863069667736659,3.9629592874166053E-7,2.4994635072250256E-6,3.5233749457644292E-2,0.62560800505611391,0,1.1130464747052276,54.821431466889315,0.90386734189444695,55.725298808783762,0.24468040606021901,4.3850248066279462E-2,-7.8363081898277231E-3,0.27192238150591741,0.28069434593667075]
[99,0.43896789082388482,0.72649324003888405,9.7812862143584534E-2,21.992940070278749,6.4785322682653163E-2,23.408514058111113,6.6476123490496599,0.86061234594554203,3.2605077105204083E-7,2.1050034999917378E-6,3.5465212230257323E-2,0.61974961500371795,0,1.1076491296538458,55.104524537786091,0.89607998923007037,56.000604527016165,0.23981099845386211,4.3282072442916153E-2,-7.7873526643765789E-3,0.2695651736154871,0.27530571823240169]
[100,0.43484425592857695,0.71968228130717171,9.6897930214565248E-2,22.107956369736577,6.44880566769305E-2,23.546096449347882,6.6961469298752867,0.85264799728597551,2.682568696609843E-7,1.772796330960211E-6,3.5692221964811401E-2,0.61393433469810443,0,1.1022238068092585,55.382270414594345,0.88834226030398744,56.270612674898331,0.23502657628824153,4.271930052001327E-2,-7.7377289260829318E-3,0.26722279281318323,0.27000814788217187]
[100,0,0,0,0,0,0,0,2.1040724647362894,22.172444694670375,3.6972498112199013,6.7318391518400977,0,0,0,0,34.705606122466662,34.705606122466662,0,0,0,0,-0.61393433469810443,20.951072217733572]
[0,2.0956201188307216E-3,0,0,0,0,9.9857402582026461E-5,0,2.1040724647362894,22.172444694670375,3.6972498112199013,6.7318391518400977,4.8573200832661479E-4,0,5.9409171191566047E-4,3.2753012416550237E-3,34.705606122466662,34.70888142370832,0,0,0,0,0,0]
[1,5.7410464030365491E-3,3.4091683329510866E-3,0,4.9296828742363529E-3,0,4.9677991310089311E-4,1.5350715265741136E-4,1.472575532321712,18.242283517171103,3.1137577205927212,4.9657380880553861,4.009913158165436E-3,0,1.470469427082035E-3,2.0210567261229762E-2,27.794354858140924,27.814565425402154,1.3257577717078511E-2,3.6776883024962331E-3,-6.9112512643257382,6.9103267964123196,-6.8943159983061637]
[2,3.7364430358020423E-2,9.2941941072782058E-3,4.1901574373482266E-4,2.5133825224347532E-2,1.1760822200433421E-18,3.1120618314934784E-3,1.1530425184997878E-3,1.0289324493455529,15.008760310532811,2.6223511089589504,3.6629750977958353,2.5385884519060355E-2,0,6.4690521143571933E-3,0.10833150641679182,22.32301896663315,22.431350473049946,6.5745432428824746E-2,2.2375506726737295E-2,-5.4713358915077741,5.469011721210336,-5.3832149523522119]
[3,8.8512873565111935E-2,5.9812054492203857E-2,1.0481959678941726E-3,5.7057305023190744E-2,7.2232530857371339E-15,9.7688933649389617E-3,3.638184237254032E-3,0.70652732151279318,12.348392998441748,2.2084972421519087,2.7019945022271088,5.3397277024286323E-2,0,1.6048711133904731E-2,0.28928349480879195,17.965412064333556,18.254695559142348,0.15045545416801998,3.0496534223980212E-2,-4.3576069022995938,4.3435665953037406,-4.1766549139075932]
[4,0.14627267660509644,0.13675388127515742,4.6049230046377766E-3,9.7230090001113489E-2,9.6860933661458582E-13,2.2101791928126096E-2,8.0824230318727076E-3,0.46457374743261237,10.159587233660876,1.8599569111585874,1.9931315105131977,8.3638211954552358E-2,0,2.9196538754156998E-2,0.5278805365556819,14.477249402765274,15.005129939320955,0.20391186802200525,3.4685173724884708E-2,-3.4881626615682819,3.4579557664826526,-3.249565619821392]
[5,0.79244357055972658,0.21251534450701812,0,0.32877013115926323,1.0200857063080528E-10,9.8394806261276335E-2,3.4385464366149261E-2,0.30297871716965658,8.3587567039201041,1.5664224728647591,1.4702570252202076,0.53467735382313375,0,0.10003651774684853,2.1012231885254242,11.698414919174729,13.799638107700153,1.0960004687668845,0.47734218320285798,-2.7788344835905452,2.7564927013885052,-1.2054918316208028]
[6,1.1833885796791204,1.1513183617643883,0,0.65735344103391369,3.7697486385060833E-8,0.23818556242289973,8.059233450696876E-2,-4.3846503801927783E-2,6.8771311302725993,1.3192130144387719,1.0846029885016368,0.67367254926010489,0,0.19673969959009791,4.1812505659549801,9.2371006294110796,13.418351195366059,1.8948253118517655,0.18520206557779062,-2.4613142897636493,2.205357762187325,-0.38128691233409295]
[7,1.4026807892753608,1.8181359681779679,8.9669989450607807E-2,1.054570964505039,1.1246261660472101E-6,0.44102846678054808,0.14507588952396919,-0.34346631590228444,5.6581300614700289,1.1110176262230416,0.80019527919581057,0.938363208128416,0,0.30438670442562266,6.1939131048936975,7.2258766509865975,13.419789755880293,1.6834883250534056,0.32917421388531143,-2.0112239784244821,1.6986021449402162,1.4385605142348545E-3]
[8,1.4924880509689709,2.2420789705569648,0.21332075572119191,1.5054782062545851,1.1028892316099516E-5,0.70334188446601786,0.22563240588138478,-3.3927704693172522E-2,4.6552021745791299,0.93567919075101869,0.59049672126309183,1.0912486413341849,0,0.41578538074177268,7.8893853248173889,6.1474503819000681,14.036835706717458,1.4620302703605068,0.23344194956318454,-1.0784262690865294,1.2852640432840516,0.61704595083716196]
[9,1.5106339856690734,2.4148229029985147,0.27925891871805214,1.9995057642563858,5.8806301378689073E-5,1.0204189164875568,0.32014218304851494,0.51427245901358987,3.8300475688563407,0.78801229372100146,0.43593048404017282,1.227517179948693,0,0.52813873803159794,9.3004973954597698,5.5682628056311048,14.868760201090874,1.1803337548607411,0.23077831578163832,-0.57918757626896333,1.1175707564612238,0.83192449437341609]
[10,1.4971832294053988,2.4568376755415882,0.30872385380846867,2.5275972576581687,2.1459330505586169E-4,1.3872496578521605,0.42674775206405868,1.0950128474851533,3.151155165678404,0.66364987187223901,0.3220537796612552,1.319841712185323,0,0.64032566880858111,10.564721400628802,5.2318716646970511,15.796593065325853,1.065293903916861,0.19893010125217381,-0.33639114093405365,1.071744408053295,0.92783286423498113]
[11,1.474354714790207,2.4414149195636292,0.31840894632812666,3.0819401682609455,6.0674051955456564E-4,1.7988942243406481,0.54387473592526114,1.5896825274627588,2.5925993606253668,0.55891406256661202,0.23821092163369256,1.4065443297858944,0,0.75164290064784534,11.817681680162112,4.9794068722884299,16.797088552450543,1.0491306780715348,0.20382960146177376,-0.25246479240862119,1.0759484692053429,1.0004954871246874]
[12,1.4525253738895039,2.407872865675845,0.31895102749124737,3.6560898199275655,1.4316059796620922E-3,2.2506575818808989,0.67019866522361982,1.9610527398707791,2.1330499741570139,0.47070743561426132,0.17653985571554204,1.4786523312711306,0,0.86142109147717683,13.097800362816649,4.7413500053575959,17.839150368174245,1.0816867518709437,0.19843193078359467,-0.23805686693083405,1.0866648858582493,1.0420618157237043]
[13,1.4355834609873364,2.3745084784631887,0.31617193309619473,4.2448993420535244,2.9560963270533589E-3,2.7381674663556232,0.80459874169173684,2.2164741242848853,1.7549576927897359,0.3964213906608362,0.1312393720472908,1.5455984572156192,0,0.96898940961229252,14.431473385802571,4.4990925797827481,18.93056596558532,1.132326820573315,0.20134620241260581,-0.24225742557484775,1.0864042108965748,1.0914155974110731]
[14,1.4242873175174677,2.3483268183622648,0.31286149767109334,4.8442678605120939,5.51493977799721E-3,3.2574015499519406,0.94611518863482225,2.3802600452094289,1.4438838943279082,0.33385901110398786,9.8028580604200499E-2,1.6051556985641322,0,1.0737271904269945,15.817658061418808,4.2560315312455259,20.073689592664334,1.1851109873246379,0.20107368829159844,-0.24306104853722221,1.0723250423319377,1.1431236270790142]
[15,1.4180744349992773,2.3309033834046975,0.31016146080444829,5.450824396507743,9.5041785404477008E-3,3.80468726396923,1.0939152072224647,2.4787598148641683,1.1879492644551797,0.28117009304045198,7.3748195207613554E-2,1.6597965144143398,0,1.1751098787116154,17.252976718574264,4.0216273675674135,21.274604086141679,1.2328778227176063,0.2024408344378501,-0.23440416367811245,1.0476847714315234,1.2009144934773439]
[16,1.4159469953108863,2.3215011225558508,0.3084060024510995,6.0616302326719023,1.537125138720268E-2,4.3766871004157766,1.2472674695163759,2.534223419919627,0.97738014840624809,0.23679642780632473,5.6066415193890287E-2,1.7091123070711882,0,1.2727300215419608,18.728652502922245,3.8044664113260902,22.533118914248334,1.2730077293972215,0.20266805495075957,-0.21716095624132326,1.0171535644967569,1.2585148281066578]
[16,0.59635755306252158,0.977751803891031,0.12989204368568194,2.5529903203278659,6.4739442190549093E-3,1.8433390645044494,0.52531442108958037,4.8760761395982293,4.4949173679184327,3.5068359443611747,0.77801946362068586,0.71983064106875649,0,0.53603854089843739,7.8879883327473781,13.655848915498522,21.543837248245904,0,0,0,0,-0.98928166600243173,0]
[17,0.55151472649189925,0.97652669832748384,0.12954094816429346,2.7975718592913221,5.3382925441690689E-3,2.0748297935571056,0.5871053820568618,3.7468761587010464,3.6981739335010912,2.9533945646490749,0.57470037037090604,0.65937796460781994,0,0.57038788911573479,8.3521935541566901,10.973145027222118,19.325338581378809,0.46286693690296676,1.3382845063449889E-3,-2.6827038882764036,3.0156164960694598,-2.2184986668670916]
[18,0.66963458268446208,0.90326938155248615,0.12951214285644425,3.0931284562229298,4.3475091464037757E-3,2.3624208429463591,0.66324846605742682,2.9734455048474007,3.0426566993289197,2.4872961247372083,0.42482720330258034,0.91959839332174864,0,0.61595751972321666,9.3611172945114767,8.9282255322161088,18.289342826727587,0.67256022764029222,0.3363635127144935,-2.0449194950060097,2.3952950136169471,-1.035995754651224]
[19,0.67040720394990638,1.0968901228822918,0.11989382045507085,3.3927303281035979,3.578746238728395E-3,2.6597083730885371,0.74168302715533074,2.3744388797056772,2.5033327140475405,2.0947563478934743,0.31439178890679981,0.82413679576923926,0,0.65964454759032565,10.168672965233029,7.2869197305534925,17.455592695786518,0.82458270717615711,-1.7027036454605238E-2,-1.6413058016626163,1.9344333180415683,-0.83375013094106443]
[20,0.67672067910807354,1.0982874089576582,0.14568873139943339,3.6957743355543524,2.9910697961021311E-3,2.9654059136368387,0.82212350567759107,1.9262703675534671,2.0596062245874753,1.7641663625812207,0.23305128236074318,0.90270090367415712,0,0.70136206114814403,11.011054608952351,5.9830942370829066,16.994148846035259,0.68337705729214449,0.15900458642717807,-1.303825493470586,1.5683961351557549,-0.4614438497512634]
[21,0.68233745579725369,1.108738446457638,0.14595185045392911,4.0017423276619004,2.5537019531050968E-3,3.2783509549680967,0.90431276503626135,1.7152369264573526,1.69453216368542,1.4857493846445791,0.1731757967975352,0.89072055254213356,0,0.74106759131303068,11.755775646183348,5.0686942715848868,16.824469917768237,0.67451212900435209,7.0208908226646605E-2,-0.91439996549801972,1.2819187462984476,-0.16967892826702102]
[22,0.68750061801529994,1.1180307171715813,0.14740531745951849,4.3101779501868549,2.2436075486733432E-3,3.5974932073885886,0.98801873926373096,1.5662872869487607,1.3941690501248707,1.2512715811800974,0.12913670495570134,0.92079145484694436,0,0.77875277795381492,12.550414389835005,4.3408646232094306,16.891279013044436,0.68086186711937557,0.11377687653228064,-0.72782964837545627,1.0943153627978837,6.6809095276199937E-2]
[23,0.69215170114052593,1.1265660885735127,0.14869513925791891,4.6206708859280203,2.0436766821058231E-3,3.921883602279626,1.073031589051558,1.4658967996296794,1.1470465901920301,1.0537985652563358,9.6781650596916624E-2,0.9268780084140793,0,0.81443496200146337,13.326355653328809,3.7635236056749619,17.089879259003769,0.68484186013884241,9.1099403354961916E-2,-0.57734101753446865,0.94787732448249873,0.19860024595933568]
[24,0.6962663743836589,1.1342514506163111,0.14987659410600446,4.9328461665382219,1.941340871816819E-3,4.2506642000191448,1.1591612680465517,1.3990711543936794,0.94372764906330342,0.88749032011818463,7.3047286649970733E-2,0.942246838895754,0,0.84815046815181805,14.115404701629281,3.3033364102251381,17.41874111185442,0.68755053882380324,0.1014985094766685,-0.46018719544982378,0.8343345090423816,0.32886185285064795]
[25,0.69983394625871609,1.141048952013584,0.1509387108887815,5.246356892874009,1.9275083949344056E-3,4.5830590421282515,1.2462354223118763,1.3555318154927556,0.77644786464815541,0.74742848801647899,5.5673607797677396E-2,0.95048914013726238,0,0.87994930952665862,14.899838924534075,2.9350817759550676,17.834920700489139,0.68911776739795982,9.5316455506832654E-2,-0.36825463427007055,0.74579514894265808,0.41617958863472193]
[26,0.70285495789320473,1.1469426166834986,0.15187753461521192,5.5608792228507129,1.9957373002568038E-3,4.9183659192351543,1.3340975633185701,1.3280307033801431,0.63881914142820762,0.62947091594667315,4.2993224542273265E-2,0.96001670983412435,0,0.90989105651555313,15.686921318246286,2.6393139852972971,18.32623530354358,0.68969268300865672,9.7389710703556176E-2,-0.29576779065777048,0.67643347100805851,0.49131460305444241]
[27,0.70533835817218593,1.1519345321287815,0.15269178029774097,5.8761088589680064,2.1415874358634438E-3,5.2559489946023472,1.4226054682809639,1.3114688874465634,0.525585701288517,0.53012915666924332,3.3775918181414732E-2,0.96681321368343642,0,0.9380416419947033,16.471624435564031,2.4009596635857386,18.872584099149769,0.68939870850603668,9.5304408811705876E-2,-0.23835432171155846,0.62185382480360862,0.5463487956061841]
[28,0.70729922280926216,1.1560403113292474,0.15338238976847904,6.1917585265709043,2.3621088655481136E-3,5.5952322098329113,1.511629771721178,1.3022620959493048,0.43242337538814485,0.44646530225814551,2.7113974056733554E-2,0.97306090516870225,0,0.96447091068072821,17.255236356746959,2.2082647476523287,19.463501104399285,0.68833992625745033,9.5271994925479664E-2,-0.19269491593340993,0.57872320781602959,0.59091700524952007]
[29,0.70875693057005418,1.1592854186809254,0.15395197265625093,6.5075561095951597,2.6554354079926308E-3,5.9356933963955303,1.6010527196321176,1.297894952851971,0.35577447240983723,0.3760050991589271,2.2337595178849711E-2,0.97782813548295411,0,0.98925075488830505,18.036030873309294,2.0520121195995848,20.088042992908878,0.68660433833713874,9.4190178225191712E-2,-0.15625262805274387,0.54449917349390875,0.62454188850958658]
[30,0.70973373446119936,1.1617022267440138,0.15440434938491682,6.8232432277240012,3.0204601524536634E-3,6.2768590189694837,1.6907670631924558,1.2966068604483438,0.29271191712261946,0.3166647752433156,1.8952504899209546E-2,0.98172695935003862,0,1.0124537095841308,18.813910749562694,1.9249360577134884,20.738846807276182,0.68426670882598195,9.3613167427422539E-2,-0.12707606188609644,0.51723106629345805,0.65080381436730805]
[31,0.71025365949143526,1.1633277076977238,0.15474418256765429,7.1385741159202087,3.4565756557612629E-3,6.6182994815938816,1.7806750731993715,1.2971704317485342,0.24082747096845999,0.26668941486220482,1.6593917563391097E-2,0.98458535652867218,0,1.0341519055103285,19.588068058165035,1.82128123514259,21.409349293307624,0.68139090141679404,9.2766407185549404E-2,-0.10365482257089842,0.49541388342268866,0.67050248603144502]
[32,0.71034166411060795,1.1642016512505735,0.1549766867204162,7.4533147172958536,3.9634657732740813E-3,6.9596249336873903,1.8706876596107438,1.2987350398207942,0.19813976603066918,0.22460105941652733,1.4992583212488142E-2,0.98661217592173711,0,1.0544163003924947,20.358139254763095,1.7364684484804789,22.094607703243575,0.67803179079361442,9.2039405804436925E-2,-8.4812786662111117E-2,0.47788025822057739,0.68525840993594023]
[33,0.71002301112027666,1.1643653085036645,0.155107403707165,7.7672419323324347,4.5409391821972693E-3,7.3004815193442516,1.9607235831014889,1.3007162380574384,0.16301864037691088,0.18915499858549348,1.3949738890070663E-2,0.98781559499614857,0,1.07331612536369,21.123615417651319,1.6668396159099135,22.790455033561233,0.67423682032307042,9.1239342565156534E-2,-6.9628832570565402E-2,0.46372017302533974,0.69584733031766155]
[34,0.70932280306834916,1.1638603746822287,0.15514203177880442,8.0801429877501896,5.1887969417656809E-3,7.6405480194597066,2.0507087475305177,1.3027175297704154,0.13412288528807062,0.1593029595800971,1.3318630070351802E-2,0.98829477006881006,0,1.0909184973634491,21.884127028643821,1.6094620047089352,23.493589033352755,0.67004727149081589,9.0464339501690638E-2,-5.7377611200978285E-2,0.45222093793554358,0.70313399979152824]
[35,0.70826564564712025,1.162728238218004,0.15508629746933905,8.3918149009891607,5.9067281285988243E-3,7.9795328419680613,2.14057556381991,1.3044749761031555,0.11034902705853271,0.13416210579023141,1.2990878681576536E-2,0.98809481259769005,0,1.1072881590371211,22.639293187875005,1.5619769876334961,24.201270175508501,0.66549930041291105,8.9666858818271855E-2,-4.7485017075439062E-2,0.44282205400644775,0.70768114215574385]
[36,0.7068754099582566,1.1610094372445758,0.15494586129458798,8.7020640240482905,6.6942288486246315E-3,8.3171713206942535,2.2302623770612824,1.3058179448137217,9.0789187442628344E-2,0.11298892799928906,1.2886426349399124E-2,0.98728004085020848,0,1.1224873161238687,23.388790016123949,1.5224824866050382,24.911272502728988,0.66062478675505076,8.8872041493891274E-2,-3.9494501028457973E-2,0.43508106515040346,0.71000232722048406]
[37,0.7051750706101807,1.1587432763581,0.1547262498319498,9.0107056551263316,7.5505408749682399E-3,8.6532232879993174,2.3197129497530753,1.3066412786911048,7.4696413518177393E-2,9.5157256031666124E-2,1.2946115015854191E-2,0.98589803011143384,0,1.1365755489529885,24.132310609618344,1.4894410632568025,25.621751672875146,0.65545203154138321,8.8068561953018154E-2,-3.3041423348235677E-2,0.42864756664129811,0.71047917014616568]
[38,0.7031866015742998,1.1559675663268278,0.1544328082093569,9.3175637092863521,8.4746068774038605E-3,8.9874708905590133,2.4088759949859186,1.3068855519584188,6.1456152980820487E-2,8.0139740555225325E-2,1.3126213120230115E-2,0.98399820651792436,0,1.1496097798547862,24.869580164191881,1.4616076586146947,26.331187822806577,0.65000633293419696,8.7263221639333644E-2,-2.7833404642107817E-2,0.42324330216541162,0.70943614993142279]
[39,0.70093091569070676,1.1527184574453777,0.15407066825692184,9.6224704409701864,9.4650397537183479E-3,9.3197166212852682,2.4977047541662434,1.3065230611384289,5.0562785565104962E-2,6.7492257386253418E-2,1.33943770141789E-2,0.98162311485482179,0,1.1616442823443762,25.600344294767623,1.4379724811039662,27.038316775871589,0.64431046305852036,8.6453667517222499E-2,-2.3635177510728411E-2,0.41864683214768211,0.70712895306501444]
[40,0.69842783686340759,1.1490303436432034,0.15364472858274097,9.9252662121001674,1.052010399066643E-2,9.649781543629647,2.5861566145287105,1.3055478860389913,4.1600314372112757E-2,5.6840773073793885E-2,1.3726671157906205E-2,0.97881329974853271,0,1.1727307211015963,26.324371404188675,1.4177156446428041,27.742087048831475,0.63838506416487206,8.5642045256177912E-2,-2.0256836461162164E-2,0.41468165462452039,0.70377027295988781]
[41,0.69569609645483599,1.1449358195588084,0.15315964364633966,10.225799300019023,1.1637707304367801E-2,9.9775036873385918,2.674192762254874,1.3039688425925031,3.4226479742305679E-2,4.7870283329485799E-2,1.410536939798061E-2,0.97560533424860985,0,1.1829182142413872,27.041448565066837,1.4001709750622753,28.441619540129114,0.63224897865192276,8.4828182226240667E-2,-1.7544669580528804E-2,0.41120694946332065,0.69953249129763462]
[42,0.69275334733381522,1.1404656767958519,0.15261981955237072,10.523925739824946,1.281540106086493E-2,10.302736597211524,2.7617778675058173,1.301804492451738,2.8159689012729125E-2,4.0315497170846162E-2,1.4517332474001004E-2,0.97203323271550368,0,1.1922534112992014,27.751381093299894,1.3847970111093144,29.136178104409204,0.62591952451522204,8.4013003717837265E-2,-1.5373963952960867E-2,0.40811032795569696,0.69455856428009843]
[43,0.68961619054073453,1.1356489287325988,0.15202941479839938,10.819509195867257,1.4050388174800681E-2,10.625348018582571,2.8488797981015885,1.2990796167692724,2.3168263030961617E-2,3.3952991273218013E-2,1.4952810637643164E-2,0.96812813310128754,0,1.2007805818635195,28.453990649762755,1.371153681711095,29.825144331473847,0.61941272548130399,8.3196830981554726E-2,-1.3643329398219439E-2,0.40530212460914983,0.68896622706463928]
[44,0.68630021071631309,1.1305128557071156,0.15139234461455406,11.112420857348317,1.5339537341049437E-2,10.945218705146814,2.9354693589508978,1.295822733163404,1.9061588770713535E-2,2.8594602505184058E-2,1.5404559906965692E-2,0.96391880948041631,0,1.2085417109654077,29.149114390270881,1.3588834843462672,30.50799787461715,0.61274350327969529,8.2380237228438347E-2,-1.2270197364827817E-2,0.40271088195063992,0.68285354314330582]
[45,0.68282001735615139,1.1250830643215375,0.15071228784714888,11.402539353165986,1.667940258059834E-2,11.262241336414716,3.0215200546584411,1.2920643563946936,1.5682840184360228E-2,2.408186323996845E-2,1.586718971953233E-2,0.95943173753192856,0,1.2155765982551716,29.836603852131681,1.3476962495385547,31.184300101670235,0.6059258381017365,8.1563623759055126E-2,-1.1187234807712443E-2,0.40027976351869521,0.67630222705307919]
[46,0.67918928966396741,1.1193835560967687,0.14999269558514317,11.689750681346743,1.8066247185575129E-2,11.576319533533912,3.107007873020915,1.2878357894416843,1.290298931566853E-2,2.0281314874141167E-2,1.6336681317913236E-2,0.95469135452719089,0,1.2219229587146994,30.516324189674915,1.3373567749494073,31.853680964624321,0.5989729021854977,8.0747435357736208E-2,-1.0339474589147413E-2,0.39796369299218393,0.6693808629540865]
[47,0.67542082333033715,1.1134368018638607,0.14923680091960595,11.973948148672807,1.9496071234829167E-2,11.887366963494912,3.1919110873723384,1.2831682928399699,1.0615878968548449E-2,1.7080560956818997E-2,1.6810032112767666E-2,0.94972019571442912,0,1.2276165232151124,31.188153415818235,1.3276747648781051,32.515828180696339,0.59189717060465696,7.9932055538662006E-2,-9.682010071302205E-3,0.39572706436783495,0.66214721607201676]
[48,0.67152657798795756,1.1072638191786701,0.14844762937492276,12.255032316395852,2.0964641925273354E-2,12.195306522856168,3.2762100759587125,1.2780925236349914,8.7341687664592334E-3,1.4384943205609776E-2,1.7284993006422139E-2,0.94453906859551851,0,1.2326911376666536,31.851981789939725,1.3184966286134825,33.170478418553209,0.58471051265403062,7.911786146746369E-2,-9.178136264622605E-3,0.39354190343942036,0.65465023785687171]
[49,0.667517724425569,1.100884250735799,0.14762800966634929,12.532910948254321,2.2467526028684317E-2,12.500069593107977,3.3598871567157924,1.2726381662554838,7.1859997902201838E-3,1.2114742106640736E-2,1.7759874318579578E-2,0.93916718657582221,0,1.2371788598483453,32.507711255358657,1.3096987824709243,33.817410037829582,0.57742426668155034,7.8305198737383286E-2,-8.7978461425581855E-3,0.39138638758098043,0.64693161927637544]
[50,0.66340469089584364,1.0943164422959994,0.14678058452719955,12.807498957364905,2.4000123841411848E-2,12.801595360659281,3.4429264359948242,1.2668336996845495,5.9122504231136378E-3,1.0202819309928069E-2,1.8233402343280931E-2,0.93362230327408102,0,1.2411100532694967,33.155254952123045,1.3011821717608723,34.456437123883923,0.57004930078709393,7.7494395977290687E-2,-8.5166107100520527E-3,0.38924365120466919,0.63902708605433256]
[51,0.65919720804741577,1.0875775190526185,0.14590782141817923,13.078718348934558,2.5557704047434283E-2,13.099830195192798,3.5253136699325789,1.2607062610613466,4.8642786092450412E-3,8.5926320968879467E-3,1.870461327827894E-2,0.92792082868908521,0,1.2445134776200686,33.794536772934734,1.2928677850457584,35.087404557980491,0.56259606145893315,7.6685759352758787E-2,-8.314386715113864E-3,0.387100819866188,0.63096743409657807]
[52,0.6549043521609953,1.0806834596792561,0.14501202298423493,13.346498156131643,2.7135438964894943E-2,13.39472708080514,3.6070361372962645,1.2542815771154325,4.0020643063183869E-3,7.2365612003560502E-3,1.9172774744114357E-2,0.92207793829425233,0,1.2474163755249881,34.42549096184166,1.2846929773662212,35.710183939207887,0.55507461193807828,7.5879576968852724E-2,-8.1748076795371549E-3,0.38494822801278678,0.62277938122739385]
[53,0.65053458648209372,1.0736491675440525,0.14409533716492151,13.610774366854841,2.8728439693734079E-2,13.686245094940885,3.6880825227530192,1.2475839429070836,3.292681196645829E-3,6.0945025244901405E-3,1.9637327674588308E-2,0.91610767103405499,0,1.249844555438784,35.048061741906388,1.2766084543028078,36.324670196209198,0.54749466186816065,7.5076118196557573E-2,-8.0845230634134513E-3,0.38277878468710452,0.61448625700130477]
[54,0.64609580052978566,1.066488538758787,0.1431597668954662,13.871489839540558,3.0331790728063138E-2,13.974348930653218,3.7684428096196165,1.2406362331385856,2.7090392939534353E-3,5.1326811164381777E-3,2.0097843252191529E-2,0.91002301960239285,0,1.2518224706093164,35.662202966937201,1.2685757968011688,36.930778763738374,0.53986558959588038,7.4275635434934983E-2,-8.0326575016389512E-3,0.38058745876320249,0.60610856752917641]
[55,0.64159534732529755,1.0592145268719679,0.14220717935906579,14.128594206546774,3.1940583642004736E-2,14.25900845818736,3.8481081812423272,1.2334599354640996,2.2288504285381994E-3,4.3226523144717218E-3,2.0553990957769663E-2,0.90383601254838564,0,1.2533732941091387,36.267877789832326,1.2605654291648791,37.528443218997204,0.5321964583264176,7.3478364568703824E-2,-8.0103676362897058E-3,0.37837086098363376,0.59766445525883172]
[56,0.63704007853078448,1.0518392041194333,0.1412393147689355,14.382043764036858,3.3549949502109461E-2,14.540198322293122,3.9270709302407059,1.2260751982216314,1.8337771046300316E-3,3.6404605327935136E-3,2.1005514833436569E-2,0.8975577895505088,0,1.2545189899849269,36.865058343027385,1.2525549506924913,38.11761329371987,0.52449602719456223,7.268452600050157E-2,-8.0104784723877831E-3,0.37612690455105774,0.58917007472267602]
[57,0.63243637752655835,1.0443738192213972,0.1402577946718857,14.631801347657191,3.5155089703310702E-2,14.817897572038273,4.0053243749242444,1.2185008871721821,1.5087322264467819E-3,3.0659308051350638E-3,2.1452215817478137E-2,0.89119867019988863,0,1.2552803806135773,37.453725426556325,1.2445277660212422,38.698253192577567,0.51677275819601931,7.1894325332918285E-2,-8.0271846712491879E-3,0.37385452957817961,0.58063989885768841]
[58,0.6277901904768689,1.0368288517762105,0.13926412977471245,14.877836193650648,3.6751304968600323E-2,15.092089320217479,4.0828627822575738,1.2107546473903179,1.2413029508176277E-3,2.5820721354347679E-3,2.1893938570542129E-2,0.88476821702968678,0,1.2556772103806859,38.033868200532467,1.2364719610471124,39.270340161579576,0.50903481981301724,7.1107954163127651E-2,-8.0558049741297211E-3,0.37155347952388956,0.57208696900201517]
[59,0.62310705545409339,1.0292140633363054,0.13825972730243188,15.12012378537159,3.8334022295118113E-2,15.362760429740018,4.1596812968098185,1.2028529675780273,1.0212766644067573E-3,2.1745750104412275E-3,2.2330561626025348E-2,0.87827529324547249,0,1.2557282058159256,38.605483879370773,1.2283793808789005,39.833863260249679,0.5012900880702702,7.0325590768030466E-2,-8.0925801682119047E-3,0.36922411999865012,0.56352309867008876]
[60,0.61839212970235546,1.0215385452836183,0.13724589790171085,15.358645685463648,3.9898819670904424E-2,15.629901224636393,4.2357758751773193,1.1948112448907289,8.4025098351275145E-4,1.8313882138072939E-3,2.2761990002766401E-2,0.87172811567216624,0,1.2554511323320514,39.168577425840162,1.2202448740908154,40.388822299930979,0.49354614567519661,6.9547400794194303E-2,-8.1345067880851385E-3,0.36686729213068775,0.55495903968130578]
[61,0.61365021512858975,1.0138107636396909,0.13622386210679902,15.593389354226034,4.1441448426900666E-2,15.893505223552804,4.311143225416977,1.1866438489530062,6.913128830807688E-4,1.5423624264824683E-3,2.3188149643401056E-2,0.86513430333063845,0,1.2548628477214168,39.72316124354986,1.2120656739059705,40.935226917455829,0.48581027981156666,6.8773537898129788E-2,-8.1792001848448592E-3,0.36448419414021205,0.54640461752485159]
[62,0.60888578211314837,1.0060386009567444,0.13519475638739492,15.824347954926504,4.2957853127599151E-2,16.153568893807122,4.3857807510705324,1.1783641841695742,5.6877470147726644E-4,1.2989500733322963E-3,2.3608983207950299E-2,0.85850092204404405,0,1.2539793525671832,40.269254867000278,1.203840892152334,41.473095759152613,0.478089479083458,6.8004144366961228E-2,-8.2247817536365009E-3,0.36207628594328944,0.53786884169678273]
[63,0.60410299173295157,0.99822939544241107,0.13415963879916079,16.051520147017943,4.4444188940724737E-2,16.410091424262731,4.4596864993987708,1.1699847497455522,4.6795693955374649E-4,1.0939525393250083E-3,2.4024446874916488E-2,0.85183452542149929,0,1.2528158377267609,40.806884648742951,1.1955711060993475,42.002455754842302,0.47039043003698566,6.7239351705693728E-2,-8.2697860529865608E-3,0.35964521255849086,0.52935999568969283]
[64,0.59930571649127273,0.99038997747205759,0.13311949425827091,16.274909868381368,4.5896836461196376E-2,16.663074515440965,4.5328591134795975,1.1615171970524605,3.8500955951055319E-4,9.213072795211945E-4,2.4434507892729079E-2,0.84514119254366005,0,1.2513867290432361,41.336083443571617,1.1872580217842212,42.523341465355834,0.46271951362567876,6.6479281202987295E-2,-8.313084315126229E-3,0.35719274286161301,0.52088571051353982]
[65,0.59449755964435869,0.98252670364418881,0.1320752394614039,16.494526107850042,4.7312413997039282E-2,16.912522185439375,4.6052977878551085,1.152972384135319,3.1676495930558839E-4,7.7590852691148391E-4,2.4839142691260332E-2,0.83842656263519477,0,1.2497057294370615,41.856890289963765,1.1789042003127965,43.035794490276565,0.45508280192510142,6.5724044467045495E-2,-8.3538214714247161E-3,0.35472072086199874,0.5124530249207222]
[66,0.58968187321320542,0.97464548852789556,0.13102772747267205,16.710382669369384,4.8687787354683744E-2,17.158440590354726,4.6770022274410241,1.1443604272701866,2.6061700798138426E-4,6.5345629576141792E-4,2.5238335412507008E-2,0.83169586698813081,0,1.2477858585256882,42.369350089247405,1.1705128359864363,43.539862925233841,0.44748605534478969,6.4973743938852024E-2,-8.3913643263602289E-3,0.35223102718597415,0.50406843495728149]
[67,0.58486177476693202,0.96675183424804745,0.12997775199800343,16.922497929217123,5.0020077188005288E-2,17.400837858028993,4.7479726094374888,1.1356907495627004,2.144215225006759E-4,5.5032921492683459E-4,2.5632076756019764E-2,0.82495395837555663,0,1.2456394899134591,42.873513283173615,1.1620875770561478,44.035600860229756,0.4399347205423112,6.4228473383890261E-2,-8.4252589302884484E-3,0.34972554887124252,0.49573793499591301]
[68,0.58004016305659811,0.95885085805075942,0.12892605136697832,17.130894587747733,5.1306663999295524E-2,17.639723934042038,4.8182095480029403,1.126972126632217,1.7641438549088073E-4,4.6347743034457433E-4,2.6020363061606648E-2,0.81820533816564789,0,1.243278386288061,43.369435530720054,1.1536323815096592,44.523067912229713,0.43243392919089985,6.348831835554325E-2,-8.4551955464886586E-3,0.34720615591846005,0.48746705199995444]
[69,0.57521973257864389,0.95094731797907039,0.12787331224161094,17.335599417139527,5.2545190901121683E-2,17.875110438971685,4.8877140614737939,1.1182127294655002,1.4514417697051359E-4,3.9033240942400009E-4,2.6403195571760268E-2,0.81145418133829794,0,1.2407137324536603,43.857177385077414,1.145151401623655,45.002328786701064,0.42498849771385494,6.2753356643503011E-2,-8.4809798860041585E-3,0.34467468332584283,0.47926087447135379]
[70,0.57040298713974413,0.94304563678925535,0.12682017306983467,17.536643006611925,5.3733564265577231E-2,18.107010536028174,4.9564875419313594,1.1094201645488611,1.1941674739182063E-4,3.2873097991734562E-4,2.6780579830986761E-2,0.80470435957660169,0,1.237956166424397,44.336803971836872,1.1366488921071571,45.473452863944019,0.41760292806358734,6.2023658695869344E-2,-8.5025095164978914E-3,0.34213291756274955,0.47112407724295879]
[71,0.56559225249100342,0.93514992422597643,0.12576722730145543,17.734059506548295,5.4869952401799545E-2,18.335438808247662,5.0245317269343373,1.1006015114016436,9.8249615349976649E-5,2.7685135681375947E-4,2.7152525190113245E-2,0.79795946259566097,0,1.2350158086954481,44.808384669441637,1.1281291375639204,45.936513807005554,0.41028140958272985,6.1299288022037324E-2,-8.5197545432367239E-3,0.33958258662665997,0.46306094306153045]
[72,0.5607896880979224,0.92726399776809942,0.12471502638265818,17.927886372909366,5.5952782413935885E-2,18.560411144501106,5.0918486732509027,1.0917633576450267,8.083444849444577E-5,2.3315926533267779E-4,2.7519044391718706E-2,0.79122281785881632,0,1.2319022898025818,45.271992792985394,1.1195963957505723,46.391589188735971,0.40302782196403797,6.0580301579721052E-2,-8.5327418133480659E-3,0.33702535298229053,0.45507538173041095]
[73,0.55599729810370624,0.91939140195447666,0.12366408254426625,18.118164113254885,5.6980735399954706E-2,18.781944633637547,5.1584407324380619,1.0829118317415296,6.6506194860158909E-5,1.9636256667163353E-4,2.7880153218811161E-2,0.78449750880763269,0,1.2286247762747813,45.7277052824153,1.1110548537218725,46.838760136137168,0.3958457392939394,5.9866750135975089E-2,-8.5415420286998334E-3,0.33446280880947432,0.44717094740121466]
[74,0.55121694154511169,0.91153542638443064,0.12261487139857788,18.304936035611988,5.7952740157146902E-2,19.000057466139818,5.2243105281289628,1.0740526335419167,5.4717685802994524E-5,1.6537304462190591E-4,2.8235870193306679E-2,0.77778639173608499,0,1.2251919950785661,46.175602396180693,1.1025085944656483,47.278110990646347,0.38873843514603124,5.9158678619353644E-2,-8.546259256224209E-3,0.33189647309026638,0.43935085450916067]
[75,0.54645034187107511,0.90369912249029016,0.12156783435763228,18.488248001337812,5.8867965562844252E-2,19.214768842722307,5.2894609349001618,1.0651910627741872,4.5018740674168748E-5,1.3927422293909952E-4,2.8586216314153843E-2,0.77109211141058731,0,1.2216122566467305,46.615767411299444,1.0939615720519544,47.709728983351397,0.38170888867304598,5.8456126445701528E-2,-8.5470224136938722E-3,0.32932779015198937,0.43161799270505363]
[76,0.54169909581489906,0.89588531916462122,0.12052338088608161,18.668148183026201,5.9725811799170983E-2,19.426098889348481,5.3538950586014646,1.0563320456041021,3.7038975280952793E-5,1.172942617077545E-4,2.8931214827405891E-2,0.76441711554459568,0,1.217893476578688,47.048286330764206,1.0854175936684967,48.133703924432702,0.37475979162945094,5.7759127835311119E-2,-8.5439783834577732E-3,0.326758129353654,0.42397494108130429]
[77,0.53696468166425471,0.88809663732563338,0.11948189059985909,18.844686828404317,6.0525900588649297E-2,19.634068578188689,5.4176162180404264,1.0474801593933933,3.047365762166254E-5,9.8783131143967274E-5,2.9270891022352835E-2,0.7577636682132658,0,1.2140431960942371,47.473247599119333,1.0768803072045119,48.550127906323844,0.36789355624749476,5.7067712107631507E-2,-8.5372864639847723E-3,0.32418878566088583,0.41642398189114149]
[78,0.53224846697266992,0.8803355034935284,0.11844371522192776,19.017916031058565,6.1268064603555127E-2,19.838699654078578,5.4806279279223924,1.0386396557743849,2.5072070752450441E-5,8.3193387779865403E-5,2.9605272049195049E-2,0.7511338622978424,0,1.2100686013175423,47.890741826966604,1.0683531932821122,48.959095020248718,0.36111232388073233,5.6381903966542524E-2,-8.5271139223996872E-3,0.32162098090274793,0.40896711392487517]
[79,0.52755171575141591,0.87260416244957284,0.11740918040494647,19.187889508720993,6.1952336206246073E-2,20.040014566073836,5.542933882954852,1.0298144821546713,2.0627938386005471E-5,7.0063984509704768E-5,2.9934386754758631E-2,0.74452963103278258,0,1.2059765414633119,48.300861525057961,1.0598395608323257,49.360701085890284,0.35441797432395106,5.5701723767399791E-2,-8.5136324497865346E-3,0.31905586554257903,0.40160606564156431]
[80,0.52287559517772886,0.86490468904185047,0.11637858743054459,19.354662389739769,6.2578935670549563E-2,20.238036403729303,5.6045379430320263,1.0210083017581495,1.6971547594059426E-5,5.9006635700009618E-5,3.025826553351425E-2,0.73795275872623201,0,1.2017735459925967,48.703700848540599,1.0513425454749579,49.755043394015559,0.34781213571201874,5.5027187770623875E-2,-8.4970153573677987E-3,0.31649452082749158,0.39434230812527482]
[81,0.51822118185507104,0.85723899919675828,0.11535221479383856,19.518291008252486,6.314825902601863E-2,20.432788837761006,5.6654441194224354,1.0122245123038647,1.3963267794751299E-5,4.9694334128990015E-5,3.0576940191736571E-2,0.73140489072119774,0,1.1974658408014265,49.099355351830248,1.042865110097525,50.142220461927778,0.34129619490426677,5.4358308385374698E-2,-8.4774353774328404E-3,0.31393796120729667,0.38717706791220863]
[82,0.51358946765554725,0.84960886019491133,0.11433031968116307,19.678832708478836,6.3660865657576157E-2,20.624296064775844,5.7256565618880551,1.0034662634163052,1.1488218527353713E-5,4.1851680158123294E-5,3.0890443823086644E-2,0.72488754265192801,0,1.1930593635014277,49.487921754485292,1.0344100471380773,50.522331801623373,0.33487130825869826,5.3695094396349674E-2,-8.4550629594477567E-3,0.31138713693573539,0.38011133969560018]
[83,0.50898136517381309,0.8420159002609402,0.11331313934891946,19.836345658451904,6.4117465783106273E-2,20.812582755778696,5.7851795466691778,0.99473647285508204,9.4518823868609899E-6,3.5246737133279093E-5,3.1198810694219689E-2,0.7184021090514271,0,1.1885597778477957,49.869497718365778,1.0259799821688218,50.895477700534599,0.32853841269987072,5.3037551180621811E-2,-8.4300649692554686E-3,0.30884293678416352,0.37314589891123706]
[84,0.50439771282101442,0.83446161751538861,0.11230089241022036,19.990888673415867,6.4518907921138541E-2,20.997674008189723,5.8440174652743879,0.98603784164752706,7.7764955847886233E-6,2.968417214909213E-5,3.1502076139280619E-2,0.71194987136127164,0,1.1839724873664945,50.244181636275506,1.0175773784545417,51.261759014730053,0.3222982369946692,5.2385680915055133E-2,-8.4026037142801435E-3,0.30630619081244603,0.36628131419544419]
[85,0.49983927958216134,0.82694738833558035,0.1112937800358204,20.142521049031657,6.4866166450017179E-2,21.179595301124561,5.9021748140194008,0.97737286819992852,6.3980782985938722E-6,2.4999479323292509E-5,3.1800276462348627E-2,0.70553200538462701,0,1.1793026482291837,50.61207243219301,1.0092045422198992,51.621276974412908,0.31615131314913469,5.1739482768367928E-2,-8.3728362346424667E-3,0.30377767315408793,0.35951795968286016]
[86,0.49530676946156066,0.81947447516391592,0.11029198707564844,20.291302404453294,6.5160329349168336E-2,21.358372453709574,5.959656184262963,0.9687438614591517,5.263991404432919E-6,2.1054114741577661E-5,3.2093448847039956E-2,0.69914958822861917,0,1.1745551814212938,50.97326937312603,1.0008636284123378,51.97413300153837,0.31009798784547371,5.10989530875543E-2,-8.340913807561412E-3,0.30125810478160281,0.3528560271254666]
[87,0.49080082563770033,0.81204403380403556,0.10929568310611898,20.43729253526514,6.5402586202345431E-2,21.534031586221587,6.016466253291882,0.96015295319185034,4.3309262895443918E-6,1.7731399195122796E-5,3.2381631272594927E-2,0.69280360477152525,0,1.1697347842457582,51.327871892546099,0.99255664678993005,52.320428539336028,0.30413843384823736,5.0464085571825024E-2,-8.3069816224077275E-3,0.2987481562263482,0.34629553779765465]
[88,0.48632203434680066,0.80465712023999114,0.1083050234086666,20.580551276204982,6.5594216532204472E-2,21.706599083856936,6.0726097758106734,0.95160210944224155,3.5632509790329729E-6,1.493306753933089E-5,3.2664862435881556E-2,0.6864949536894418,0,1.1648459412021597,51.675979425291857,0.98428546819664142,52.660264893488495,0.29827266130904917,4.9834871436708283E-2,-8.2711785932886306E-3,0.29624845023354934,0.33983635415246882]
[89,0.48187092851531199,0.79731469700998747,0.10732014988423215,20.721138373539961,6.5736578525429648E-2,21.876101562949898,6.1280915759948629,0.94309314122679644,2.9316494187933001E-6,1.2576362625435415E-5,3.294318167880806E-2,0.68022445307814883,0,1.1598929342785536,52.017691253776384,0.97605183091764869,52.993743084694039,0.29250052891163136,4.9211299572896827E-2,-8.2336372789927337E-3,0.29375956433790401,0.33347819120553546]
[90,0.4774479911572877,0.79001763916799295,0.10634119190794865,20.859113366910819,6.5831098197875068E-2,22.042565839473735,6.1829165400697974,0.93462771451877913,2.4120019513875404E-6,1.059158786162804E-5,3.3216628920709368E-2,0.67399284569558393,0,1.1548798526908095,52.353106365271856,0.96785734702930148,53.320963712301165,0.28682175480309979,4.8593356692369305E-2,-8.1944838883472038E-3,0.29128203334982267,0.32722062760712189]
[91,0.4730536585530104,0.78276673985938161,0.10536826712850071,20.99453548041572,6.5879259039992574E-2,22.206018899669395,6.23708960937965,0.92620735957186151,1.9844642323883172E-6,8.9200460237764894E-6,3.3485244595321019E-2,0.66780080385494212,0,1.1498106021021066,52.682323320002709,0.9597035086774387,53.642026828680144,0.28123592726164048,4.7981027469210957E-2,-8.1538383518627855E-3,0.28881635174528059,0.32106311637898866]
[92,0.46868832322421072,0.77556271553750333,0.10440148221568239,21.127463522666915,6.5882592174207305E-2,22.366487872658954,6.2906157739139168,0.91783347962975592,1.6327094127610895E-6,7.5123033586448891E-6,3.3749069591993003E-2,0.66164893399324909,0,1.1446889133531464,53.005440129737792,0.95159169423452028,53.957031823972308,0.27574251506250391,4.7374294672573924E-2,-8.1118144429184191E-3,0.28636297595493088,0.31500499529215942]
[93,0.46435233671908938,0.76840621084636496,0.10344093355976426,21.257955795521902,6.5842667047899553E-2,22.524000004910839,6.3435000662609937,0.90950735906383351,1.3433046476783429E-6,6.3267276426466758E-6,3.4008145200831993E-2,0.65553778093761261,0,1.1395183507317062,53.322554146536177,0.94352317429695576,54.266077320833126,0.27034087750695335,4.6773139291439669E-2,-8.0685199375645222E-3,0.28392232655060184,0.30904549686082849]
[94,0.46004601221999131,0.76129780319111839,0.10248670792605719,21.38607001116473,6.5761082678318539E-2,22.678582636433315,6.3957475559605861,0.90123017097844449,1.1051981218278679E-6,5.3282569610514161E-6,3.4262513061489988E-2,0.64946783189111124,0,1.1343023198083364,53.633761961273564,0.93549911749501735,54.569261078768584,0.26503027408429602,4.617754065309132E-2,-8.0240568019384062E-3,0.28149479032844194,0.30318375793544894]
[95,0.45576962698711143,0.75423800701745536,0.10153888306758732,21.511863217193152,6.5639459459124846E-2,22.830263178582477,6.4473633442288882,0.89300298432109826,9.0929700169125633E-7,4.4873627958348901E-6,3.4512215115346828E-2,0.64343952016078731,0,1.1290440748633577,53.939159311559948,0.9275205960962426,54.866679907656192,0.25980987374840225,4.5587476537978233E-2,-7.9785213987747516E-3,0.2790807222894976,0.29741882888760574]
[96,0.45152342464576234,0.74722727782186471,0.10059752829871932,21.63539172935095,6.547943153219124E-2,22.979069093377245,6.4983525590319129,0.8848267705307048,7.4812019759610492E-7,3.7791767567962107E-6,3.4757293560850201E-2,0.63745322863770126,0,1.1237467259286489,54.238840998624994,0.91958859138850935,55.158429590013512,0.25467876378510823,4.5002923279938933E-2,-7.9320047077332534E-3,0.27668044751957477,0.29174968235731391]
[97,0.44730761733237256,0.74026601590513263,9.9662705032673243E-2,21.756711071535214,6.5282639723077504E-2,23.1250278742238,6.5487203504845857,0.8767024097566114,6.1551267518780478E-7,3.1827551301101061E-6,3.4997790811803958E-2,0.63150929305959669,0,1.1184132454663638,54.532900812762811,0.91170399883622066,55.444604811599028,0.24963595826325502,4.4423855874567764E-2,-7.8845925522886828E-3,0.27429426297057624,0.2861752215855341]
[98,0.44312238770414114,0.73335456989397252,9.8734467284605137E-2,21.87587592270042,6.5050725033816273E-2,23.268167027956661,6.5984718865543481,0.86863069667736825,5.0641040642159581E-7,2.6804594942602858E-6,3.5233749458398425E-2,0.62560800505611391,0,1.1130464747052276,54.821431466889315,0.9038676330056673,55.72529909989499,0.24468040606021901,4.3850248066279462E-2,-7.8363658305533601E-3,0.27192243914664305,0.28069428829594512]
[99,0.43896789082388482,0.72649324003888405,9.7812862143584534E-2,21.992940070278749,6.4785322682653163E-2,23.408514058111113,6.6476123490496599,0.86061234594554326,4.1664698400213704E-7,2.2574350858470066E-6,3.5465212230813614E-2,0.61974961500371795,0,1.1076491296538458,55.104524537786091,0.8960802322584267,56.000604770044511,0.23981099845386211,4.3282072442916153E-2,-7.7874007472406026E-3,0.2695652216983514,0.27530567014953766]
[100,0.43484425592857695,0.71968228130717171,9.6897930214565248E-2,22.107956369736577,6.44880566769305E-2,23.546096449347882,6.6961469298752867,0.85264799728597651,3.427945142453418E-7,1.9011714885918859E-6,3.5692221965221746E-2,0.61393433469810443,0,1.1022238068092585,55.382270414594345,0.88834246321720101,56.270612877811544,0.23502657628824153,4.271930052001327E-2,-7.737769041225695E-3,0.26722283292832616,0.2700081077670291]
[100,0,0,0,0,0,0,0,2.1040724647362903,22.17244476920802,3.6972499395950571,6.7318391518405081,0,0,0,0,34.705606325379875,34.705606325379875,0,0,0,0,-0.61393433469810443,20.951072217733572]